NOAA-Style Climate Reports
Select a Year or Month report
2024: Jan Feb Mar Apr May Jun Jul Aug Sep Oct Nov Dec
2023: Jan Feb Mar Apr May Jun Jul Aug Sep Oct Nov Dec
2022: Jan Feb Mar Apr May Jun Jul Aug Sep Oct Nov Dec
2021: Jan Feb Mar Apr May Jun Jul Aug Sep Oct Nov Dec
2020: Jan Feb Mar Apr May Jun Jul Aug Sep Oct Nov Dec
2019: Jan Feb Mar Apr May Jun Jul Aug Sep Oct Nov Dec
2018: Jan Feb Mar Apr May Jun Jul Aug Sep Oct Nov Dec
2017: Jan Feb Mar Apr May Jun Jul Aug Sep Oct Nov Dec
2016: Jan Feb Mar Apr May Jun Jul Aug Sep Oct Nov Dec
2015: Jan Feb Mar Apr May Jun Jul Aug Sep Oct Nov Dec
2014: Jan Feb Mar Apr May Jun Jul Aug Sep Oct Nov Dec
2013: Jan Feb Mar Apr May Jun Jul Aug Sep Oct Nov Dec
2012: Jan Feb Mar Apr May Jun Jul Aug Sep Oct Nov Dec
2011: Jan Feb Mar Apr May Jun Jul Aug Sep Oct Nov Dec
2010: Jan Feb Mar Apr May Jun Jul Aug Sep Oct Nov Dec
2009: Jan Feb Mar Apr May Jun Jul Aug Sep Oct Nov Dec
2008: Jan Feb Mar Apr May Jun Jul Aug Sep Oct Nov Dec
2007: Jan Feb Mar Apr May Jun Jul Aug Sep Oct Nov Dec
2006: Jan Feb Mar Apr May Jun Jul Aug Sep Oct Nov Dec
2005: Jan Feb Mar Apr May Jun Jul Aug Sep Oct Nov Dec
2024: Jan Feb Mar Apr May Jun Jul Aug Sep Oct Nov Dec
2023: Jan Feb Mar Apr May Jun Jul Aug Sep Oct Nov Dec
2022: Jan Feb Mar Apr May Jun Jul Aug Sep Oct Nov Dec
2021: Jan Feb Mar Apr May Jun Jul Aug Sep Oct Nov Dec
2020: Jan Feb Mar Apr May Jun Jul Aug Sep Oct Nov Dec
2019: Jan Feb Mar Apr May Jun Jul Aug Sep Oct Nov Dec
2018: Jan Feb Mar Apr May Jun Jul Aug Sep Oct Nov Dec
2017: Jan Feb Mar Apr May Jun Jul Aug Sep Oct Nov Dec
2016: Jan Feb Mar Apr May Jun Jul Aug Sep Oct Nov Dec
2015: Jan Feb Mar Apr May Jun Jul Aug Sep Oct Nov Dec
2014: Jan Feb Mar Apr May Jun Jul Aug Sep Oct Nov Dec
2013: Jan Feb Mar Apr May Jun Jul Aug Sep Oct Nov Dec
2012: Jan Feb Mar Apr May Jun Jul Aug Sep Oct Nov Dec
2011: Jan Feb Mar Apr May Jun Jul Aug Sep Oct Nov Dec
2010: Jan Feb Mar Apr May Jun Jul Aug Sep Oct Nov Dec
2009: Jan Feb Mar Apr May Jun Jul Aug Sep Oct Nov Dec
2008: Jan Feb Mar Apr May Jun Jul Aug Sep Oct Nov Dec
2007: Jan Feb Mar Apr May Jun Jul Aug Sep Oct Nov Dec
2006: Jan Feb Mar Apr May Jun Jul Aug Sep Oct Nov Dec
2005: Jan Feb Mar Apr May Jun Jul Aug Sep Oct Nov Dec
Report for 2018 October
Daily noaa report MONTHLY CLIMATOLOGICAL SUMMARY for OCT. 2018 NAME: CITY: STATE: ELEV: LAT: LONG: TEMPERATURE ( °F), RAIN (in.), WIND SPEED (mph) HEAT COOL AVG MEAN DEG DEG WIND DOM DAY TEMP HIGH TIME LOW TIME DAYS DAYS RAIN SPEED HIGH TIME DIR -------------------------------------------------------------------------------------------------------- 01 77.1 086.4 16:31 72.2 03:35 00.0 12.1 00.00 01.9 13.8 19:18 S 02 77.2 086.5 16:12 70.1 07:11 00.0 12.3 00.00 02.0 12.7 15:43 S 03 80.9 089.7 16:19 73.1 07:05 00.0 15.9 00.00 04.4 20.7 15:14 SSW 04 80.4 089.5 16:15 73.8 08:07 00.0 15.5 00.00 02.4 14.9 00:30 S 05 79.8 090.2 16:03 73.2 07:20 00.0 14.9 00.00 02.8 18.4 14:07 S 06 80.3 087.5 16:11 75.4 07:41 00.0 15.4 00.00 02.9 14.9 10:34 S 07 78.8 089.0 15:13 74.8 21:29 00.0 13.9 00.07 03.3 34.5 15:32 S 08 77.3 087.1 15:38 71.7 00:00 00.0 12.4 00.93 03.3 23.0 20:23 S 09 69.3 074.1 09:32 65.5 11:13 00.0 04.3 00.00 02.2 19.6 10:06 SE 10 65.0 071.5 17:01 60.0 00:00 00.0 00.1 01.31 01.2 11.5 18:09 N 11 62.3 072.0 16:29 53.4 07:09 02.6 00.0 00.00 02.4 14.9 10:08 NE 12 63.2 069.4 14:15 60.0 03:10 01.7 00.0 00.87 01.6 14.9 13:00 ESE 13 63.6 067.7 17:22 61.7 23:38 01.3 00.0 02.03 03.0 23.0 12:13 ENE 14 66.1 080.0 15:37 55.3 00:00 00.0 01.2 00.25 03.0 25.3 23:11 NNW 15 45.0 055.3 00:03 42.1 12:18 20.0 00.0 02.03 07.3 26.4 08:22 NNE 16 47.7 051.6 00:00 45.1 04:03 17.2 00.0 01.40 04.3 17.3 06:04 NNE 17 52.8 055.7 14:19 51.6 05:16 12.1 00.0 00.69 02.4 12.7 12:26 NE 18 60.7 067.6 13:26 54.0 00:01 04.3 00.0 00.00 03.3 19.6 11:06 E 19 59.1 061.5 00:02 57.9 09:25 05.8 00.0 00.75 00.3 08.1 11:29 E 20 62.4 073.6 16:17 56.3 08:07 02.6 00.0 00.00 02.7 18.4 14:35 NNE 21 57.9 069.5 15:09 50.4 08:17 07.0 00.0 00.00 01.4 11.5 12:19 ENE 22 55.6 064.8 14:36 48.0 07:38 09.4 00.0 00.00 00.4 08.1 11:35 SE 23 61.1 071.7 15:23 55.0 08:08 03.9 00.0 00.00 01.6 13.8 14:07 ESE 24 55.5 057.2 11:00 53.4 20:11 09.5 00.0 02.03 02.6 17.3 19:02 E 25 56.1 062.2 17:37 51.9 00:00 08.8 00.0 00.05 01.4 13.8 00:28 NNE 26 58.3 071.9 16:32 50.2 07:44 06.6 00.0 00.00 03.1 17.3 14:07 NW 27 64.1 080.7 15:19 52.0 08:18 00.8 00.0 00.00 00.7 11.5 12:00 WNW 28 68.7 085.7 15:27 55.8 08:22 00.0 03.7 00.00 01.2 13.8 10:16 SW 29 69.0 082.7 16:00 57.3 08:08 00.0 04.1 00.00 02.1 19.6 16:12 S 30 73.0 081.0 14:28 68.0 04:22 00.0 08.1 00.00 06.5 25.3 13:25 SSW 31 62.4 073.2 00:02 53.4 23:18 02.6 00.0 01.73 04.4 28.8 12:26 NNW -------------------------------------------------------------------------------------------------------- 65.5 (66.9) 90.2 day 05 42.1 day 15 116.1 133.9 00.00 02.7 34.5 day 07 ESE Max > 86: 8 Min < 86: 31 Max Rain: 2.03 ON 13-10-21 Days of Rain: 13 (> .008in) 11 (> .08in) 8 (> 0.8in)