NOAA-Style Climate Reports
Select a Year or Month report
2024: Jan Feb Mar Apr May Jun Jul Aug Sep Oct Nov Dec
2023: Jan Feb Mar Apr May Jun Jul Aug Sep Oct Nov Dec
2022: Jan Feb Mar Apr May Jun Jul Aug Sep Oct Nov Dec
2021: Jan Feb Mar Apr May Jun Jul Aug Sep Oct Nov Dec
2020: Jan Feb Mar Apr May Jun Jul Aug Sep Oct Nov Dec
2019: Jan Feb Mar Apr May Jun Jul Aug Sep Oct Nov Dec
2018: Jan Feb Mar Apr May Jun Jul Aug Sep Oct Nov Dec
2017: Jan Feb Mar Apr May Jun Jul Aug Sep Oct Nov Dec
2016: Jan Feb Mar Apr May Jun Jul Aug Sep Oct Nov Dec
2015: Jan Feb Mar Apr May Jun Jul Aug Sep Oct Nov Dec
2014: Jan Feb Mar Apr May Jun Jul Aug Sep Oct Nov Dec
2013: Jan Feb Mar Apr May Jun Jul Aug Sep Oct Nov Dec
2012: Jan Feb Mar Apr May Jun Jul Aug Sep Oct Nov Dec
2011: Jan Feb Mar Apr May Jun Jul Aug Sep Oct Nov Dec
2010: Jan Feb Mar Apr May Jun Jul Aug Sep Oct Nov Dec
2009: Jan Feb Mar Apr May Jun Jul Aug Sep Oct Nov Dec
2008: Jan Feb Mar Apr May Jun Jul Aug Sep Oct Nov Dec
2007: Jan Feb Mar Apr May Jun Jul Aug Sep Oct Nov Dec
2006: Jan Feb Mar Apr May Jun Jul Aug Sep Oct Nov Dec
2005: Jan Feb Mar Apr May Jun Jul Aug Sep Oct Nov Dec
2024: Jan Feb Mar Apr May Jun Jul Aug Sep Oct Nov Dec
2023: Jan Feb Mar Apr May Jun Jul Aug Sep Oct Nov Dec
2022: Jan Feb Mar Apr May Jun Jul Aug Sep Oct Nov Dec
2021: Jan Feb Mar Apr May Jun Jul Aug Sep Oct Nov Dec
2020: Jan Feb Mar Apr May Jun Jul Aug Sep Oct Nov Dec
2019: Jan Feb Mar Apr May Jun Jul Aug Sep Oct Nov Dec
2018: Jan Feb Mar Apr May Jun Jul Aug Sep Oct Nov Dec
2017: Jan Feb Mar Apr May Jun Jul Aug Sep Oct Nov Dec
2016: Jan Feb Mar Apr May Jun Jul Aug Sep Oct Nov Dec
2015: Jan Feb Mar Apr May Jun Jul Aug Sep Oct Nov Dec
2014: Jan Feb Mar Apr May Jun Jul Aug Sep Oct Nov Dec
2013: Jan Feb Mar Apr May Jun Jul Aug Sep Oct Nov Dec
2012: Jan Feb Mar Apr May Jun Jul Aug Sep Oct Nov Dec
2011: Jan Feb Mar Apr May Jun Jul Aug Sep Oct Nov Dec
2010: Jan Feb Mar Apr May Jun Jul Aug Sep Oct Nov Dec
2009: Jan Feb Mar Apr May Jun Jul Aug Sep Oct Nov Dec
2008: Jan Feb Mar Apr May Jun Jul Aug Sep Oct Nov Dec
2007: Jan Feb Mar Apr May Jun Jul Aug Sep Oct Nov Dec
2006: Jan Feb Mar Apr May Jun Jul Aug Sep Oct Nov Dec
2005: Jan Feb Mar Apr May Jun Jul Aug Sep Oct Nov Dec
Report for 2019 February
Daily noaa report MONTHLY CLIMATOLOGICAL SUMMARY for FEB. 2019 NAME: CITY: STATE: ELEV: LAT: LONG: TEMPERATURE ( °F), RAIN (in.), WIND SPEED (mph) HEAT COOL AVG MEAN DEG DEG WIND DOM DAY TEMP HIGH TIME LOW TIME DAYS DAYS RAIN SPEED HIGH TIME DIR -------------------------------------------------------------------------------------------------------- 16 37.5 043.3 00:00 34.2 08:00 27.4 00.0 00.02 02.7 18.4 00:13 NNE 17 45.3 054.0 15:27 39.8 09:30 19.6 00.0 00.02 03.9 21.9 07:39 NNE 18 39.0 043.8 16:03 33.0 08:29 25.9 00.0 00.00 05.4 23.0 07:33 NE 19 38.4 039.3 05:25 36.5 08:00 26.6 00.0 00.50 04.3 19.6 19:37 ENE 20 45.9 058.4 15:15 37.9 07:16 19.1 00.0 00.00 03.4 19.6 04:14 W 21 46.2 051.4 14:31 39.8 02:36 18.8 00.0 00.03 04.0 25.3 15:37 ESE 22 48.0 049.4 00:00 46.5 08:09 16.9 00.0 00.10 02.4 18.4 06:19 E 23 57.0 069.4 14:07 47.7 00:00 07.9 00.0 00.01 08.5 36.8 18:35 W 24 48.2 059.6 15:33 37.4 07:37 16.7 00.0 00.00 03.1 25.3 00:03 N 25 50.2 064.4 15:02 36.0 07:08 14.8 00.0 00.00 03.5 19.6 15:00 SSE 26 54.7 060.5 16:34 48.4 01:16 10.2 00.0 00.00 02.7 12.7 15:22 SSE 27 51.4 062.2 14:24 33.2 00:00 13.6 00.0 00.04 02.7 24.1 20:07 N 28 33.9 038.8 14:16 31.1 07:23 31.0 00.0 00.01 05.0 19.6 01:47 N -------------------------------------------------------------------------------------------------------- 45.8 (46.0) 69.4 day 23 31.1 day 28 248.5 000.0 00.00 04.0 36.8 day 23 NE Min < 86: 13 Max Rain: 0.50 ON 19-02-21 Days of Rain: 8 (> .008in) 2 (> .08in) 0 (> 0.8in)