NOAA-Style Climate Reports
Select a Year or Month report
2024: Jan Feb Mar Apr May Jun Jul Aug Sep Oct Nov Dec
2023: Jan Feb Mar Apr May Jun Jul Aug Sep Oct Nov Dec
2022: Jan Feb Mar Apr May Jun Jul Aug Sep Oct Nov Dec
2021: Jan Feb Mar Apr May Jun Jul Aug Sep Oct Nov Dec
2020: Jan Feb Mar Apr May Jun Jul Aug Sep Oct Nov Dec
2019: Jan Feb Mar Apr May Jun Jul Aug Sep Oct Nov Dec
2018: Jan Feb Mar Apr May Jun Jul Aug Sep Oct Nov Dec
2017: Jan Feb Mar Apr May Jun Jul Aug Sep Oct Nov Dec
2016: Jan Feb Mar Apr May Jun Jul Aug Sep Oct Nov Dec
2015: Jan Feb Mar Apr May Jun Jul Aug Sep Oct Nov Dec
2014: Jan Feb Mar Apr May Jun Jul Aug Sep Oct Nov Dec
2013: Jan Feb Mar Apr May Jun Jul Aug Sep Oct Nov Dec
2012: Jan Feb Mar Apr May Jun Jul Aug Sep Oct Nov Dec
2011: Jan Feb Mar Apr May Jun Jul Aug Sep Oct Nov Dec
2010: Jan Feb Mar Apr May Jun Jul Aug Sep Oct Nov Dec
2009: Jan Feb Mar Apr May Jun Jul Aug Sep Oct Nov Dec
2008: Jan Feb Mar Apr May Jun Jul Aug Sep Oct Nov Dec
2007: Jan Feb Mar Apr May Jun Jul Aug Sep Oct Nov Dec
2006: Jan Feb Mar Apr May Jun Jul Aug Sep Oct Nov Dec
2005: Jan Feb Mar Apr May Jun Jul Aug Sep Oct Nov Dec
2024: Jan Feb Mar Apr May Jun Jul Aug Sep Oct Nov Dec
2023: Jan Feb Mar Apr May Jun Jul Aug Sep Oct Nov Dec
2022: Jan Feb Mar Apr May Jun Jul Aug Sep Oct Nov Dec
2021: Jan Feb Mar Apr May Jun Jul Aug Sep Oct Nov Dec
2020: Jan Feb Mar Apr May Jun Jul Aug Sep Oct Nov Dec
2019: Jan Feb Mar Apr May Jun Jul Aug Sep Oct Nov Dec
2018: Jan Feb Mar Apr May Jun Jul Aug Sep Oct Nov Dec
2017: Jan Feb Mar Apr May Jun Jul Aug Sep Oct Nov Dec
2016: Jan Feb Mar Apr May Jun Jul Aug Sep Oct Nov Dec
2015: Jan Feb Mar Apr May Jun Jul Aug Sep Oct Nov Dec
2014: Jan Feb Mar Apr May Jun Jul Aug Sep Oct Nov Dec
2013: Jan Feb Mar Apr May Jun Jul Aug Sep Oct Nov Dec
2012: Jan Feb Mar Apr May Jun Jul Aug Sep Oct Nov Dec
2011: Jan Feb Mar Apr May Jun Jul Aug Sep Oct Nov Dec
2010: Jan Feb Mar Apr May Jun Jul Aug Sep Oct Nov Dec
2009: Jan Feb Mar Apr May Jun Jul Aug Sep Oct Nov Dec
2008: Jan Feb Mar Apr May Jun Jul Aug Sep Oct Nov Dec
2007: Jan Feb Mar Apr May Jun Jul Aug Sep Oct Nov Dec
2006: Jan Feb Mar Apr May Jun Jul Aug Sep Oct Nov Dec
2005: Jan Feb Mar Apr May Jun Jul Aug Sep Oct Nov Dec
Report for 2019 March
Daily noaa report MONTHLY CLIMATOLOGICAL SUMMARY for MAR. 2019 NAME: CITY: STATE: ELEV: LAT: LONG: TEMPERATURE ( °F), RAIN (in.), WIND SPEED (mph) HEAT COOL AVG MEAN DEG DEG WIND DOM DAY TEMP HIGH TIME LOW TIME DAYS DAYS RAIN SPEED HIGH TIME DIR -------------------------------------------------------------------------------------------------------- 06 40.7 055.6 15:07 26.0 05:38 24.2 00.0 00.00 02.7 16.1 15:47 SSE 07 58.1 070.4 14:21 45.3 00:02 06.8 00.0 00.00 07.1 31.1 14:22 SSW 08 69.2 079.9 13:47 61.7 03:13 00.0 04.2 00.00 05.4 23.0 23:39 SSW 09 69.1 078.7 15:22 54.3 00:00 00.0 04.2 00.50 06.6 34.5 07:27 W 10 53.8 057.6 16:20 50.5 08:45 11.2 00.0 00.03 03.8 17.3 15:10 NE 11 56.4 062.2 14:05 50.0 07:14 08.5 00.0 00.09 04.6 20.7 03:36 ENE 12 60.7 067.3 23:34 56.4 10:27 04.2 00.0 00.08 04.8 27.6 23:24 SE 13 63.1 070.6 18:22 54.2 10:02 01.8 00.0 01.00 07.6 52.9 05:27 S 14 59.7 066.3 16:17 50.9 00:00 05.2 00.0 00.00 09.3 32.2 04:35 WNW 15 51.4 061.6 16:15 42.2 08:19 13.6 00.0 00.00 04.6 26.4 09:22 NNE 16 49.7 061.8 15:18 37.3 08:15 15.2 00.0 00.00 02.0 17.3 11:37 NE 17 51.7 067.6 16:07 37.3 07:28 13.2 00.0 00.00 00.7 11.5 14:25 E 18 59.3 071.9 16:03 40.4 08:09 05.6 00.0 00.00 01.1 18.4 15:39 SSE 19 58.7 071.7 14:31 45.8 08:08 06.3 00.0 00.00 02.0 18.4 12:43 S 20 56.3 067.3 17:15 46.0 07:21 08.7 00.0 00.00 02.2 18.4 18:26 NNW 21 60.0 078.6 15:39 43.4 08:04 05.0 00.0 00.00 02.2 18.4 13:31 NW 22 64.6 076.2 16:56 47.5 06:40 00.3 00.0 00.00 02.5 12.7 11:31 SSE 23 65.0 070.1 15:46 58.4 08:07 00.0 00.1 00.06 04.9 35.6 17:04 S 24 70.6 082.5 16:15 62.6 07:39 00.0 05.6 00.01 10.7 25.3 15:04 S 25 64.3 073.0 15:36 53.9 08:03 00.6 00.0 00.33 03.7 17.3 15:40 NNE 26 59.8 070.2 16:24 49.6 08:00 05.1 00.0 00.00 02.2 13.8 21:16 ENE 27 62.5 074.0 16:26 52.0 08:03 02.4 00.0 00.00 03.8 19.6 13:09 S 28 65.1 075.2 18:19 55.5 08:03 00.0 00.2 00.00 05.6 24.1 20:39 S 29 67.3 076.8 16:06 61.1 06:46 00.0 02.3 00.00 05.1 24.1 15:36 SSW 30 57.6 068.8 00:39 48.2 00:00 07.4 00.0 00.05 08.4 31.1 12:21 NNW 31 49.1 058.2 16:06 39.1 08:01 15.9 00.0 00.00 03.8 20.7 10:09 NNE -------------------------------------------------------------------------------------------------------- 59.4 (59.3) 82.5 day 24 26.0 day 06 161.3 016.6 00.00 04.5 52.9 day 13 S Min < 86: 26 Max Rain: 1.00 ON 13-03-21 Days of Rain: 9 (> .008in) 5 (> .08in) 1 (> 0.8in)