NOAA-Style Climate Reports
Select a Year or Month report
2024: Jan Feb Mar Apr May Jun Jul Aug Sep Oct Nov Dec
2023: Jan Feb Mar Apr May Jun Jul Aug Sep Oct Nov Dec
2022: Jan Feb Mar Apr May Jun Jul Aug Sep Oct Nov Dec
2021: Jan Feb Mar Apr May Jun Jul Aug Sep Oct Nov Dec
2020: Jan Feb Mar Apr May Jun Jul Aug Sep Oct Nov Dec
2019: Jan Feb Mar Apr May Jun Jul Aug Sep Oct Nov Dec
2018: Jan Feb Mar Apr May Jun Jul Aug Sep Oct Nov Dec
2017: Jan Feb Mar Apr May Jun Jul Aug Sep Oct Nov Dec
2016: Jan Feb Mar Apr May Jun Jul Aug Sep Oct Nov Dec
2015: Jan Feb Mar Apr May Jun Jul Aug Sep Oct Nov Dec
2014: Jan Feb Mar Apr May Jun Jul Aug Sep Oct Nov Dec
2013: Jan Feb Mar Apr May Jun Jul Aug Sep Oct Nov Dec
2012: Jan Feb Mar Apr May Jun Jul Aug Sep Oct Nov Dec
2011: Jan Feb Mar Apr May Jun Jul Aug Sep Oct Nov Dec
2010: Jan Feb Mar Apr May Jun Jul Aug Sep Oct Nov Dec
2009: Jan Feb Mar Apr May Jun Jul Aug Sep Oct Nov Dec
2008: Jan Feb Mar Apr May Jun Jul Aug Sep Oct Nov Dec
2007: Jan Feb Mar Apr May Jun Jul Aug Sep Oct Nov Dec
2006: Jan Feb Mar Apr May Jun Jul Aug Sep Oct Nov Dec
2005: Jan Feb Mar Apr May Jun Jul Aug Sep Oct Nov Dec
2024: Jan Feb Mar Apr May Jun Jul Aug Sep Oct Nov Dec
2023: Jan Feb Mar Apr May Jun Jul Aug Sep Oct Nov Dec
2022: Jan Feb Mar Apr May Jun Jul Aug Sep Oct Nov Dec
2021: Jan Feb Mar Apr May Jun Jul Aug Sep Oct Nov Dec
2020: Jan Feb Mar Apr May Jun Jul Aug Sep Oct Nov Dec
2019: Jan Feb Mar Apr May Jun Jul Aug Sep Oct Nov Dec
2018: Jan Feb Mar Apr May Jun Jul Aug Sep Oct Nov Dec
2017: Jan Feb Mar Apr May Jun Jul Aug Sep Oct Nov Dec
2016: Jan Feb Mar Apr May Jun Jul Aug Sep Oct Nov Dec
2015: Jan Feb Mar Apr May Jun Jul Aug Sep Oct Nov Dec
2014: Jan Feb Mar Apr May Jun Jul Aug Sep Oct Nov Dec
2013: Jan Feb Mar Apr May Jun Jul Aug Sep Oct Nov Dec
2012: Jan Feb Mar Apr May Jun Jul Aug Sep Oct Nov Dec
2011: Jan Feb Mar Apr May Jun Jul Aug Sep Oct Nov Dec
2010: Jan Feb Mar Apr May Jun Jul Aug Sep Oct Nov Dec
2009: Jan Feb Mar Apr May Jun Jul Aug Sep Oct Nov Dec
2008: Jan Feb Mar Apr May Jun Jul Aug Sep Oct Nov Dec
2007: Jan Feb Mar Apr May Jun Jul Aug Sep Oct Nov Dec
2006: Jan Feb Mar Apr May Jun Jul Aug Sep Oct Nov Dec
2005: Jan Feb Mar Apr May Jun Jul Aug Sep Oct Nov Dec
Report for 2019 July
Daily noaa report MONTHLY CLIMATOLOGICAL SUMMARY for JUL. 2019 NAME: CITY: STATE: ELEV: LAT: LONG: TEMPERATURE ( °F), RAIN (in.), WIND SPEED (mph) HEAT COOL AVG MEAN DEG DEG WIND DOM DAY TEMP HIGH TIME LOW TIME DAYS DAYS RAIN SPEED HIGH TIME DIR -------------------------------------------------------------------------------------------------------- 11 91.3 096.9 16:04 83.5 00:00 00.0 26.3 00.00 03.7 14.9 18:05 ENE 12 83.6 092.6 15:58 73.7 07:10 00.0 18.6 00.00 03.0 14.9 17:43 ENE 13 82.8 096.3 15:02 76.2 07:25 00.0 17.9 00.00 03.8 19.6 15:27 NE 14 80.0 085.2 18:05 75.8 07:18 00.0 15.1 00.00 04.2 18.4 18:12 NE 15 82.2 093.0 16:26 71.7 05:27 00.0 17.3 00.00 02.6 16.1 10:35 NW 16 87.1 096.9 16:14 79.1 07:15 00.0 22.2 00.00 04.2 19.6 15:33 SSW 17 86.5 095.4 17:05 78.2 07:13 00.0 21.5 00.00 04.8 19.6 17:00 SSW 18 86.5 095.8 17:00 78.1 07:16 00.0 21.6 00.00 05.3 19.6 11:22 SSW 19 86.5 095.4 14:19 78.1 07:15 00.0 21.5 00.00 05.1 19.6 12:06 SSW 20 86.5 095.9 15:15 78.3 07:23 00.0 21.6 00.00 04.6 18.4 14:22 SSW 21 84.7 096.2 18:00 76.7 07:07 00.0 19.8 00.00 02.4 11.5 08:07 SSW 22 84.7 095.7 14:20 76.2 07:02 00.0 19.8 00.00 04.2 19.6 18:10 N 23 81.5 091.0 15:27 72.0 07:27 00.0 16.5 00.00 04.1 14.9 15:29 NE 24 78.9 088.9 16:33 68.3 07:33 00.0 14.0 00.00 01.9 12.7 13:27 E 25 78.0 088.5 17:11 65.9 07:19 00.0 13.1 00.00 01.8 16.1 13:02 ESE 26 77.5 089.3 14:14 68.5 06:14 00.0 12.6 00.00 01.1 11.5 12:12 SSE 27 82.9 094.7 16:11 72.4 04:00 00.0 17.9 00.00 01.9 11.5 12:14 SSE 28 85.2 095.3 16:20 76.6 07:21 00.0 20.2 00.00 03.0 14.9 13:27 S 29 84.1 093.4 16:09 77.4 07:02 00.0 19.2 00.00 02.8 13.8 12:05 SSW 30 87.5 100.1 14:29 76.1 07:18 00.0 22.6 00.00 02.6 12.7 16:29 ESE 31 85.9 097.3 16:30 74.8 07:08 00.0 21.0 00.00 02.0 12.7 12:16 SE -------------------------------------------------------------------------------------------------------- 84.0 (84.6) 100.1 day 30 65.9 day 25 000.0 400.2 00.36 03.3 19.6 day 22 ESE Max > 86: 20 Min < 86: 21 Max Rain: 0.00 ON 31-07-21 Days of Rain: 0 (> .008in) 0 (> .08in) 0 (> 0.8in)