NOAA-Style Climate Reports
Select a Year or Month report
2024: Jan Feb Mar Apr May Jun Jul Aug Sep Oct Nov Dec
2023: Jan Feb Mar Apr May Jun Jul Aug Sep Oct Nov Dec
2022: Jan Feb Mar Apr May Jun Jul Aug Sep Oct Nov Dec
2021: Jan Feb Mar Apr May Jun Jul Aug Sep Oct Nov Dec
2020: Jan Feb Mar Apr May Jun Jul Aug Sep Oct Nov Dec
2019: Jan Feb Mar Apr May Jun Jul Aug Sep Oct Nov Dec
2018: Jan Feb Mar Apr May Jun Jul Aug Sep Oct Nov Dec
2017: Jan Feb Mar Apr May Jun Jul Aug Sep Oct Nov Dec
2016: Jan Feb Mar Apr May Jun Jul Aug Sep Oct Nov Dec
2015: Jan Feb Mar Apr May Jun Jul Aug Sep Oct Nov Dec
2014: Jan Feb Mar Apr May Jun Jul Aug Sep Oct Nov Dec
2013: Jan Feb Mar Apr May Jun Jul Aug Sep Oct Nov Dec
2012: Jan Feb Mar Apr May Jun Jul Aug Sep Oct Nov Dec
2011: Jan Feb Mar Apr May Jun Jul Aug Sep Oct Nov Dec
2010: Jan Feb Mar Apr May Jun Jul Aug Sep Oct Nov Dec
2009: Jan Feb Mar Apr May Jun Jul Aug Sep Oct Nov Dec
2008: Jan Feb Mar Apr May Jun Jul Aug Sep Oct Nov Dec
2007: Jan Feb Mar Apr May Jun Jul Aug Sep Oct Nov Dec
2006: Jan Feb Mar Apr May Jun Jul Aug Sep Oct Nov Dec
2005: Jan Feb Mar Apr May Jun Jul Aug Sep Oct Nov Dec
2024: Jan Feb Mar Apr May Jun Jul Aug Sep Oct Nov Dec
2023: Jan Feb Mar Apr May Jun Jul Aug Sep Oct Nov Dec
2022: Jan Feb Mar Apr May Jun Jul Aug Sep Oct Nov Dec
2021: Jan Feb Mar Apr May Jun Jul Aug Sep Oct Nov Dec
2020: Jan Feb Mar Apr May Jun Jul Aug Sep Oct Nov Dec
2019: Jan Feb Mar Apr May Jun Jul Aug Sep Oct Nov Dec
2018: Jan Feb Mar Apr May Jun Jul Aug Sep Oct Nov Dec
2017: Jan Feb Mar Apr May Jun Jul Aug Sep Oct Nov Dec
2016: Jan Feb Mar Apr May Jun Jul Aug Sep Oct Nov Dec
2015: Jan Feb Mar Apr May Jun Jul Aug Sep Oct Nov Dec
2014: Jan Feb Mar Apr May Jun Jul Aug Sep Oct Nov Dec
2013: Jan Feb Mar Apr May Jun Jul Aug Sep Oct Nov Dec
2012: Jan Feb Mar Apr May Jun Jul Aug Sep Oct Nov Dec
2011: Jan Feb Mar Apr May Jun Jul Aug Sep Oct Nov Dec
2010: Jan Feb Mar Apr May Jun Jul Aug Sep Oct Nov Dec
2009: Jan Feb Mar Apr May Jun Jul Aug Sep Oct Nov Dec
2008: Jan Feb Mar Apr May Jun Jul Aug Sep Oct Nov Dec
2007: Jan Feb Mar Apr May Jun Jul Aug Sep Oct Nov Dec
2006: Jan Feb Mar Apr May Jun Jul Aug Sep Oct Nov Dec
2005: Jan Feb Mar Apr May Jun Jul Aug Sep Oct Nov Dec
Report for 2019 August
Daily noaa report MONTHLY CLIMATOLOGICAL SUMMARY for AUG. 2019 NAME: CITY: STATE: ELEV: LAT: LONG: TEMPERATURE ( °F), RAIN (in.), WIND SPEED (mph) HEAT COOL AVG MEAN DEG DEG WIND DOM DAY TEMP HIGH TIME LOW TIME DAYS DAYS RAIN SPEED HIGH TIME DIR -------------------------------------------------------------------------------------------------------- 01 85.7 095.6 15:09 76.2 07:12 00.0 20.7 00.00 01.4 13.8 15:09 S 02 86.0 095.7 15:30 78.2 07:21 00.0 21.0 00.00 01.4 12.7 18:14 ESE 03 82.2 088.4 16:29 77.2 11:32 00.0 17.3 00.33 01.2 11.5 18:22 SE 04 83.8 093.5 16:28 77.6 08:12 00.0 18.9 00.00 01.2 13.8 17:13 ESE 05 85.6 095.6 17:03 76.9 07:26 00.0 20.6 00.00 00.8 09.2 17:27 ESE 06 87.5 098.9 15:06 78.4 07:21 00.0 22.6 00.00 01.4 11.5 18:26 SSW 07 88.6 100.3 15:19 80.3 07:27 00.0 23.7 00.00 02.7 12.7 18:11 SSW 08 87.3 094.6 18:21 79.4 07:22 00.0 22.4 00.00 02.5 12.7 12:02 S 09 88.8 099.0 14:12 79.3 07:18 00.0 23.9 00.00 02.7 13.8 12:22 S 10 88.9 099.9 17:21 78.5 07:42 00.0 24.0 00.00 03.0 14.9 11:30 SSW 11 88.4 099.9 16:39 78.4 07:47 00.0 23.4 00.00 02.5 14.9 11:14 SSW 12 89.6 101.1 15:47 79.5 07:23 00.0 24.7 00.00 02.6 17.3 13:28 SSW 13 90.3 101.9 15:32 79.0 07:29 00.0 25.4 00.00 01.3 11.5 17:10 SSE 14 86.2 095.1 16:29 76.2 08:47 00.0 21.3 00.09 02.2 19.6 04:26 NE 15 87.0 097.4 16:40 77.1 07:33 00.0 22.0 00.00 01.5 11.5 23:00 ESE 16 88.6 100.3 16:03 78.1 07:36 00.0 23.7 00.00 02.3 16.1 18:15 S 17 88.8 099.2 17:10 79.7 07:37 00.0 23.9 00.00 03.6 14.9 23:35 S 18 88.8 099.1 17:30 79.1 07:39 00.0 23.9 00.00 03.9 19.6 11:16 SSW 19 89.4 100.1 17:03 79.4 07:45 00.0 24.5 00.00 02.5 13.8 09:13 SSW 20 89.7 101.4 15:46 79.0 07:28 00.0 24.8 00.00 01.7 13.8 14:47 SSW 21 88.7 099.5 15:43 78.5 07:26 00.0 23.7 00.00 02.2 13.8 16:18 S 22 88.5 098.6 17:08 78.6 07:24 00.0 23.5 00.00 02.9 14.9 13:34 SSW 23 86.2 094.5 15:32 78.4 07:40 00.0 21.2 00.00 02.9 20.7 00:36 SE 24 83.5 094.3 16:20 77.7 07:28 00.0 18.6 00.00 02.1 18.4 16:47 SE 25 86.4 098.5 15:45 76.3 07:34 00.0 21.5 00.00 01.7 14.9 16:06 ESE 26 90.0 102.0 16:42 79.4 07:37 00.0 25.0 00.00 04.6 20.7 13:23 SSW 27 80.7 088.8 00:04 71.7 09:18 00.0 15.7 00.26 02.8 23.0 06:25 ESE 28 83.6 094.3 15:05 75.0 06:18 00.0 18.7 00.05 01.4 13.8 16:47 E 29 86.9 098.0 16:46 77.1 07:21 00.0 22.0 00.00 01.6 12.7 15:13 SSE 30 80.0 093.1 13:03 73.4 22:06 00.0 15.0 00.25 02.6 29.9 14:11 ESE 31 75.8 083.1 17:43 71.3 10:02 00.0 10.9 00.79 01.2 16.1 07:44 ESE -------------------------------------------------------------------------------------------------------- 86.5 (87.2) 102.0 day 26 71.3 day 31 000.0 668.4 01.77 02.2 29.9 day 30 S Max > 86: 30 Min < 86: 31 Max Rain: 0.79 ON 31-08-21 Days of Rain: 6 (> .008in) 5 (> .08in) 0 (> 0.8in)