NOAA-Style Climate Reports
Select a Year or Month report
2024: Jan Feb Mar Apr May Jun Jul Aug Sep Oct Nov Dec
2023: Jan Feb Mar Apr May Jun Jul Aug Sep Oct Nov Dec
2022: Jan Feb Mar Apr May Jun Jul Aug Sep Oct Nov Dec
2021: Jan Feb Mar Apr May Jun Jul Aug Sep Oct Nov Dec
2020: Jan Feb Mar Apr May Jun Jul Aug Sep Oct Nov Dec
2019: Jan Feb Mar Apr May Jun Jul Aug Sep Oct Nov Dec
2018: Jan Feb Mar Apr May Jun Jul Aug Sep Oct Nov Dec
2017: Jan Feb Mar Apr May Jun Jul Aug Sep Oct Nov Dec
2016: Jan Feb Mar Apr May Jun Jul Aug Sep Oct Nov Dec
2015: Jan Feb Mar Apr May Jun Jul Aug Sep Oct Nov Dec
2014: Jan Feb Mar Apr May Jun Jul Aug Sep Oct Nov Dec
2013: Jan Feb Mar Apr May Jun Jul Aug Sep Oct Nov Dec
2012: Jan Feb Mar Apr May Jun Jul Aug Sep Oct Nov Dec
2011: Jan Feb Mar Apr May Jun Jul Aug Sep Oct Nov Dec
2010: Jan Feb Mar Apr May Jun Jul Aug Sep Oct Nov Dec
2009: Jan Feb Mar Apr May Jun Jul Aug Sep Oct Nov Dec
2008: Jan Feb Mar Apr May Jun Jul Aug Sep Oct Nov Dec
2007: Jan Feb Mar Apr May Jun Jul Aug Sep Oct Nov Dec
2006: Jan Feb Mar Apr May Jun Jul Aug Sep Oct Nov Dec
2005: Jan Feb Mar Apr May Jun Jul Aug Sep Oct Nov Dec
2024: Jan Feb Mar Apr May Jun Jul Aug Sep Oct Nov Dec
2023: Jan Feb Mar Apr May Jun Jul Aug Sep Oct Nov Dec
2022: Jan Feb Mar Apr May Jun Jul Aug Sep Oct Nov Dec
2021: Jan Feb Mar Apr May Jun Jul Aug Sep Oct Nov Dec
2020: Jan Feb Mar Apr May Jun Jul Aug Sep Oct Nov Dec
2019: Jan Feb Mar Apr May Jun Jul Aug Sep Oct Nov Dec
2018: Jan Feb Mar Apr May Jun Jul Aug Sep Oct Nov Dec
2017: Jan Feb Mar Apr May Jun Jul Aug Sep Oct Nov Dec
2016: Jan Feb Mar Apr May Jun Jul Aug Sep Oct Nov Dec
2015: Jan Feb Mar Apr May Jun Jul Aug Sep Oct Nov Dec
2014: Jan Feb Mar Apr May Jun Jul Aug Sep Oct Nov Dec
2013: Jan Feb Mar Apr May Jun Jul Aug Sep Oct Nov Dec
2012: Jan Feb Mar Apr May Jun Jul Aug Sep Oct Nov Dec
2011: Jan Feb Mar Apr May Jun Jul Aug Sep Oct Nov Dec
2010: Jan Feb Mar Apr May Jun Jul Aug Sep Oct Nov Dec
2009: Jan Feb Mar Apr May Jun Jul Aug Sep Oct Nov Dec
2008: Jan Feb Mar Apr May Jun Jul Aug Sep Oct Nov Dec
2007: Jan Feb Mar Apr May Jun Jul Aug Sep Oct Nov Dec
2006: Jan Feb Mar Apr May Jun Jul Aug Sep Oct Nov Dec
2005: Jan Feb Mar Apr May Jun Jul Aug Sep Oct Nov Dec
Report for 2019 September
Daily noaa report MONTHLY CLIMATOLOGICAL SUMMARY for SEP. 2019 NAME: CITY: STATE: ELEV: LAT: LONG: TEMPERATURE ( °F), RAIN (in.), WIND SPEED (mph) HEAT COOL AVG MEAN DEG DEG WIND DOM DAY TEMP HIGH TIME LOW TIME DAYS DAYS RAIN SPEED HIGH TIME DIR -------------------------------------------------------------------------------------------------------- 01 82.4 093.7 16:32 72.0 07:30 00.0 17.4 00.00 00.6 13.8 16:38 ESE 02 84.3 095.0 16:17 74.0 08:01 00.0 19.4 00.00 01.1 11.5 17:44 ESE 03 84.9 095.3 15:46 74.3 07:30 00.0 20.0 00.00 01.2 11.5 18:26 SE 04 85.3 096.4 16:27 74.5 07:29 00.0 20.4 00.00 01.4 12.7 15:00 ESE 05 86.0 097.2 15:41 75.3 07:30 00.0 21.1 00.00 01.3 11.5 15:08 SE 06 86.0 098.9 15:31 73.2 07:34 00.0 21.0 00.00 01.2 12.7 14:25 ESE 07 86.6 098.9 15:46 74.3 07:41 00.0 21.7 00.00 01.7 13.8 16:33 SSE 08 85.3 097.4 15:42 73.3 08:02 00.0 20.4 00.00 02.5 17.3 12:27 S 09 84.3 094.4 17:02 74.8 07:34 00.0 19.3 00.00 03.8 18.4 12:31 S 10 84.2 095.1 16:01 74.3 07:31 00.0 19.3 00.00 03.8 19.6 19:47 S 11 82.8 094.8 16:36 73.7 07:38 00.0 17.8 00.00 02.7 16.1 18:07 S 12 83.6 094.7 16:30 73.3 07:19 00.0 18.6 00.00 02.4 14.9 15:26 S 13 84.4 094.6 14:20 75.9 07:41 00.0 19.4 00.00 01.6 12.7 11:05 S 14 85.3 097.3 16:02 73.9 07:44 00.0 20.4 00.00 01.5 12.7 15:23 ESE 15 85.7 097.1 15:34 75.5 07:47 00.0 20.8 00.00 01.6 16.1 17:17 ESE 16 85.3 095.8 15:41 76.2 07:32 00.0 20.3 00.00 02.1 19.6 13:46 ESE 17 83.6 094.4 14:38 74.1 07:47 00.0 18.7 00.00 02.1 16.1 15:41 SE 18 80.7 092.5 16:28 74.7 07:09 00.0 15.8 00.15 01.6 25.3 17:45 ESE 19 76.7 082.7 16:02 74.1 06:04 00.0 11.8 00.00 03.0 19.6 15:44 E 20 81.7 094.1 16:40 75.2 05:06 00.0 16.8 00.64 04.6 27.6 08:35 S 21 82.9 092.0 15:41 76.3 08:14 00.0 17.9 00.00 04.9 19.6 05:12 S 22 83.5 093.1 15:30 75.7 07:43 00.0 18.6 00.00 04.3 21.9 11:07 SSW 23 84.5 094.8 16:36 77.5 07:39 00.0 19.6 00.00 02.6 13.8 17:16 S 24 84.5 094.0 16:07 76.9 07:20 00.0 19.5 00.00 03.2 14.9 09:33 S 25 84.8 096.0 15:36 76.5 09:05 00.0 19.9 00.00 03.6 14.9 10:03 SSW 26 83.8 094.3 16:23 75.5 08:06 00.0 18.9 00.00 02.9 18.4 09:33 S 27 82.9 092.9 14:27 73.4 08:01 00.0 17.9 00.00 04.3 18.4 22:38 S 28 84.5 093.3 16:46 77.4 04:38 00.0 19.6 00.00 04.3 19.6 16:31 S 29 84.6 094.0 16:22 78.1 04:43 00.0 19.7 00.00 04.2 18.4 15:26 S 30 82.5 092.1 16:30 74.3 06:34 00.0 17.6 00.00 03.2 18.4 12:01 S -------------------------------------------------------------------------------------------------------- 83.9 (84.8) 98.9 day 07 72.0 day 01 000.0 569.6 00.79 02.6 27.6 day 20 SSE Max > 86: 29 Min < 86: 30 Max Rain: 0.64 ON 20-09-21 Days of Rain: 2 (> .008in) 2 (> .08in) 0 (> 0.8in)