NOAA-Style Climate Reports
Select a Year or Month report
2024: Jan Feb Mar Apr May Jun Jul Aug Sep Oct Nov Dec
2023: Jan Feb Mar Apr May Jun Jul Aug Sep Oct Nov Dec
2022: Jan Feb Mar Apr May Jun Jul Aug Sep Oct Nov Dec
2021: Jan Feb Mar Apr May Jun Jul Aug Sep Oct Nov Dec
2020: Jan Feb Mar Apr May Jun Jul Aug Sep Oct Nov Dec
2019: Jan Feb Mar Apr May Jun Jul Aug Sep Oct Nov Dec
2018: Jan Feb Mar Apr May Jun Jul Aug Sep Oct Nov Dec
2017: Jan Feb Mar Apr May Jun Jul Aug Sep Oct Nov Dec
2016: Jan Feb Mar Apr May Jun Jul Aug Sep Oct Nov Dec
2015: Jan Feb Mar Apr May Jun Jul Aug Sep Oct Nov Dec
2014: Jan Feb Mar Apr May Jun Jul Aug Sep Oct Nov Dec
2013: Jan Feb Mar Apr May Jun Jul Aug Sep Oct Nov Dec
2012: Jan Feb Mar Apr May Jun Jul Aug Sep Oct Nov Dec
2011: Jan Feb Mar Apr May Jun Jul Aug Sep Oct Nov Dec
2010: Jan Feb Mar Apr May Jun Jul Aug Sep Oct Nov Dec
2009: Jan Feb Mar Apr May Jun Jul Aug Sep Oct Nov Dec
2008: Jan Feb Mar Apr May Jun Jul Aug Sep Oct Nov Dec
2007: Jan Feb Mar Apr May Jun Jul Aug Sep Oct Nov Dec
2006: Jan Feb Mar Apr May Jun Jul Aug Sep Oct Nov Dec
2005: Jan Feb Mar Apr May Jun Jul Aug Sep Oct Nov Dec
2024: Jan Feb Mar Apr May Jun Jul Aug Sep Oct Nov Dec
2023: Jan Feb Mar Apr May Jun Jul Aug Sep Oct Nov Dec
2022: Jan Feb Mar Apr May Jun Jul Aug Sep Oct Nov Dec
2021: Jan Feb Mar Apr May Jun Jul Aug Sep Oct Nov Dec
2020: Jan Feb Mar Apr May Jun Jul Aug Sep Oct Nov Dec
2019: Jan Feb Mar Apr May Jun Jul Aug Sep Oct Nov Dec
2018: Jan Feb Mar Apr May Jun Jul Aug Sep Oct Nov Dec
2017: Jan Feb Mar Apr May Jun Jul Aug Sep Oct Nov Dec
2016: Jan Feb Mar Apr May Jun Jul Aug Sep Oct Nov Dec
2015: Jan Feb Mar Apr May Jun Jul Aug Sep Oct Nov Dec
2014: Jan Feb Mar Apr May Jun Jul Aug Sep Oct Nov Dec
2013: Jan Feb Mar Apr May Jun Jul Aug Sep Oct Nov Dec
2012: Jan Feb Mar Apr May Jun Jul Aug Sep Oct Nov Dec
2011: Jan Feb Mar Apr May Jun Jul Aug Sep Oct Nov Dec
2010: Jan Feb Mar Apr May Jun Jul Aug Sep Oct Nov Dec
2009: Jan Feb Mar Apr May Jun Jul Aug Sep Oct Nov Dec
2008: Jan Feb Mar Apr May Jun Jul Aug Sep Oct Nov Dec
2007: Jan Feb Mar Apr May Jun Jul Aug Sep Oct Nov Dec
2006: Jan Feb Mar Apr May Jun Jul Aug Sep Oct Nov Dec
2005: Jan Feb Mar Apr May Jun Jul Aug Sep Oct Nov Dec
Report for 2019 October
Daily noaa report MONTHLY CLIMATOLOGICAL SUMMARY for OCT. 2019 NAME: CITY: STATE: ELEV: LAT: LONG: TEMPERATURE ( °F), RAIN (in.), WIND SPEED (mph) HEAT COOL AVG MEAN DEG DEG WIND DOM DAY TEMP HIGH TIME LOW TIME DAYS DAYS RAIN SPEED HIGH TIME DIR -------------------------------------------------------------------------------------------------------- 01 83.6 092.9 15:38 76.4 08:11 00.0 18.7 00.00 03.9 19.6 11:10 S 02 84.0 094.7 15:40 73.7 08:10 00.0 19.0 00.00 03.2 16.1 13:37 SSW 03 83.5 095.0 14:47 72.5 08:02 00.0 18.5 00.00 01.8 11.5 21:14 SSE 04 79.8 090.0 15:47 71.9 08:34 00.0 14.9 00.00 01.9 11.5 20:18 E 05 80.9 093.2 16:09 69.9 08:08 00.0 16.0 00.00 01.5 11.5 15:01 SSE 06 81.9 097.4 15:32 66.1 00:00 00.0 17.0 00.00 03.2 21.9 23:30 SSW 07 68.8 079.3 16:15 59.8 08:11 00.0 03.9 00.01 05.3 20.7 05:20 NE 08 67.7 080.1 16:34 55.3 08:06 00.0 02.7 00.00 01.9 11.5 15:18 ESE 09 75.4 086.8 17:10 62.8 06:06 00.0 10.4 00.00 03.5 17.3 17:11 S 10 79.7 092.1 16:20 59.6 00:00 00.0 14.8 00.22 05.6 24.1 20:46 SSW 11 53.4 064.0 15:42 43.2 08:26 11.5 00.0 00.22 07.3 26.4 07:32 N 12 52.4 066.7 16:02 37.0 08:04 12.5 00.0 00.00 00.9 11.5 12:27 ENE 13 64.1 076.8 14:44 51.3 00:46 00.8 00.0 00.00 01.7 12.7 14:32 S 14 66.8 075.1 14:23 59.8 06:36 00.0 01.9 00.03 01.0 11.5 14:46 SSE 15 75.7 084.6 16:32 66.5 00:00 00.0 10.8 00.37 03.4 25.3 23:28 SSW 16 61.6 069.5 14:39 54.1 00:00 03.4 00.0 00.00 03.7 20.7 03:25 NNE 17 58.3 071.2 15:13 47.7 08:22 06.7 00.0 00.00 00.6 10.3 12:34 ESE 18 62.8 077.3 16:20 48.8 08:19 02.1 00.0 00.00 01.7 13.8 13:32 SSE 19 70.5 085.1 15:22 59.3 06:35 00.0 05.6 00.01 02.9 16.1 14:43 WSW 20 71.3 088.3 15:42 32.0 21:32 00.0 06.4 00.53 03.1 31.1 21:38 S 21 64.4 075.8 00:32 52.1 00:00 00.5 00.0 00.85 04.4 43.7 01:16 NW 22 58.3 073.7 16:03 45.2 08:15 06.6 00.0 00.00 00.4 06.9 11:23 SW 23 65.4 081.0 15:01 51.4 08:08 00.0 00.5 00.00 04.3 25.3 15:29 S 24 64.0 076.3 14:41 57.8 19:41 01.0 00.0 00.79 04.1 19.6 11:38 SSE 25 51.0 058.0 00:04 47.2 08:03 14.0 00.0 00.45 07.4 24.1 06:29 WNW 26 56.4 068.1 15:47 49.0 07:47 08.6 00.0 00.00 05.8 21.9 11:16 WNW 27 60.9 076.0 15:38 49.4 03:02 04.0 00.0 00.00 02.9 19.6 16:18 S 28 58.7 065.9 17:11 51.5 00:00 06.3 00.0 00.04 02.1 16.1 19:08 WSW 29 47.5 051.6 01:27 45.2 07:45 17.5 00.0 00.74 04.0 17.3 22:13 N 30 43.7 045.6 00:19 39.3 00:00 21.2 00.0 00.40 07.7 29.9 21:37 NW 31 40.0 051.5 15:02 31.2 08:26 24.9 00.0 00.00 05.2 23.0 02:44 NW -------------------------------------------------------------------------------------------------------- 65.6 (65.7) 97.4 day 06 31.2 day 31 141.6 161.0 04.67 03.4 43.7 day 20 W Max > 86: 9 Min < 86: 31 Max Rain: 0.85 ON 21-10-21 Days of Rain: 13 (> .008in) 9 (> .08in) 1 (> 0.8in)