NOAA-Style Climate Reports
Select a Year or Month report
2024: Jan Feb Mar Apr May Jun Jul Aug Sep Oct Nov Dec
2023: Jan Feb Mar Apr May Jun Jul Aug Sep Oct Nov Dec
2022: Jan Feb Mar Apr May Jun Jul Aug Sep Oct Nov Dec
2021: Jan Feb Mar Apr May Jun Jul Aug Sep Oct Nov Dec
2020: Jan Feb Mar Apr May Jun Jul Aug Sep Oct Nov Dec
2019: Jan Feb Mar Apr May Jun Jul Aug Sep Oct Nov Dec
2018: Jan Feb Mar Apr May Jun Jul Aug Sep Oct Nov Dec
2017: Jan Feb Mar Apr May Jun Jul Aug Sep Oct Nov Dec
2016: Jan Feb Mar Apr May Jun Jul Aug Sep Oct Nov Dec
2015: Jan Feb Mar Apr May Jun Jul Aug Sep Oct Nov Dec
2014: Jan Feb Mar Apr May Jun Jul Aug Sep Oct Nov Dec
2013: Jan Feb Mar Apr May Jun Jul Aug Sep Oct Nov Dec
2012: Jan Feb Mar Apr May Jun Jul Aug Sep Oct Nov Dec
2011: Jan Feb Mar Apr May Jun Jul Aug Sep Oct Nov Dec
2010: Jan Feb Mar Apr May Jun Jul Aug Sep Oct Nov Dec
2009: Jan Feb Mar Apr May Jun Jul Aug Sep Oct Nov Dec
2008: Jan Feb Mar Apr May Jun Jul Aug Sep Oct Nov Dec
2007: Jan Feb Mar Apr May Jun Jul Aug Sep Oct Nov Dec
2006: Jan Feb Mar Apr May Jun Jul Aug Sep Oct Nov Dec
2005: Jan Feb Mar Apr May Jun Jul Aug Sep Oct Nov Dec
2024: Jan Feb Mar Apr May Jun Jul Aug Sep Oct Nov Dec
2023: Jan Feb Mar Apr May Jun Jul Aug Sep Oct Nov Dec
2022: Jan Feb Mar Apr May Jun Jul Aug Sep Oct Nov Dec
2021: Jan Feb Mar Apr May Jun Jul Aug Sep Oct Nov Dec
2020: Jan Feb Mar Apr May Jun Jul Aug Sep Oct Nov Dec
2019: Jan Feb Mar Apr May Jun Jul Aug Sep Oct Nov Dec
2018: Jan Feb Mar Apr May Jun Jul Aug Sep Oct Nov Dec
2017: Jan Feb Mar Apr May Jun Jul Aug Sep Oct Nov Dec
2016: Jan Feb Mar Apr May Jun Jul Aug Sep Oct Nov Dec
2015: Jan Feb Mar Apr May Jun Jul Aug Sep Oct Nov Dec
2014: Jan Feb Mar Apr May Jun Jul Aug Sep Oct Nov Dec
2013: Jan Feb Mar Apr May Jun Jul Aug Sep Oct Nov Dec
2012: Jan Feb Mar Apr May Jun Jul Aug Sep Oct Nov Dec
2011: Jan Feb Mar Apr May Jun Jul Aug Sep Oct Nov Dec
2010: Jan Feb Mar Apr May Jun Jul Aug Sep Oct Nov Dec
2009: Jan Feb Mar Apr May Jun Jul Aug Sep Oct Nov Dec
2008: Jan Feb Mar Apr May Jun Jul Aug Sep Oct Nov Dec
2007: Jan Feb Mar Apr May Jun Jul Aug Sep Oct Nov Dec
2006: Jan Feb Mar Apr May Jun Jul Aug Sep Oct Nov Dec
2005: Jan Feb Mar Apr May Jun Jul Aug Sep Oct Nov Dec
Report for 2019 November
Daily noaa report MONTHLY CLIMATOLOGICAL SUMMARY for NOV. 2019 NAME: CITY: STATE: ELEV: LAT: LONG: TEMPERATURE ( °F), RAIN (in.), WIND SPEED (mph) HEAT COOL AVG MEAN DEG DEG WIND DOM DAY TEMP HIGH TIME LOW TIME DAYS DAYS RAIN SPEED HIGH TIME DIR -------------------------------------------------------------------------------------------------------- 01 44.2 060.5 16:00 29.6 07:37 20.8 00.0 00.00 02.0 14.9 17:06 S 02 48.4 064.3 14:46 36.3 07:18 16.5 00.0 00.00 01.6 14.9 12:27 NE 03 51.0 067.7 13:14 35.2 07:13 13.9 00.0 00.00 02.3 18.4 16:38 SSE 04 62.7 077.5 14:28 50.5 07:33 02.2 00.0 00.00 04.0 23.0 13:23 S 05 64.0 065.5 10:46 60.8 01:22 00.9 00.0 00.16 00.3 06.9 11:41 ESE 06 68.7 076.7 14:09 63.4 08:11 00.0 03.7 00.00 02.0 14.9 12:36 S 07 52.3 067.6 00:06 43.1 17:02 12.7 00.0 00.62 05.3 24.1 16:39 N 08 46.1 054.5 15:32 41.0 00:00 18.9 00.0 00.00 02.2 16.1 01:19 NE 09 51.4 067.2 15:02 37.1 06:16 13.6 00.0 00.00 01.5 11.5 14:29 S 10 59.8 074.9 14:04 46.0 07:04 05.1 00.0 00.00 03.7 20.7 13:13 S 11 48.3 065.5 10:40 29.3 00:00 16.6 00.0 00.02 07.3 32.2 11:08 N 12 30.8 040.5 15:06 23.0 07:14 34.1 00.0 00.00 05.0 25.3 01:00 NNE 13 36.1 046.7 13:44 22.8 07:13 28.8 00.0 00.00 03.6 19.6 09:40 S 14 48.0 059.6 15:02 41.2 08:06 17.0 00.0 00.00 02.4 16.1 12:29 NNE 15 46.4 061.2 15:05 34.1 07:31 18.5 00.0 00.00 01.0 08.1 13:37 NNE 16 47.7 063.2 14:04 32.8 07:24 17.3 00.0 00.00 01.5 13.8 12:08 SSW 17 52.6 067.7 15:16 38.7 07:38 12.4 00.0 00.00 01.5 11.5 17:00 WSW 18 55.0 072.2 14:34 38.2 07:34 10.0 00.0 00.00 01.4 13.8 11:33 WSW 19 60.2 080.4 14:34 42.0 07:30 04.7 00.0 00.00 01.3 13.8 14:46 S 20 66.2 077.4 15:33 56.6 01:04 00.0 01.3 00.00 04.7 25.3 15:06 S 21 68.1 077.8 12:07 54.6 00:00 00.0 03.2 00.18 04.2 19.6 21:39 S 22 47.9 054.5 00:04 42.9 00:00 17.0 00.0 00.48 06.3 24.1 10:24 NNW 23 44.9 056.0 14:07 36.8 07:23 20.0 00.0 00.00 02.2 17.3 13:33 WNW 24 52.3 070.8 14:08 35.1 07:38 12.6 00.0 00.00 02.0 12.7 13:32 SW 25 59.3 071.9 14:46 49.3 07:30 05.7 00.0 00.00 03.2 17.3 01:41 SSW 26 64.4 070.5 15:40 53.0 00:25 00.5 00.0 00.00 05.6 28.8 21:07 SSW 27 48.8 058.8 00:01 41.6 07:46 16.1 00.0 00.00 04.3 26.4 01:32 NNE 28 46.0 049.9 01:42 44.0 08:28 18.9 00.0 00.48 04.1 17.3 09:20 ENE 29 55.1 069.3 22:40 45.1 02:07 09.9 00.0 00.47 03.0 19.6 22:17 SE 30 66.2 071.3 13:25 54.7 23:25 00.0 01.3 00.19 07.8 26.4 19:37 WSW -------------------------------------------------------------------------------------------------------- 53.1 (53.7) 80.4 day 19 22.8 day 13 364.8 009.4 02.60 03.2 32.2 day 11 SSW Min < 86: 30 Min < 23: 2 Max Rain: 0.62 ON 7-11-21 Days of Rain: 8 (> .008in) 7 (> .08in) 0 (> 0.8in)