NOAA-Style Climate Reports
Select a Year or Month report
2024: Jan Feb Mar Apr May Jun Jul Aug Sep Oct Nov Dec
2023: Jan Feb Mar Apr May Jun Jul Aug Sep Oct Nov Dec
2022: Jan Feb Mar Apr May Jun Jul Aug Sep Oct Nov Dec
2021: Jan Feb Mar Apr May Jun Jul Aug Sep Oct Nov Dec
2020: Jan Feb Mar Apr May Jun Jul Aug Sep Oct Nov Dec
2019: Jan Feb Mar Apr May Jun Jul Aug Sep Oct Nov Dec
2018: Jan Feb Mar Apr May Jun Jul Aug Sep Oct Nov Dec
2017: Jan Feb Mar Apr May Jun Jul Aug Sep Oct Nov Dec
2016: Jan Feb Mar Apr May Jun Jul Aug Sep Oct Nov Dec
2015: Jan Feb Mar Apr May Jun Jul Aug Sep Oct Nov Dec
2014: Jan Feb Mar Apr May Jun Jul Aug Sep Oct Nov Dec
2013: Jan Feb Mar Apr May Jun Jul Aug Sep Oct Nov Dec
2012: Jan Feb Mar Apr May Jun Jul Aug Sep Oct Nov Dec
2011: Jan Feb Mar Apr May Jun Jul Aug Sep Oct Nov Dec
2010: Jan Feb Mar Apr May Jun Jul Aug Sep Oct Nov Dec
2009: Jan Feb Mar Apr May Jun Jul Aug Sep Oct Nov Dec
2008: Jan Feb Mar Apr May Jun Jul Aug Sep Oct Nov Dec
2007: Jan Feb Mar Apr May Jun Jul Aug Sep Oct Nov Dec
2006: Jan Feb Mar Apr May Jun Jul Aug Sep Oct Nov Dec
2005: Jan Feb Mar Apr May Jun Jul Aug Sep Oct Nov Dec
2024: Jan Feb Mar Apr May Jun Jul Aug Sep Oct Nov Dec
2023: Jan Feb Mar Apr May Jun Jul Aug Sep Oct Nov Dec
2022: Jan Feb Mar Apr May Jun Jul Aug Sep Oct Nov Dec
2021: Jan Feb Mar Apr May Jun Jul Aug Sep Oct Nov Dec
2020: Jan Feb Mar Apr May Jun Jul Aug Sep Oct Nov Dec
2019: Jan Feb Mar Apr May Jun Jul Aug Sep Oct Nov Dec
2018: Jan Feb Mar Apr May Jun Jul Aug Sep Oct Nov Dec
2017: Jan Feb Mar Apr May Jun Jul Aug Sep Oct Nov Dec
2016: Jan Feb Mar Apr May Jun Jul Aug Sep Oct Nov Dec
2015: Jan Feb Mar Apr May Jun Jul Aug Sep Oct Nov Dec
2014: Jan Feb Mar Apr May Jun Jul Aug Sep Oct Nov Dec
2013: Jan Feb Mar Apr May Jun Jul Aug Sep Oct Nov Dec
2012: Jan Feb Mar Apr May Jun Jul Aug Sep Oct Nov Dec
2011: Jan Feb Mar Apr May Jun Jul Aug Sep Oct Nov Dec
2010: Jan Feb Mar Apr May Jun Jul Aug Sep Oct Nov Dec
2009: Jan Feb Mar Apr May Jun Jul Aug Sep Oct Nov Dec
2008: Jan Feb Mar Apr May Jun Jul Aug Sep Oct Nov Dec
2007: Jan Feb Mar Apr May Jun Jul Aug Sep Oct Nov Dec
2006: Jan Feb Mar Apr May Jun Jul Aug Sep Oct Nov Dec
2005: Jan Feb Mar Apr May Jun Jul Aug Sep Oct Nov Dec
Report for 2019 December
Daily noaa report MONTHLY CLIMATOLOGICAL SUMMARY for DEC. 2019 NAME: CITY: STATE: ELEV: LAT: LONG: TEMPERATURE ( °F), RAIN (in.), WIND SPEED (mph) HEAT COOL AVG MEAN DEG DEG WIND DOM DAY TEMP HIGH TIME LOW TIME DAYS DAYS RAIN SPEED HIGH TIME DIR -------------------------------------------------------------------------------------------------------- 01 50.3 057.7 15:03 42.5 07:29 14.6 00.0 00.00 08.8 26.4 13:00 WNW 02 46.7 058.6 14:19 38.6 08:10 18.2 00.0 00.00 02.8 16.1 01:44 NNW 03 51.4 068.4 13:14 37.9 03:19 13.6 00.0 00.00 02.5 16.1 10:00 SW 04 54.3 069.0 14:22 38.7 08:02 10.7 00.0 00.00 01.0 09.2 00:05 WNW 05 60.0 072.3 14:05 47.2 05:19 05.0 00.0 00.00 05.2 26.4 14:06 S 06 58.1 066.1 14:04 48.1 00:00 06.8 00.0 00.00 06.7 27.6 08:06 NW 07 50.4 063.0 15:18 40.0 08:05 14.5 00.0 00.00 01.5 09.2 16:08 ENE 08 58.2 068.4 15:04 45.8 00:41 06.7 00.0 00.00 07.2 26.4 15:19 S 09 59.9 072.0 13:10 41.4 00:00 05.1 00.0 00.00 06.1 24.1 16:09 WNW 10 39.0 044.7 14:19 34.9 06:43 25.9 00.0 00.64 03.2 18.4 00:19 NNE 11 40.9 053.8 15:11 29.5 08:03 24.1 00.0 00.00 01.5 11.5 15:44 S 12 46.3 057.8 14:38 36.0 08:00 18.6 00.0 00.00 02.9 14.9 14:36 S 13 50.6 063.3 14:12 41.5 08:10 14.3 00.0 00.00 01.4 11.5 03:42 S 14 50.6 064.6 15:14 37.4 06:45 14.3 00.0 00.00 01.9 11.5 16:12 ENE 15 58.0 074.4 14:06 46.9 01:04 07.0 00.0 00.00 04.6 18.4 18:06 SSE 16 40.4 047.0 00:01 37.1 00:00 24.6 00.0 00.00 08.3 26.4 16:18 NW 17 39.4 051.1 14:04 31.5 07:39 25.5 00.0 00.00 04.7 20.7 02:14 NNW 18 41.7 059.6 14:27 27.5 08:13 23.2 00.0 00.00 01.2 11.5 15:27 W 19 44.1 060.1 14:03 28.6 08:00 20.8 00.0 00.00 02.8 18.4 13:16 S 20 45.2 050.3 16:40 40.1 02:42 19.7 00.0 00.02 02.7 12.7 14:24 SSE 21 46.5 050.4 15:22 43.3 08:13 18.5 00.0 00.00 01.0 09.2 13:40 E 22 49.4 059.0 15:01 39.3 00:00 15.5 00.0 00.00 02.0 11.5 17:01 NNW 23 48.0 066.2 14:05 32.8 07:42 16.9 00.0 00.00 00.6 09.2 13:30 SSW 24 52.3 070.5 14:36 36.4 06:27 12.7 00.0 00.00 02.1 14.9 15:40 S 25 56.0 070.9 14:06 42.3 08:01 08.9 00.0 00.00 02.9 20.7 11:39 S 26 56.5 064.9 16:14 49.2 05:40 08.5 00.0 00.00 01.0 10.3 13:07 S 27 61.5 070.9 14:46 54.3 07:23 03.4 00.0 00.00 02.0 11.5 22:36 SE 28 61.4 065.5 15:26 52.9 00:00 03.6 00.0 00.66 04.4 26.4 15:26 S 29 47.6 052.9 00:11 40.4 23:37 17.4 00.0 00.06 04.9 25.3 16:22 W 30 43.9 055.0 15:04 35.7 05:04 21.1 00.0 00.00 04.7 19.6 15:34 WNW 31 43.4 055.7 14:17 32.4 08:24 21.6 00.0 00.00 02.1 14.9 13:25 WNW -------------------------------------------------------------------------------------------------------- 50.1 (50.6) 74.4 day 15 27.5 day 18 461.2 000.0 01.38 03.4 27.6 day 16 WSW Min < 86: 31 Max Rain: 0.66 ON 28-12-21 Days of Rain: 4 (> .008in) 2 (> .08in) 0 (> 0.8in)