NOAA-Style Climate Reports
Select a Year or Month report
2024: Jan Feb Mar Apr May Jun Jul Aug Sep Oct Nov Dec
2023: Jan Feb Mar Apr May Jun Jul Aug Sep Oct Nov Dec
2022: Jan Feb Mar Apr May Jun Jul Aug Sep Oct Nov Dec
2021: Jan Feb Mar Apr May Jun Jul Aug Sep Oct Nov Dec
2020: Jan Feb Mar Apr May Jun Jul Aug Sep Oct Nov Dec
2019: Jan Feb Mar Apr May Jun Jul Aug Sep Oct Nov Dec
2018: Jan Feb Mar Apr May Jun Jul Aug Sep Oct Nov Dec
2017: Jan Feb Mar Apr May Jun Jul Aug Sep Oct Nov Dec
2016: Jan Feb Mar Apr May Jun Jul Aug Sep Oct Nov Dec
2015: Jan Feb Mar Apr May Jun Jul Aug Sep Oct Nov Dec
2014: Jan Feb Mar Apr May Jun Jul Aug Sep Oct Nov Dec
2013: Jan Feb Mar Apr May Jun Jul Aug Sep Oct Nov Dec
2012: Jan Feb Mar Apr May Jun Jul Aug Sep Oct Nov Dec
2011: Jan Feb Mar Apr May Jun Jul Aug Sep Oct Nov Dec
2010: Jan Feb Mar Apr May Jun Jul Aug Sep Oct Nov Dec
2009: Jan Feb Mar Apr May Jun Jul Aug Sep Oct Nov Dec
2008: Jan Feb Mar Apr May Jun Jul Aug Sep Oct Nov Dec
2007: Jan Feb Mar Apr May Jun Jul Aug Sep Oct Nov Dec
2006: Jan Feb Mar Apr May Jun Jul Aug Sep Oct Nov Dec
2005: Jan Feb Mar Apr May Jun Jul Aug Sep Oct Nov Dec
2024: Jan Feb Mar Apr May Jun Jul Aug Sep Oct Nov Dec
2023: Jan Feb Mar Apr May Jun Jul Aug Sep Oct Nov Dec
2022: Jan Feb Mar Apr May Jun Jul Aug Sep Oct Nov Dec
2021: Jan Feb Mar Apr May Jun Jul Aug Sep Oct Nov Dec
2020: Jan Feb Mar Apr May Jun Jul Aug Sep Oct Nov Dec
2019: Jan Feb Mar Apr May Jun Jul Aug Sep Oct Nov Dec
2018: Jan Feb Mar Apr May Jun Jul Aug Sep Oct Nov Dec
2017: Jan Feb Mar Apr May Jun Jul Aug Sep Oct Nov Dec
2016: Jan Feb Mar Apr May Jun Jul Aug Sep Oct Nov Dec
2015: Jan Feb Mar Apr May Jun Jul Aug Sep Oct Nov Dec
2014: Jan Feb Mar Apr May Jun Jul Aug Sep Oct Nov Dec
2013: Jan Feb Mar Apr May Jun Jul Aug Sep Oct Nov Dec
2012: Jan Feb Mar Apr May Jun Jul Aug Sep Oct Nov Dec
2011: Jan Feb Mar Apr May Jun Jul Aug Sep Oct Nov Dec
2010: Jan Feb Mar Apr May Jun Jul Aug Sep Oct Nov Dec
2009: Jan Feb Mar Apr May Jun Jul Aug Sep Oct Nov Dec
2008: Jan Feb Mar Apr May Jun Jul Aug Sep Oct Nov Dec
2007: Jan Feb Mar Apr May Jun Jul Aug Sep Oct Nov Dec
2006: Jan Feb Mar Apr May Jun Jul Aug Sep Oct Nov Dec
2005: Jan Feb Mar Apr May Jun Jul Aug Sep Oct Nov Dec
Report for 2020 May
Daily noaa report MONTHLY CLIMATOLOGICAL SUMMARY for MAY. 2020 NAME: CITY: STATE: ELEV: LAT: LONG: TEMPERATURE ( °F), RAIN (in.), WIND SPEED (mph) HEAT COOL AVG MEAN DEG DEG WIND DOM DAY TEMP HIGH TIME LOW TIME DAYS DAYS RAIN SPEED HIGH TIME DIR -------------------------------------------------------------------------------------------------------- 01 73.2 086.5 15:23 60.0 07:26 00.0 08.3 00.00 04.9 25.3 12:47 S 02 75.6 086.7 16:37 65.6 07:23 00.0 10.7 00.00 06.6 26.4 14:42 S 03 78.9 089.0 16:23 69.2 07:04 00.0 14.0 00.00 06.0 23.0 00:06 SSW 04 79.9 090.2 16:25 70.5 07:37 00.0 15.0 00.00 05.7 25.3 14:03 SSW 05 73.3 080.8 00:19 62.1 07:46 00.0 08.4 00.09 04.7 21.9 06:05 NE 06 68.7 081.5 14:02 53.5 06:46 00.0 03.8 00.00 01.7 13.8 14:22 NE 07 71.3 083.8 17:38 56.7 07:04 00.0 06.4 00.00 04.4 38.0 23:23 SSE 08 68.2 074.0 15:21 59.8 00:00 00.0 03.3 00.34 07.2 29.9 10:07 NNE 09 63.2 074.2 16:41 51.7 07:08 01.7 00.0 00.00 02.6 13.8 15:22 E 10 65.8 077.8 16:06 52.9 07:26 00.0 00.8 00.00 01.3 12.7 16:00 ESE 11 69.4 080.3 15:46 56.7 07:15 00.0 04.4 00.00 03.7 18.4 08:43 ESE 12 70.5 077.9 14:02 66.8 08:36 00.0 05.5 00.19 02.6 16.1 17:38 SSE 13 73.8 083.2 18:01 66.6 03:01 00.0 08.8 00.00 03.7 18.4 14:00 S 14 78.8 088.1 16:44 71.1 07:19 00.0 13.9 00.00 03.9 19.6 12:37 SSE 15 74.7 085.9 17:38 65.9 00:00 00.0 09.8 00.02 04.7 38.0 19:06 SE 16 66.7 069.4 13:34 65.5 21:01 00.0 01.8 01.17 04.5 25.3 17:08 N 17 74.3 086.6 15:10 65.5 07:17 00.0 09.3 00.06 06.0 20.7 10:42 NW 18 75.6 088.4 16:13 62.5 06:38 00.0 10.6 00.00 01.1 11.5 17:00 SE 19 78.8 090.4 16:10 70.4 07:22 00.0 13.9 00.00 03.2 17.3 18:21 E 20 72.8 075.9 00:34 70.1 07:28 00.0 07.8 00.00 04.0 18.4 10:11 ESE 21 77.0 085.6 17:09 70.6 05:42 00.0 12.0 00.00 02.8 13.8 18:30 SSE 22 82.0 090.5 15:02 75.2 07:18 00.0 17.0 00.00 04.5 20.7 14:42 S 23 77.7 088.9 14:30 66.4 06:13 00.0 12.8 00.31 03.9 31.1 01:12 SSE 24 75.7 086.1 13:36 67.3 00:00 00.0 10.7 00.12 03.8 25.3 15:10 SSE 25 67.7 069.8 11:17 65.3 00:00 00.0 02.7 00.94 02.6 21.9 15:22 WNW 26 67.2 072.5 16:40 63.4 03:21 00.0 02.3 00.00 03.1 18.4 16:10 W 27 71.9 085.0 15:23 58.9 07:07 00.0 07.0 00.00 00.8 11.5 14:46 S 28 75.4 086.7 16:04 67.5 07:05 00.0 10.5 00.08 02.1 19.6 19:04 N 29 76.7 087.9 15:46 65.0 07:06 00.0 11.8 00.00 02.9 17.3 13:41 NE 30 76.5 086.6 15:38 64.9 07:26 00.0 11.6 00.00 01.9 11.5 17:17 E 31 76.7 087.1 14:39 64.7 07:06 00.0 11.7 00.00 01.9 12.7 08:41 ESE -------------------------------------------------------------------------------------------------------- 73.5 (73.7) 90.5 day 22 51.7 day 09 001.7 266.6 00.00 03.6 38.0 day 07 SE Max > 86: 15 Min < 86: 31 Max Rain: 1.17 ON 16-05-21 Days of Rain: 10 (> .008in) 8 (> .08in) 2 (> 0.8in)