NOAA-Style Climate Reports
Select a Year or Month report
2024: Jan Feb Mar Apr May Jun Jul Aug Sep Oct Nov Dec
2023: Jan Feb Mar Apr May Jun Jul Aug Sep Oct Nov Dec
2022: Jan Feb Mar Apr May Jun Jul Aug Sep Oct Nov Dec
2021: Jan Feb Mar Apr May Jun Jul Aug Sep Oct Nov Dec
2020: Jan Feb Mar Apr May Jun Jul Aug Sep Oct Nov Dec
2019: Jan Feb Mar Apr May Jun Jul Aug Sep Oct Nov Dec
2018: Jan Feb Mar Apr May Jun Jul Aug Sep Oct Nov Dec
2017: Jan Feb Mar Apr May Jun Jul Aug Sep Oct Nov Dec
2016: Jan Feb Mar Apr May Jun Jul Aug Sep Oct Nov Dec
2015: Jan Feb Mar Apr May Jun Jul Aug Sep Oct Nov Dec
2014: Jan Feb Mar Apr May Jun Jul Aug Sep Oct Nov Dec
2013: Jan Feb Mar Apr May Jun Jul Aug Sep Oct Nov Dec
2012: Jan Feb Mar Apr May Jun Jul Aug Sep Oct Nov Dec
2011: Jan Feb Mar Apr May Jun Jul Aug Sep Oct Nov Dec
2010: Jan Feb Mar Apr May Jun Jul Aug Sep Oct Nov Dec
2009: Jan Feb Mar Apr May Jun Jul Aug Sep Oct Nov Dec
2008: Jan Feb Mar Apr May Jun Jul Aug Sep Oct Nov Dec
2007: Jan Feb Mar Apr May Jun Jul Aug Sep Oct Nov Dec
2006: Jan Feb Mar Apr May Jun Jul Aug Sep Oct Nov Dec
2005: Jan Feb Mar Apr May Jun Jul Aug Sep Oct Nov Dec
2024: Jan Feb Mar Apr May Jun Jul Aug Sep Oct Nov Dec
2023: Jan Feb Mar Apr May Jun Jul Aug Sep Oct Nov Dec
2022: Jan Feb Mar Apr May Jun Jul Aug Sep Oct Nov Dec
2021: Jan Feb Mar Apr May Jun Jul Aug Sep Oct Nov Dec
2020: Jan Feb Mar Apr May Jun Jul Aug Sep Oct Nov Dec
2019: Jan Feb Mar Apr May Jun Jul Aug Sep Oct Nov Dec
2018: Jan Feb Mar Apr May Jun Jul Aug Sep Oct Nov Dec
2017: Jan Feb Mar Apr May Jun Jul Aug Sep Oct Nov Dec
2016: Jan Feb Mar Apr May Jun Jul Aug Sep Oct Nov Dec
2015: Jan Feb Mar Apr May Jun Jul Aug Sep Oct Nov Dec
2014: Jan Feb Mar Apr May Jun Jul Aug Sep Oct Nov Dec
2013: Jan Feb Mar Apr May Jun Jul Aug Sep Oct Nov Dec
2012: Jan Feb Mar Apr May Jun Jul Aug Sep Oct Nov Dec
2011: Jan Feb Mar Apr May Jun Jul Aug Sep Oct Nov Dec
2010: Jan Feb Mar Apr May Jun Jul Aug Sep Oct Nov Dec
2009: Jan Feb Mar Apr May Jun Jul Aug Sep Oct Nov Dec
2008: Jan Feb Mar Apr May Jun Jul Aug Sep Oct Nov Dec
2007: Jan Feb Mar Apr May Jun Jul Aug Sep Oct Nov Dec
2006: Jan Feb Mar Apr May Jun Jul Aug Sep Oct Nov Dec
2005: Jan Feb Mar Apr May Jun Jul Aug Sep Oct Nov Dec
Report for 2020 July
Daily noaa report MONTHLY CLIMATOLOGICAL SUMMARY for JUL. 2020 NAME: CITY: STATE: ELEV: LAT: LONG: TEMPERATURE ( °F), RAIN (in.), WIND SPEED (mph) HEAT COOL AVG MEAN DEG DEG WIND DOM DAY TEMP HIGH TIME LOW TIME DAYS DAYS RAIN SPEED HIGH TIME DIR -------------------------------------------------------------------------------------------------------- 01 85.6 093.5 15:40 79.6 07:04 00.0 20.7 00.00 04.9 20.7 10:37 S 02 84.3 093.7 14:10 78.8 06:28 00.0 19.3 00.01 02.4 27.6 19:21 SSW 03 85.3 097.1 16:23 76.6 05:15 00.0 20.4 00.00 01.8 25.3 19:45 S 04 82.8 093.0 18:02 73.7 06:40 00.0 17.9 00.00 01.7 14.9 11:42 SE 05 82.7 094.2 15:05 78.3 07:20 00.0 17.8 00.21 01.4 20.7 11:02 ESE 06 79.9 089.2 15:40 75.4 00:00 00.0 15.0 00.00 01.5 19.6 19:08 SSE 07 80.0 088.5 17:17 74.1 02:37 00.0 15.1 00.00 01.9 14.9 10:37 SSE 08 83.9 093.2 16:15 75.7 07:07 00.0 18.9 00.00 02.5 14.9 17:18 S 09 86.6 094.2 17:04 78.6 07:06 00.0 21.7 00.00 04.0 18.4 18:04 S 10 85.8 094.8 15:25 77.8 07:32 00.0 20.9 00.00 02.8 17.3 20:04 S 11 87.5 097.3 16:15 79.7 07:18 00.0 22.6 00.00 02.4 12.7 18:07 S 12 88.2 099.2 15:35 77.5 07:40 00.0 23.3 00.00 03.3 33.4 03:17 ESE 13 89.9 100.4 15:14 81.5 07:26 00.0 25.0 00.00 02.8 14.9 18:00 SSE 14 88.0 096.5 16:24 78.7 07:27 00.0 23.1 00.00 04.7 19.6 23:35 S 15 87.4 096.0 16:46 79.4 07:23 00.0 22.5 00.00 05.4 21.9 01:28 SSW 16 87.5 097.3 17:09 79.9 07:27 00.0 22.5 00.00 03.1 13.8 10:04 S 17 88.1 097.7 16:10 78.8 07:15 00.0 23.2 00.00 02.0 14.9 18:28 SSE 18 85.3 093.4 16:18 77.1 07:34 00.0 20.4 00.00 03.5 16.1 15:34 S 19 85.6 095.5 16:25 76.6 07:22 00.0 20.7 00.00 02.5 14.9 17:03 S 20 86.1 096.9 16:17 77.1 07:20 00.0 21.2 00.00 02.0 12.7 18:21 S 21 83.0 093.1 16:10 76.2 07:06 00.0 18.1 00.00 02.3 19.6 16:35 SE 22 84.3 095.0 17:12 76.9 07:05 00.0 19.4 00.00 01.9 14.9 21:17 SE 23 86.3 096.3 17:37 77.9 07:13 00.0 21.4 00.00 02.0 14.9 19:06 SE 24 86.6 096.1 15:31 78.1 07:12 00.0 21.7 00.00 03.1 19.6 19:32 E 25 84.2 093.0 17:19 78.2 07:05 00.0 19.2 00.00 02.8 14.9 17:30 ESE 26 82.5 093.8 16:18 77.3 07:19 00.0 17.5 00.17 01.5 23.0 19:03 S 27 82.4 092.1 16:44 75.0 07:34 00.0 17.4 00.00 01.6 17.3 02:24 S 28 79.1 082.9 10:47 76.8 13:19 00.0 14.2 00.26 00.7 12.7 11:04 SSW 29 83.6 094.2 17:18 77.4 07:23 00.0 18.7 00.01 03.3 19.6 19:01 S 30 86.6 097.8 16:43 74.5 00:00 00.0 21.6 00.31 05.8 19.6 23:23 SSW 31 80.8 092.0 17:10 71.4 04:25 00.0 15.9 00.00 03.8 19.6 13:06 NW -------------------------------------------------------------------------------------------------------- 84.8 (85.8) 100.4 day 13 71.4 day 31 000.0 617.1 00.00 02.7 33.4 day 12 S Max > 86: 30 Min < 86: 31 Max Rain: 0.31 ON 30-07-21 Days of Rain: 6 (> .008in) 4 (> .08in) 0 (> 0.8in)