NOAA-Style Climate Reports
Select a Year or Month report
2024: Jan Feb Mar Apr May Jun Jul Aug Sep Oct Nov Dec
2023: Jan Feb Mar Apr May Jun Jul Aug Sep Oct Nov Dec
2022: Jan Feb Mar Apr May Jun Jul Aug Sep Oct Nov Dec
2021: Jan Feb Mar Apr May Jun Jul Aug Sep Oct Nov Dec
2020: Jan Feb Mar Apr May Jun Jul Aug Sep Oct Nov Dec
2019: Jan Feb Mar Apr May Jun Jul Aug Sep Oct Nov Dec
2018: Jan Feb Mar Apr May Jun Jul Aug Sep Oct Nov Dec
2017: Jan Feb Mar Apr May Jun Jul Aug Sep Oct Nov Dec
2016: Jan Feb Mar Apr May Jun Jul Aug Sep Oct Nov Dec
2015: Jan Feb Mar Apr May Jun Jul Aug Sep Oct Nov Dec
2014: Jan Feb Mar Apr May Jun Jul Aug Sep Oct Nov Dec
2013: Jan Feb Mar Apr May Jun Jul Aug Sep Oct Nov Dec
2012: Jan Feb Mar Apr May Jun Jul Aug Sep Oct Nov Dec
2011: Jan Feb Mar Apr May Jun Jul Aug Sep Oct Nov Dec
2010: Jan Feb Mar Apr May Jun Jul Aug Sep Oct Nov Dec
2009: Jan Feb Mar Apr May Jun Jul Aug Sep Oct Nov Dec
2008: Jan Feb Mar Apr May Jun Jul Aug Sep Oct Nov Dec
2007: Jan Feb Mar Apr May Jun Jul Aug Sep Oct Nov Dec
2006: Jan Feb Mar Apr May Jun Jul Aug Sep Oct Nov Dec
2005: Jan Feb Mar Apr May Jun Jul Aug Sep Oct Nov Dec
2024: Jan Feb Mar Apr May Jun Jul Aug Sep Oct Nov Dec
2023: Jan Feb Mar Apr May Jun Jul Aug Sep Oct Nov Dec
2022: Jan Feb Mar Apr May Jun Jul Aug Sep Oct Nov Dec
2021: Jan Feb Mar Apr May Jun Jul Aug Sep Oct Nov Dec
2020: Jan Feb Mar Apr May Jun Jul Aug Sep Oct Nov Dec
2019: Jan Feb Mar Apr May Jun Jul Aug Sep Oct Nov Dec
2018: Jan Feb Mar Apr May Jun Jul Aug Sep Oct Nov Dec
2017: Jan Feb Mar Apr May Jun Jul Aug Sep Oct Nov Dec
2016: Jan Feb Mar Apr May Jun Jul Aug Sep Oct Nov Dec
2015: Jan Feb Mar Apr May Jun Jul Aug Sep Oct Nov Dec
2014: Jan Feb Mar Apr May Jun Jul Aug Sep Oct Nov Dec
2013: Jan Feb Mar Apr May Jun Jul Aug Sep Oct Nov Dec
2012: Jan Feb Mar Apr May Jun Jul Aug Sep Oct Nov Dec
2011: Jan Feb Mar Apr May Jun Jul Aug Sep Oct Nov Dec
2010: Jan Feb Mar Apr May Jun Jul Aug Sep Oct Nov Dec
2009: Jan Feb Mar Apr May Jun Jul Aug Sep Oct Nov Dec
2008: Jan Feb Mar Apr May Jun Jul Aug Sep Oct Nov Dec
2007: Jan Feb Mar Apr May Jun Jul Aug Sep Oct Nov Dec
2006: Jan Feb Mar Apr May Jun Jul Aug Sep Oct Nov Dec
2005: Jan Feb Mar Apr May Jun Jul Aug Sep Oct Nov Dec
Report for 2020 September
Daily noaa report MONTHLY CLIMATOLOGICAL SUMMARY for SEP. 2020 NAME: CITY: STATE: ELEV: LAT: LONG: TEMPERATURE ( °F), RAIN (in.), WIND SPEED (mph) HEAT COOL AVG MEAN DEG DEG WIND DOM DAY TEMP HIGH TIME LOW TIME DAYS DAYS RAIN SPEED HIGH TIME DIR -------------------------------------------------------------------------------------------------------- 01 81.0 090.2 11:02 72.5 21:02 00.0 16.0 00.83 05.1 26.4 19:11 S 02 75.3 080.1 14:46 72.5 08:06 00.0 10.4 00.62 02.0 12.7 15:25 SSW 03 76.0 081.6 15:36 72.4 03:19 00.0 11.0 00.00 00.7 11.5 12:36 SSE 04 79.1 088.6 16:30 72.3 08:26 00.0 14.1 00.00 01.1 12.7 19:11 SE 05 80.4 091.6 15:05 75.5 07:11 00.0 15.4 00.09 01.0 24.1 15:45 ESE 06 81.1 090.4 15:22 73.5 07:44 00.0 16.1 00.00 01.8 11.5 18:12 SSW 07 83.4 093.8 16:22 74.5 07:42 00.0 18.5 00.00 02.7 16.1 16:00 S 08 81.4 090.8 15:25 75.2 07:12 00.0 16.4 00.00 03.4 19.6 17:46 S 09 77.7 086.2 14:38 68.5 00:00 00.0 12.7 02.02 02.2 18.4 23:21 SSW 10 64.7 070.6 16:20 58.5 07:39 00.3 00.0 00.12 05.2 20.7 01:49 NW 11 71.5 079.3 15:38 64.3 07:46 00.0 06.6 00.00 02.7 13.8 07:06 N 12 76.7 088.3 15:39 67.6 07:39 00.0 11.7 00.00 01.3 11.5 13:28 NNE 13 78.6 089.0 15:28 70.5 06:38 00.0 13.6 00.00 02.7 13.8 15:44 NNE 14 78.2 088.9 15:15 68.8 07:08 00.0 13.2 00.00 03.2 18.4 16:21 NE 15 80.5 088.9 14:18 74.1 08:14 00.0 15.5 00.00 02.5 12.7 13:26 NE 16 79.1 087.7 13:39 71.5 07:35 00.0 14.2 00.00 00.9 11.5 14:34 NE 17 79.6 089.4 14:47 72.8 08:15 00.0 14.7 00.00 02.1 13.8 15:01 NE 18 76.0 085.7 15:34 68.0 07:46 00.0 11.1 00.00 02.2 13.8 17:19 NE 19 71.7 080.8 15:39 63.7 08:16 00.0 06.8 00.00 02.4 14.9 14:44 ENE 20 71.4 083.2 16:19 60.8 06:13 00.0 06.5 00.00 02.9 17.3 12:19 ENE 21 69.3 073.1 11:34 65.8 00:00 00.0 04.3 00.46 04.3 17.3 12:34 E 22 67.2 069.7 13:45 65.7 00:32 00.0 02.3 00.41 02.7 12.7 19:30 ENE 23 67.8 073.5 15:18 63.3 08:30 00.0 02.8 00.00 02.0 12.7 11:23 NNE 24 68.7 076.8 16:26 63.3 00:00 00.0 03.8 00.01 00.9 11.5 10:25 NE 25 69.4 081.5 17:05 58.0 07:46 00.0 04.5 00.00 01.5 11.5 15:40 S 26 74.5 086.4 16:32 64.9 05:12 00.0 09.5 00.00 02.9 17.3 12:40 S 27 78.5 087.9 16:33 70.1 00:00 00.0 13.6 00.02 04.7 27.6 23:46 S 28 67.2 078.3 15:30 57.9 00:00 00.0 02.2 00.00 06.2 28.8 00:46 NNE 29 66.0 082.3 15:41 51.4 07:34 00.0 01.0 00.00 03.0 19.6 15:17 WNW 30 70.2 091.0 16:18 51.8 07:42 00.0 05.2 00.00 01.7 11.5 18:08 SW -------------------------------------------------------------------------------------------------------- 74.7 (75.6) 93.8 day 07 51.4 day 29 000.3 294.1 00.00 02.6 28.8 day 28 ENE Max > 86: 16 Min < 86: 30 Max Rain: 2.02 ON 9-09-21 Days of Rain: 9 (> .008in) 7 (> .08in) 2 (> 0.8in)