NOAA-Style Climate Reports
Select a Year or Month report
2024: Jan Feb Mar Apr May Jun Jul Aug Sep Oct Nov Dec
2023: Jan Feb Mar Apr May Jun Jul Aug Sep Oct Nov Dec
2022: Jan Feb Mar Apr May Jun Jul Aug Sep Oct Nov Dec
2021: Jan Feb Mar Apr May Jun Jul Aug Sep Oct Nov Dec
2020: Jan Feb Mar Apr May Jun Jul Aug Sep Oct Nov Dec
2019: Jan Feb Mar Apr May Jun Jul Aug Sep Oct Nov Dec
2018: Jan Feb Mar Apr May Jun Jul Aug Sep Oct Nov Dec
2017: Jan Feb Mar Apr May Jun Jul Aug Sep Oct Nov Dec
2016: Jan Feb Mar Apr May Jun Jul Aug Sep Oct Nov Dec
2015: Jan Feb Mar Apr May Jun Jul Aug Sep Oct Nov Dec
2014: Jan Feb Mar Apr May Jun Jul Aug Sep Oct Nov Dec
2013: Jan Feb Mar Apr May Jun Jul Aug Sep Oct Nov Dec
2012: Jan Feb Mar Apr May Jun Jul Aug Sep Oct Nov Dec
2011: Jan Feb Mar Apr May Jun Jul Aug Sep Oct Nov Dec
2010: Jan Feb Mar Apr May Jun Jul Aug Sep Oct Nov Dec
2009: Jan Feb Mar Apr May Jun Jul Aug Sep Oct Nov Dec
2008: Jan Feb Mar Apr May Jun Jul Aug Sep Oct Nov Dec
2007: Jan Feb Mar Apr May Jun Jul Aug Sep Oct Nov Dec
2006: Jan Feb Mar Apr May Jun Jul Aug Sep Oct Nov Dec
2005: Jan Feb Mar Apr May Jun Jul Aug Sep Oct Nov Dec
2024: Jan Feb Mar Apr May Jun Jul Aug Sep Oct Nov Dec
2023: Jan Feb Mar Apr May Jun Jul Aug Sep Oct Nov Dec
2022: Jan Feb Mar Apr May Jun Jul Aug Sep Oct Nov Dec
2021: Jan Feb Mar Apr May Jun Jul Aug Sep Oct Nov Dec
2020: Jan Feb Mar Apr May Jun Jul Aug Sep Oct Nov Dec
2019: Jan Feb Mar Apr May Jun Jul Aug Sep Oct Nov Dec
2018: Jan Feb Mar Apr May Jun Jul Aug Sep Oct Nov Dec
2017: Jan Feb Mar Apr May Jun Jul Aug Sep Oct Nov Dec
2016: Jan Feb Mar Apr May Jun Jul Aug Sep Oct Nov Dec
2015: Jan Feb Mar Apr May Jun Jul Aug Sep Oct Nov Dec
2014: Jan Feb Mar Apr May Jun Jul Aug Sep Oct Nov Dec
2013: Jan Feb Mar Apr May Jun Jul Aug Sep Oct Nov Dec
2012: Jan Feb Mar Apr May Jun Jul Aug Sep Oct Nov Dec
2011: Jan Feb Mar Apr May Jun Jul Aug Sep Oct Nov Dec
2010: Jan Feb Mar Apr May Jun Jul Aug Sep Oct Nov Dec
2009: Jan Feb Mar Apr May Jun Jul Aug Sep Oct Nov Dec
2008: Jan Feb Mar Apr May Jun Jul Aug Sep Oct Nov Dec
2007: Jan Feb Mar Apr May Jun Jul Aug Sep Oct Nov Dec
2006: Jan Feb Mar Apr May Jun Jul Aug Sep Oct Nov Dec
2005: Jan Feb Mar Apr May Jun Jul Aug Sep Oct Nov Dec
Report for 2020 December
Daily noaa report MONTHLY CLIMATOLOGICAL SUMMARY for DEC. 2020 NAME: CITY: STATE: ELEV: LAT: LONG: TEMPERATURE ( °F), RAIN (in.), WIND SPEED (mph) HEAT COOL AVG MEAN DEG DEG WIND DOM DAY TEMP HIGH TIME LOW TIME DAYS DAYS RAIN SPEED HIGH TIME DIR -------------------------------------------------------------------------------------------------------- 01 43.7 058.8 15:14 28.3 02:46 21.2 00.0 00.00 04.5 24.1 15:16 S 02 47.9 053.9 14:46 39.0 00:00 17.0 00.0 00.02 03.9 20.7 18:46 SW 03 42.5 050.3 12:07 35.5 03:02 22.4 00.0 00.00 05.7 20.7 15:45 WNW 04 43.7 056.8 14:46 32.8 07:45 21.3 00.0 00.00 02.0 12.7 03:02 WNW 05 46.6 063.4 13:22 30.7 07:36 18.3 00.0 00.00 00.9 11.5 14:14 W 06 52.5 061.3 15:42 46.6 20:42 12.5 00.0 00.00 04.6 19.6 15:42 NW 07 49.0 063.2 14:43 36.1 07:34 15.9 00.0 00.00 02.3 16.1 11:40 NW 08 51.0 071.8 14:04 35.4 07:45 14.0 00.0 00.00 01.3 12.7 14:00 WNW 09 53.6 077.2 14:38 34.2 07:34 11.4 00.0 00.00 00.8 10.3 14:45 WSW 10 58.3 077.7 15:00 40.0 07:34 06.6 00.0 00.00 04.0 24.1 14:33 S 11 60.0 066.6 15:16 47.6 00:00 04.9 00.0 00.20 02.2 16.1 19:03 W 12 46.4 054.1 15:15 39.2 08:00 18.5 00.0 00.00 02.5 17.3 08:27 NNW 13 40.2 043.1 01:10 36.4 19:38 24.7 00.0 00.82 06.3 25.3 17:26 NNE 14 40.3 049.2 15:08 32.6 08:08 24.6 00.0 00.00 03.0 17.3 00:08 N 15 39.5 041.8 16:10 36.6 01:10 25.4 00.0 00.03 03.2 13.8 12:07 ESE 16 36.9 044.0 14:35 29.8 00:00 28.0 00.0 00.00 03.8 18.4 07:42 NW 17 42.8 060.8 14:36 26.9 07:44 22.2 00.0 00.00 01.6 11.5 14:19 WSW 18 50.4 061.0 13:32 38.8 08:00 14.6 00.0 00.00 05.4 24.1 13:19 S 19 53.3 058.8 12:31 39.5 00:00 11.7 00.0 00.00 01.3 18.4 14:14 NNW 20 46.7 063.1 14:37 32.5 08:11 18.2 00.0 00.01 02.0 18.4 14:14 WNW 21 51.5 072.3 13:34 34.5 06:38 13.5 00.0 00.00 01.3 13.8 12:34 SW 22 55.1 070.7 15:02 39.3 07:03 09.9 00.0 00.00 04.2 20.7 14:14 S 23 58.3 071.9 12:12 37.1 00:00 06.7 00.0 00.00 07.4 36.8 21:07 NW 24 41.4 053.7 14:44 29.9 08:02 23.6 00.0 00.00 06.9 26.4 15:45 WNW 25 44.3 058.1 15:22 30.5 08:06 20.6 00.0 00.00 01.6 09.2 16:03 SSW 26 51.6 069.7 14:40 35.6 08:10 13.3 00.0 00.00 04.7 24.1 16:23 S 27 58.2 072.9 15:03 49.0 06:22 06.8 00.0 00.00 05.5 25.3 09:37 SSW 28 53.7 064.0 14:27 46.3 08:02 11.2 00.0 00.03 03.7 16.1 11:19 ENE 29 61.7 070.4 14:21 54.8 00:02 03.2 00.0 00.00 06.1 21.9 04:45 SSE 30 49.7 061.7 07:45 37.8 00:00 15.3 00.0 00.64 05.0 26.4 11:21 NNE 31 39.5 042.5 21:24 37.8 00:23 25.5 00.0 03.21 06.1 23.0 17:39 NE -------------------------------------------------------------------------------------------------------- 48.7 (49.0) 77.7 day 10 26.9 day 17 502.9 000.0 00.00 03.7 36.8 day 23 W Min < 86: 31 Max Rain: 3.21 ON 31-12-21 Days of Rain: 8 (> .008in) 4 (> .08in) 2 (> 0.8in)