NOAA-Style Climate Reports
Select a Year or Month report
2024: Jan Feb Mar Apr May Jun Jul Aug Sep Oct Nov Dec
2023: Jan Feb Mar Apr May Jun Jul Aug Sep Oct Nov Dec
2022: Jan Feb Mar Apr May Jun Jul Aug Sep Oct Nov Dec
2021: Jan Feb Mar Apr May Jun Jul Aug Sep Oct Nov Dec
2020: Jan Feb Mar Apr May Jun Jul Aug Sep Oct Nov Dec
2019: Jan Feb Mar Apr May Jun Jul Aug Sep Oct Nov Dec
2018: Jan Feb Mar Apr May Jun Jul Aug Sep Oct Nov Dec
2017: Jan Feb Mar Apr May Jun Jul Aug Sep Oct Nov Dec
2016: Jan Feb Mar Apr May Jun Jul Aug Sep Oct Nov Dec
2015: Jan Feb Mar Apr May Jun Jul Aug Sep Oct Nov Dec
2014: Jan Feb Mar Apr May Jun Jul Aug Sep Oct Nov Dec
2013: Jan Feb Mar Apr May Jun Jul Aug Sep Oct Nov Dec
2012: Jan Feb Mar Apr May Jun Jul Aug Sep Oct Nov Dec
2011: Jan Feb Mar Apr May Jun Jul Aug Sep Oct Nov Dec
2010: Jan Feb Mar Apr May Jun Jul Aug Sep Oct Nov Dec
2009: Jan Feb Mar Apr May Jun Jul Aug Sep Oct Nov Dec
2008: Jan Feb Mar Apr May Jun Jul Aug Sep Oct Nov Dec
2007: Jan Feb Mar Apr May Jun Jul Aug Sep Oct Nov Dec
2006: Jan Feb Mar Apr May Jun Jul Aug Sep Oct Nov Dec
2005: Jan Feb Mar Apr May Jun Jul Aug Sep Oct Nov Dec
2024: Jan Feb Mar Apr May Jun Jul Aug Sep Oct Nov Dec
2023: Jan Feb Mar Apr May Jun Jul Aug Sep Oct Nov Dec
2022: Jan Feb Mar Apr May Jun Jul Aug Sep Oct Nov Dec
2021: Jan Feb Mar Apr May Jun Jul Aug Sep Oct Nov Dec
2020: Jan Feb Mar Apr May Jun Jul Aug Sep Oct Nov Dec
2019: Jan Feb Mar Apr May Jun Jul Aug Sep Oct Nov Dec
2018: Jan Feb Mar Apr May Jun Jul Aug Sep Oct Nov Dec
2017: Jan Feb Mar Apr May Jun Jul Aug Sep Oct Nov Dec
2016: Jan Feb Mar Apr May Jun Jul Aug Sep Oct Nov Dec
2015: Jan Feb Mar Apr May Jun Jul Aug Sep Oct Nov Dec
2014: Jan Feb Mar Apr May Jun Jul Aug Sep Oct Nov Dec
2013: Jan Feb Mar Apr May Jun Jul Aug Sep Oct Nov Dec
2012: Jan Feb Mar Apr May Jun Jul Aug Sep Oct Nov Dec
2011: Jan Feb Mar Apr May Jun Jul Aug Sep Oct Nov Dec
2010: Jan Feb Mar Apr May Jun Jul Aug Sep Oct Nov Dec
2009: Jan Feb Mar Apr May Jun Jul Aug Sep Oct Nov Dec
2008: Jan Feb Mar Apr May Jun Jul Aug Sep Oct Nov Dec
2007: Jan Feb Mar Apr May Jun Jul Aug Sep Oct Nov Dec
2006: Jan Feb Mar Apr May Jun Jul Aug Sep Oct Nov Dec
2005: Jan Feb Mar Apr May Jun Jul Aug Sep Oct Nov Dec
Report for 2021 January
Daily noaa report MONTHLY CLIMATOLOGICAL SUMMARY for JAN. 2021 NAME: CITY: STATE: ELEV: LAT: LONG: TEMPERATURE ( °F), RAIN (in.), WIND SPEED (mph) HEAT COOL AVG MEAN DEG DEG WIND DOM DAY TEMP HIGH TIME LOW TIME DAYS DAYS RAIN SPEED HIGH TIME DIR -------------------------------------------------------------------------------------------------------- 01 39.1 040.9 15:32 36.3 08:10 25.8 00.0 00.02 06.7 21.9 10:00 W 02 44.2 054.1 15:02 36.7 07:21 20.7 00.0 00.00 03.4 16.1 10:19 WNW 03 48.6 065.3 15:08 37.1 07:47 16.4 00.0 00.00 03.9 19.6 12:20 SSW 04 50.7 067.3 15:15 37.1 08:18 14.2 00.0 00.00 01.4 14.9 15:11 N 05 51.4 066.4 15:09 35.5 07:35 13.5 00.0 00.00 02.6 16.1 13:15 SSE 06 53.0 058.3 14:14 45.4 23:32 11.9 00.0 00.01 06.1 26.4 17:40 W 07 46.3 051.2 12:30 43.0 00:00 18.6 00.0 00.00 07.6 25.3 05:13 NNW 08 43.7 050.1 14:46 35.2 00:00 21.2 00.0 00.00 03.7 18.4 13:32 N 09 38.6 048.5 16:02 28.8 05:05 26.4 00.0 00.00 01.8 10.3 16:33 ENE 10 37.1 039.0 00:04 35.6 13:33 27.8 00.0 00.05 02.6 13.8 17:46 NNE 11 39.1 048.6 14:47 31.1 00:00 25.8 00.0 00.00 01.9 12.7 10:06 N 12 39.8 054.2 14:36 26.2 08:10 25.1 00.0 00.00 01.7 14.9 15:42 WSW 13 46.0 064.0 14:45 29.6 08:07 19.0 00.0 00.00 03.4 16.1 16:35 SSW 14 50.4 065.0 13:46 37.7 08:12 14.5 00.0 00.00 06.3 32.2 13:09 NW 15 46.2 053.9 15:03 39.8 01:11 18.7 00.0 00.00 10.6 38.0 15:17 WNW 16 44.8 056.0 16:08 32.4 08:16 20.2 00.0 00.00 03.0 14.9 13:03 WNW 17 46.8 060.4 14:22 36.8 03:18 18.1 00.0 00.00 02.8 19.6 16:27 WNW 18 51.6 068.2 16:11 33.1 04:42 13.4 00.0 00.00 03.7 25.3 14:30 S 19 53.4 059.5 00:02 48.9 06:02 11.6 00.0 00.08 04.5 19.6 14:26 NE 20 47.1 050.3 00:08 45.2 19:22 17.9 00.0 00.38 01.8 11.5 23:15 ENE 21 49.4 053.1 17:25 46.1 05:03 15.5 00.0 00.05 01.7 18.4 15:37 S 22 49.7 051.4 16:30 47.2 02:00 15.2 00.0 00.01 02.2 13.8 10:30 ENE 23 50.4 053.8 16:46 46.4 09:03 14.6 00.0 00.08 02.5 11.5 13:12 ESE 24 54.7 062.7 00:00 50.7 08:03 10.2 00.0 00.36 01.8 11.5 22:19 ESE 25 59.7 067.9 15:10 45.0 00:00 05.2 00.0 00.24 04.9 25.3 05:31 WSW 26 47.3 057.2 15:46 38.2 08:06 17.6 00.0 00.00 03.8 19.6 21:45 NNE 27 43.8 051.7 12:14 36.0 00:00 21.1 00.0 00.00 04.9 26.4 13:09 N 28 39.7 049.4 14:31 30.0 08:04 25.2 00.0 00.00 02.1 11.5 10:19 E 29 49.2 060.7 16:28 38.5 06:09 15.8 00.0 00.00 03.7 19.6 12:33 SSE 30 61.6 075.5 14:12 50.6 00:43 03.4 00.0 00.03 09.7 36.8 14:11 SW 31 49.3 058.9 14:32 41.5 07:18 15.6 00.0 00.00 07.9 29.9 01:26 NW -------------------------------------------------------------------------------------------------------- 47.5 (47.8) 75.5 day 30 26.2 day 12 540.5 000.0 00.00 04.0 38.0 day 30 WNW Min < 86: 31 Max Rain: 0.38 ON 20-01-21 Days of Rain: 11 (> .008in) 5 (> .08in) 0 (> 0.8in)