NOAA-Style Climate Reports
Select a Year or Month report
2024: Jan Feb Mar Apr May Jun Jul Aug Sep Oct Nov Dec
2023: Jan Feb Mar Apr May Jun Jul Aug Sep Oct Nov Dec
2022: Jan Feb Mar Apr May Jun Jul Aug Sep Oct Nov Dec
2021: Jan Feb Mar Apr May Jun Jul Aug Sep Oct Nov Dec
2020: Jan Feb Mar Apr May Jun Jul Aug Sep Oct Nov Dec
2019: Jan Feb Mar Apr May Jun Jul Aug Sep Oct Nov Dec
2018: Jan Feb Mar Apr May Jun Jul Aug Sep Oct Nov Dec
2017: Jan Feb Mar Apr May Jun Jul Aug Sep Oct Nov Dec
2016: Jan Feb Mar Apr May Jun Jul Aug Sep Oct Nov Dec
2015: Jan Feb Mar Apr May Jun Jul Aug Sep Oct Nov Dec
2014: Jan Feb Mar Apr May Jun Jul Aug Sep Oct Nov Dec
2013: Jan Feb Mar Apr May Jun Jul Aug Sep Oct Nov Dec
2012: Jan Feb Mar Apr May Jun Jul Aug Sep Oct Nov Dec
2011: Jan Feb Mar Apr May Jun Jul Aug Sep Oct Nov Dec
2010: Jan Feb Mar Apr May Jun Jul Aug Sep Oct Nov Dec
2009: Jan Feb Mar Apr May Jun Jul Aug Sep Oct Nov Dec
2008: Jan Feb Mar Apr May Jun Jul Aug Sep Oct Nov Dec
2007: Jan Feb Mar Apr May Jun Jul Aug Sep Oct Nov Dec
2006: Jan Feb Mar Apr May Jun Jul Aug Sep Oct Nov Dec
2005: Jan Feb Mar Apr May Jun Jul Aug Sep Oct Nov Dec
2024: Jan Feb Mar Apr May Jun Jul Aug Sep Oct Nov Dec
2023: Jan Feb Mar Apr May Jun Jul Aug Sep Oct Nov Dec
2022: Jan Feb Mar Apr May Jun Jul Aug Sep Oct Nov Dec
2021: Jan Feb Mar Apr May Jun Jul Aug Sep Oct Nov Dec
2020: Jan Feb Mar Apr May Jun Jul Aug Sep Oct Nov Dec
2019: Jan Feb Mar Apr May Jun Jul Aug Sep Oct Nov Dec
2018: Jan Feb Mar Apr May Jun Jul Aug Sep Oct Nov Dec
2017: Jan Feb Mar Apr May Jun Jul Aug Sep Oct Nov Dec
2016: Jan Feb Mar Apr May Jun Jul Aug Sep Oct Nov Dec
2015: Jan Feb Mar Apr May Jun Jul Aug Sep Oct Nov Dec
2014: Jan Feb Mar Apr May Jun Jul Aug Sep Oct Nov Dec
2013: Jan Feb Mar Apr May Jun Jul Aug Sep Oct Nov Dec
2012: Jan Feb Mar Apr May Jun Jul Aug Sep Oct Nov Dec
2011: Jan Feb Mar Apr May Jun Jul Aug Sep Oct Nov Dec
2010: Jan Feb Mar Apr May Jun Jul Aug Sep Oct Nov Dec
2009: Jan Feb Mar Apr May Jun Jul Aug Sep Oct Nov Dec
2008: Jan Feb Mar Apr May Jun Jul Aug Sep Oct Nov Dec
2007: Jan Feb Mar Apr May Jun Jul Aug Sep Oct Nov Dec
2006: Jan Feb Mar Apr May Jun Jul Aug Sep Oct Nov Dec
2005: Jan Feb Mar Apr May Jun Jul Aug Sep Oct Nov Dec
Report for 2021 February
Daily noaa report MONTHLY CLIMATOLOGICAL SUMMARY for FEB. 2021 NAME: CITY: STATE: ELEV: LAT: LONG: TEMPERATURE ( °F), RAIN (in.), WIND SPEED (mph) HEAT COOL AVG MEAN DEG DEG WIND DOM DAY TEMP HIGH TIME LOW TIME DAYS DAYS RAIN SPEED HIGH TIME DIR -------------------------------------------------------------------------------------------------------- 01 47.2 059.6 15:34 35.7 10:01 17.8 00.0 00.00 02.7 18.4 13:40 N 02 49.6 062.0 15:14 39.2 05:19 15.4 00.0 00.00 02.2 12.7 13:36 SE 03 56.0 069.9 16:03 43.2 07:36 09.0 00.0 00.00 05.8 24.1 16:30 SSE 04 58.5 065.4 10:31 44.9 00:00 06.4 00.0 00.00 07.2 27.6 11:22 WSW 05 47.8 057.4 16:06 39.5 07:16 17.2 00.0 00.00 02.4 11.5 13:17 E 06 46.8 055.5 15:16 40.4 00:00 18.1 00.0 00.01 04.0 25.3 16:06 NE 07 45.8 057.6 15:07 37.3 01:37 19.1 00.0 00.00 04.1 16.1 14:21 SE 08 52.5 065.8 17:13 44.0 00:00 12.4 00.0 00.00 05.2 19.6 19:13 S 09 34.8 043.9 00:02 31.4 00:00 30.1 00.0 00.00 05.0 18.4 05:13 NNW 10 31.1 033.3 14:10 28.0 00:00 33.9 00.0 00.00 05.3 19.6 20:30 N 11 27.3 029.0 15:43 24.9 09:20 37.7 00.0 00.00 05.8 18.4 03:34 N 12 25.5 029.4 15:15 23.2 00:00 39.5 00.0 00.00 06.2 19.6 03:16 NNE 13 25.3 034.2 15:40 20.9 08:14 39.6 00.0 00.01 06.3 19.6 16:20 NNE 14 16.6 021.8 00:44 10.1 00:00 48.3 00.0 00.01 07.1 20.7 23:43 NNE 15 10.5 015.7 15:16 06.0 07:44 54.4 00.0 00.04 08.4 24.1 05:45 NW 16 12.3 021.0 00:00 01.5 07:21 52.6 00.0 00.00 03.4 12.7 21:08 E 17 24.7 030.1 13:14 19.8 04:14 40.3 00.0 00.00 03.6 12.7 22:34 NE 18 27.0 032.5 15:40 23.3 00:00 37.9 00.0 00.06 05.7 19.6 12:12 N 19 28.5 039.8 16:24 16.1 07:16 36.4 00.0 00.18 02.3 11.5 01:47 W 20 39.3 054.7 16:10 25.4 05:24 25.6 00.0 00.00 04.1 18.4 15:00 S 21 53.6 071.5 15:27 42.8 00:22 11.4 00.0 00.00 06.7 25.3 18:00 SW 22 52.5 071.2 15:04 31.8 07:30 12.4 00.0 00.00 01.6 14.9 14:20 SW 23 60.5 079.5 14:36 41.6 07:21 04.5 00.0 00.00 06.1 31.1 20:30 S 24 64.3 073.9 15:22 53.0 00:00 00.6 00.0 00.00 06.3 25.3 09:06 WSW 25 49.7 054.4 14:32 46.0 07:42 15.3 00.0 00.50 04.0 23.0 22:36 NE 26 51.9 058.9 14:35 45.6 07:24 13.1 00.0 01.34 01.3 13.8 01:16 SSW 27 57.4 065.5 17:28 50.7 03:40 07.5 00.0 00.10 01.0 11.5 09:17 SE 28 64.6 078.5 13:02 49.4 23:25 00.3 00.0 00.14 04.8 23.0 11:23 SW -------------------------------------------------------------------------------------------------------- 41.5 (41.9) 79.5 day 23 01.5 day 16 656.7 000.0 00.00 04.6 31.1 day 04 N Max < 32: 6 Min < 86: 28 Max < 23: 3 Min < 23: 6 Min < 5: 1 Max Rain: 1.34 ON 26-02-21 Days of Rain: 10 (> .008in) 5 (> .08in) 1 (> 0.8in)