NOAA-Style Climate Reports
Select a Year or Month report
2024: Jan Feb Mar Apr May Jun Jul Aug Sep Oct Nov Dec
2023: Jan Feb Mar Apr May Jun Jul Aug Sep Oct Nov Dec
2022: Jan Feb Mar Apr May Jun Jul Aug Sep Oct Nov Dec
2021: Jan Feb Mar Apr May Jun Jul Aug Sep Oct Nov Dec
2020: Jan Feb Mar Apr May Jun Jul Aug Sep Oct Nov Dec
2019: Jan Feb Mar Apr May Jun Jul Aug Sep Oct Nov Dec
2018: Jan Feb Mar Apr May Jun Jul Aug Sep Oct Nov Dec
2017: Jan Feb Mar Apr May Jun Jul Aug Sep Oct Nov Dec
2016: Jan Feb Mar Apr May Jun Jul Aug Sep Oct Nov Dec
2015: Jan Feb Mar Apr May Jun Jul Aug Sep Oct Nov Dec
2014: Jan Feb Mar Apr May Jun Jul Aug Sep Oct Nov Dec
2013: Jan Feb Mar Apr May Jun Jul Aug Sep Oct Nov Dec
2012: Jan Feb Mar Apr May Jun Jul Aug Sep Oct Nov Dec
2011: Jan Feb Mar Apr May Jun Jul Aug Sep Oct Nov Dec
2010: Jan Feb Mar Apr May Jun Jul Aug Sep Oct Nov Dec
2009: Jan Feb Mar Apr May Jun Jul Aug Sep Oct Nov Dec
2008: Jan Feb Mar Apr May Jun Jul Aug Sep Oct Nov Dec
2007: Jan Feb Mar Apr May Jun Jul Aug Sep Oct Nov Dec
2006: Jan Feb Mar Apr May Jun Jul Aug Sep Oct Nov Dec
2005: Jan Feb Mar Apr May Jun Jul Aug Sep Oct Nov Dec
2024: Jan Feb Mar Apr May Jun Jul Aug Sep Oct Nov Dec
2023: Jan Feb Mar Apr May Jun Jul Aug Sep Oct Nov Dec
2022: Jan Feb Mar Apr May Jun Jul Aug Sep Oct Nov Dec
2021: Jan Feb Mar Apr May Jun Jul Aug Sep Oct Nov Dec
2020: Jan Feb Mar Apr May Jun Jul Aug Sep Oct Nov Dec
2019: Jan Feb Mar Apr May Jun Jul Aug Sep Oct Nov Dec
2018: Jan Feb Mar Apr May Jun Jul Aug Sep Oct Nov Dec
2017: Jan Feb Mar Apr May Jun Jul Aug Sep Oct Nov Dec
2016: Jan Feb Mar Apr May Jun Jul Aug Sep Oct Nov Dec
2015: Jan Feb Mar Apr May Jun Jul Aug Sep Oct Nov Dec
2014: Jan Feb Mar Apr May Jun Jul Aug Sep Oct Nov Dec
2013: Jan Feb Mar Apr May Jun Jul Aug Sep Oct Nov Dec
2012: Jan Feb Mar Apr May Jun Jul Aug Sep Oct Nov Dec
2011: Jan Feb Mar Apr May Jun Jul Aug Sep Oct Nov Dec
2010: Jan Feb Mar Apr May Jun Jul Aug Sep Oct Nov Dec
2009: Jan Feb Mar Apr May Jun Jul Aug Sep Oct Nov Dec
2008: Jan Feb Mar Apr May Jun Jul Aug Sep Oct Nov Dec
2007: Jan Feb Mar Apr May Jun Jul Aug Sep Oct Nov Dec
2006: Jan Feb Mar Apr May Jun Jul Aug Sep Oct Nov Dec
2005: Jan Feb Mar Apr May Jun Jul Aug Sep Oct Nov Dec
Report for 2021 March
Daily noaa report MONTHLY CLIMATOLOGICAL SUMMARY for MAR. 2021 NAME: CITY: STATE: ELEV: LAT: LONG: TEMPERATURE ( °F), RAIN (in.), WIND SPEED (mph) HEAT COOL AVG MEAN DEG DEG WIND DOM DAY TEMP HIGH TIME LOW TIME DAYS DAYS RAIN SPEED HIGH TIME DIR -------------------------------------------------------------------------------------------------------- 01 50.7 057.9 16:06 44.8 09:34 14.3 00.0 00.18 03.8 20.7 05:23 NE 02 51.1 064.2 15:26 38.7 07:37 13.8 00.0 00.00 00.9 11.5 13:46 E 03 53.9 069.5 15:36 38.3 06:07 11.0 00.0 00.00 02.4 14.9 11:19 S 04 58.5 073.7 15:06 42.3 06:42 06.5 00.0 00.00 03.6 19.6 15:33 SSE 05 57.6 066.7 12:19 50.9 00:00 07.3 00.0 00.00 04.8 19.6 15:41 ESE 06 53.0 065.2 14:22 43.1 07:20 12.0 00.0 00.00 02.4 13.8 15:47 ENE 07 54.2 068.2 14:17 41.0 06:38 10.8 00.0 00.00 02.5 16.1 16:07 SSE 08 56.3 070.7 15:05 40.6 07:19 08.6 00.0 00.00 03.5 19.6 15:12 SSE 09 63.0 071.0 16:08 55.4 04:43 01.9 00.0 00.00 06.5 25.3 13:35 S 10 68.1 075.3 15:25 61.5 04:42 00.0 03.2 00.00 08.3 27.6 11:14 S 11 71.8 077.3 14:37 68.0 00:00 00.0 06.9 00.00 07.0 28.8 10:06 S 12 70.7 076.4 17:19 65.1 04:25 00.0 05.8 00.00 05.0 19.6 14:13 SSE 13 71.1 079.8 16:21 65.7 07:11 00.0 06.1 00.00 05.7 20.7 18:05 SSE 14 63.3 073.1 17:12 54.3 00:00 01.7 00.0 00.10 03.6 19.6 16:43 SW 15 63.9 081.6 16:10 47.5 08:05 01.1 00.0 00.01 04.4 28.8 14:37 SW 16 68.9 080.4 15:35 55.5 03:02 00.0 03.9 00.00 04.3 19.6 12:17 SSE 17 62.3 072.2 14:18 48.1 23:02 02.7 00.0 00.63 10.5 40.3 19:10 WSW 18 51.8 063.0 16:10 43.1 07:12 13.1 00.0 00.00 09.8 33.4 00:48 NW 19 53.1 064.9 16:36 42.4 08:00 11.8 00.0 00.00 03.6 19.6 14:20 NNE 20 55.4 068.2 17:08 43.9 04:37 09.5 00.0 00.00 03.0 16.1 23:30 ESE 21 56.7 069.3 17:13 43.7 08:02 08.3 00.0 00.00 05.1 20.7 15:01 SSE 22 58.5 064.3 13:19 52.8 23:27 06.5 00.0 01.17 04.5 40.3 21:42 SSE 23 60.7 074.0 16:22 49.3 07:41 04.3 00.0 00.00 05.2 19.6 17:22 WSW 24 63.1 079.0 16:19 50.0 04:18 01.8 00.0 00.00 04.0 20.7 23:20 E 25 59.2 069.0 16:21 52.6 05:26 05.7 00.0 00.66 04.6 24.1 02:40 WNW 26 63.2 077.6 17:22 47.8 07:34 01.7 00.0 00.00 03.1 20.7 14:05 SSE 27 69.0 080.7 14:26 56.9 05:28 00.0 04.1 00.00 03.6 23.0 23:30 SSW 28 62.7 072.9 15:28 53.0 00:00 02.2 00.0 00.00 04.6 20.7 04:14 NNE 29 61.0 076.6 16:42 43.7 07:45 03.9 00.0 00.00 04.3 20.7 15:26 SSE 30 67.6 077.5 18:13 59.0 07:30 00.0 02.7 00.00 05.7 23.0 12:32 S 31 60.2 067.0 17:11 54.2 23:25 04.7 00.0 00.00 05.6 26.4 11:47 NE -------------------------------------------------------------------------------------------------------- 60.7 (61.0) 81.6 day 15 38.3 day 03 165.3 032.7 00.00 04.7 40.3 day 17 S Min < 86: 31 Max Rain: 1.17 ON 22-03-21 Days of Rain: 6 (> .008in) 5 (> .08in) 1 (> 0.8in)