NOAA-Style Climate Reports
Select a Year or Month report
2024: Jan Feb Mar Apr May Jun Jul Aug Sep Oct Nov Dec
2023: Jan Feb Mar Apr May Jun Jul Aug Sep Oct Nov Dec
2022: Jan Feb Mar Apr May Jun Jul Aug Sep Oct Nov Dec
2021: Jan Feb Mar Apr May Jun Jul Aug Sep Oct Nov Dec
2020: Jan Feb Mar Apr May Jun Jul Aug Sep Oct Nov Dec
2019: Jan Feb Mar Apr May Jun Jul Aug Sep Oct Nov Dec
2018: Jan Feb Mar Apr May Jun Jul Aug Sep Oct Nov Dec
2017: Jan Feb Mar Apr May Jun Jul Aug Sep Oct Nov Dec
2016: Jan Feb Mar Apr May Jun Jul Aug Sep Oct Nov Dec
2015: Jan Feb Mar Apr May Jun Jul Aug Sep Oct Nov Dec
2014: Jan Feb Mar Apr May Jun Jul Aug Sep Oct Nov Dec
2013: Jan Feb Mar Apr May Jun Jul Aug Sep Oct Nov Dec
2012: Jan Feb Mar Apr May Jun Jul Aug Sep Oct Nov Dec
2011: Jan Feb Mar Apr May Jun Jul Aug Sep Oct Nov Dec
2010: Jan Feb Mar Apr May Jun Jul Aug Sep Oct Nov Dec
2009: Jan Feb Mar Apr May Jun Jul Aug Sep Oct Nov Dec
2008: Jan Feb Mar Apr May Jun Jul Aug Sep Oct Nov Dec
2007: Jan Feb Mar Apr May Jun Jul Aug Sep Oct Nov Dec
2006: Jan Feb Mar Apr May Jun Jul Aug Sep Oct Nov Dec
2005: Jan Feb Mar Apr May Jun Jul Aug Sep Oct Nov Dec
2024: Jan Feb Mar Apr May Jun Jul Aug Sep Oct Nov Dec
2023: Jan Feb Mar Apr May Jun Jul Aug Sep Oct Nov Dec
2022: Jan Feb Mar Apr May Jun Jul Aug Sep Oct Nov Dec
2021: Jan Feb Mar Apr May Jun Jul Aug Sep Oct Nov Dec
2020: Jan Feb Mar Apr May Jun Jul Aug Sep Oct Nov Dec
2019: Jan Feb Mar Apr May Jun Jul Aug Sep Oct Nov Dec
2018: Jan Feb Mar Apr May Jun Jul Aug Sep Oct Nov Dec
2017: Jan Feb Mar Apr May Jun Jul Aug Sep Oct Nov Dec
2016: Jan Feb Mar Apr May Jun Jul Aug Sep Oct Nov Dec
2015: Jan Feb Mar Apr May Jun Jul Aug Sep Oct Nov Dec
2014: Jan Feb Mar Apr May Jun Jul Aug Sep Oct Nov Dec
2013: Jan Feb Mar Apr May Jun Jul Aug Sep Oct Nov Dec
2012: Jan Feb Mar Apr May Jun Jul Aug Sep Oct Nov Dec
2011: Jan Feb Mar Apr May Jun Jul Aug Sep Oct Nov Dec
2010: Jan Feb Mar Apr May Jun Jul Aug Sep Oct Nov Dec
2009: Jan Feb Mar Apr May Jun Jul Aug Sep Oct Nov Dec
2008: Jan Feb Mar Apr May Jun Jul Aug Sep Oct Nov Dec
2007: Jan Feb Mar Apr May Jun Jul Aug Sep Oct Nov Dec
2006: Jan Feb Mar Apr May Jun Jul Aug Sep Oct Nov Dec
2005: Jan Feb Mar Apr May Jun Jul Aug Sep Oct Nov Dec
Report for 2021 April
Daily noaa report MONTHLY CLIMATOLOGICAL SUMMARY for APR. 2021 NAME: Woodbridge CITY: Sachse STATE: Texas ELEV: 502 LAT: 032:60:00 LONG: 0096:57:00 TEMPERATURE ( °F), RAIN (in.), WIND SPEED (mph) HEAT COOL AVG MEAN DEG DEG WIND DOM DAY TEMP HIGH TIME LOW TIME DAYS DAYS RAIN SPEED HIGH TIME DIR -------------------------------------------------------------------------------------------------------- 01 55.2 068.1 17:18 41.5 06:08 09.7 00.0 00.00 01.6 13.8 14:45 ENE 02 56.8 069.1 16:03 44.4 06:18 08.2 00.0 00.00 03.4 19.6 15:12 SSE 03 61.7 069.3 17:46 55.9 07:43 03.3 00.0 00.00 04.5 17.3 15:19 S 04 64.3 072.7 16:17 57.8 08:13 00.7 00.0 00.00 03.4 14.9 21:03 S 05 66.2 076.7 17:42 56.2 05:42 00.0 01.3 00.00 04.4 23.0 15:09 S 06 71.3 080.4 16:22 64.4 03:30 00.0 06.4 00.00 07.2 28.8 15:38 S 07 70.6 079.2 15:22 58.1 00:00 00.0 05.6 00.00 07.3 32.2 15:26 WSW 08 67.5 082.8 15:34 50.6 07:28 00.0 02.6 00.00 02.1 17.3 15:19 S 09 72.9 081.2 17:09 63.4 00:00 00.0 07.9 00.00 04.9 34.5 22:32 S 10 62.7 073.7 16:35 52.6 07:37 02.3 00.0 00.00 05.7 23.0 14:39 NNW 11 65.8 084.1 16:29 46.5 07:31 00.0 00.8 00.00 02.4 14.9 17:12 S 12 71.1 085.5 17:03 59.2 07:32 00.0 06.1 00.00 02.0 16.1 13:32 SSE 13 68.6 081.0 15:32 54.6 07:46 00.0 03.6 00.19 03.6 18.4 04:31 NNE 14 64.1 069.7 00:01 57.5 07:44 00.8 00.0 00.02 04.5 21.9 06:10 NE 15 58.8 063.7 14:15 54.9 06:30 06.1 00.0 00.70 04.2 19.6 20:09 E 16 57.0 058.6 13:27 55.2 00:00 07.9 00.0 00.36 02.8 13.8 07:39 ENE 17 55.0 062.8 14:36 48.4 08:21 10.0 00.0 00.00 05.9 19.6 16:22 N 18 56.7 069.3 16:28 44.8 07:29 08.3 00.0 00.00 03.1 19.6 16:01 NNW 19 59.0 074.6 15:14 42.8 07:14 05.9 00.0 00.00 01.7 11.5 14:44 S 20 53.8 063.8 14:38 42.6 00:00 11.1 00.0 00.00 04.8 25.3 11:18 N 21 50.6 062.0 15:13 37.2 07:18 14.3 00.0 00.00 01.7 11.5 13:00 ENE 22 58.8 065.6 15:45 52.9 08:22 06.1 00.0 00.00 02.3 19.6 15:44 SE 23 65.4 070.8 17:36 61.4 00:46 00.0 00.5 00.71 02.5 26.4 14:42 SSE 24 62.3 072.6 13:44 55.3 00:00 02.7 00.0 00.30 03.7 25.3 00:14 N 25 65.6 079.8 15:45 50.3 06:40 00.0 00.7 00.01 02.6 18.4 17:34 SSE 26 71.1 080.0 17:13 63.0 07:16 00.0 06.1 00.00 04.7 21.9 16:09 S 27 71.0 075.2 15:32 67.3 04:20 00.0 06.0 00.01 03.4 17.3 14:28 S 28 75.6 080.9 14:38 71.9 00:10 00.0 10.6 00.01 02.3 19.6 13:32 S 29 68.4 076.6 00:03 66.2 10:24 00.0 03.5 01.29 03.4 16.1 18:44 NE 30 65.5 066.9 17:29 63.3 12:22 00.0 00.5 00.05 02.9 14.9 19:08 ENE -------------------------------------------------------------------------------------------------------- 63.8 (63.9) 85.5 day 12 37.2 day 21 097.4 062.2 00.35 03.6 34.5 day 09 SE Min < 86: 30 Max Rain: 1.29 ON 29-04-21 Days of Rain: 11 (> .008in) 6 (> .08in) 1 (> 0.8in)