NOAA-Style Climate Reports
Select a Year or Month report
2024: Jan Feb Mar Apr May Jun Jul Aug Sep Oct Nov Dec
2023: Jan Feb Mar Apr May Jun Jul Aug Sep Oct Nov Dec
2022: Jan Feb Mar Apr May Jun Jul Aug Sep Oct Nov Dec
2021: Jan Feb Mar Apr May Jun Jul Aug Sep Oct Nov Dec
2020: Jan Feb Mar Apr May Jun Jul Aug Sep Oct Nov Dec
2019: Jan Feb Mar Apr May Jun Jul Aug Sep Oct Nov Dec
2018: Jan Feb Mar Apr May Jun Jul Aug Sep Oct Nov Dec
2017: Jan Feb Mar Apr May Jun Jul Aug Sep Oct Nov Dec
2016: Jan Feb Mar Apr May Jun Jul Aug Sep Oct Nov Dec
2015: Jan Feb Mar Apr May Jun Jul Aug Sep Oct Nov Dec
2014: Jan Feb Mar Apr May Jun Jul Aug Sep Oct Nov Dec
2013: Jan Feb Mar Apr May Jun Jul Aug Sep Oct Nov Dec
2012: Jan Feb Mar Apr May Jun Jul Aug Sep Oct Nov Dec
2011: Jan Feb Mar Apr May Jun Jul Aug Sep Oct Nov Dec
2010: Jan Feb Mar Apr May Jun Jul Aug Sep Oct Nov Dec
2009: Jan Feb Mar Apr May Jun Jul Aug Sep Oct Nov Dec
2008: Jan Feb Mar Apr May Jun Jul Aug Sep Oct Nov Dec
2007: Jan Feb Mar Apr May Jun Jul Aug Sep Oct Nov Dec
2006: Jan Feb Mar Apr May Jun Jul Aug Sep Oct Nov Dec
2005: Jan Feb Mar Apr May Jun Jul Aug Sep Oct Nov Dec
2024: Jan Feb Mar Apr May Jun Jul Aug Sep Oct Nov Dec
2023: Jan Feb Mar Apr May Jun Jul Aug Sep Oct Nov Dec
2022: Jan Feb Mar Apr May Jun Jul Aug Sep Oct Nov Dec
2021: Jan Feb Mar Apr May Jun Jul Aug Sep Oct Nov Dec
2020: Jan Feb Mar Apr May Jun Jul Aug Sep Oct Nov Dec
2019: Jan Feb Mar Apr May Jun Jul Aug Sep Oct Nov Dec
2018: Jan Feb Mar Apr May Jun Jul Aug Sep Oct Nov Dec
2017: Jan Feb Mar Apr May Jun Jul Aug Sep Oct Nov Dec
2016: Jan Feb Mar Apr May Jun Jul Aug Sep Oct Nov Dec
2015: Jan Feb Mar Apr May Jun Jul Aug Sep Oct Nov Dec
2014: Jan Feb Mar Apr May Jun Jul Aug Sep Oct Nov Dec
2013: Jan Feb Mar Apr May Jun Jul Aug Sep Oct Nov Dec
2012: Jan Feb Mar Apr May Jun Jul Aug Sep Oct Nov Dec
2011: Jan Feb Mar Apr May Jun Jul Aug Sep Oct Nov Dec
2010: Jan Feb Mar Apr May Jun Jul Aug Sep Oct Nov Dec
2009: Jan Feb Mar Apr May Jun Jul Aug Sep Oct Nov Dec
2008: Jan Feb Mar Apr May Jun Jul Aug Sep Oct Nov Dec
2007: Jan Feb Mar Apr May Jun Jul Aug Sep Oct Nov Dec
2006: Jan Feb Mar Apr May Jun Jul Aug Sep Oct Nov Dec
2005: Jan Feb Mar Apr May Jun Jul Aug Sep Oct Nov Dec
Report for 2021 June
Daily noaa report MONTHLY CLIMATOLOGICAL SUMMARY for JUN. 2021 NAME: Woodbridge CITY: Sachse STATE: Texas ELEV: 502 LAT: 032:60:00 LONG: 0096:57:00 TEMPERATURE ( °F), RAIN (in.), WIND SPEED (mph) HEAT COOL AVG MEAN DEG DEG WIND DOM DAY TEMP HIGH TIME LOW TIME DAYS DAYS RAIN SPEED HIGH TIME DIR -------------------------------------------------------------------------------------------------------- 01 68.8 073.6 13:05 65.6 10:18 00.0 03.9 00.00 03.2 16.1 15:42 WNW 02 70.9 080.1 16:38 60.2 07:04 00.0 06.0 00.00 01.2 11.5 11:18 NE 03 73.4 082.3 15:19 63.1 06:40 00.0 08.5 00.00 00.8 09.2 16:00 ESE 04 73.7 081.1 18:43 67.0 07:38 00.0 08.7 00.00 01.5 11.5 19:17 ESE 05 75.8 085.7 16:13 68.1 23:34 00.0 10.9 01.06 01.8 18.4 23:35 SSE 06 77.0 087.4 16:31 66.2 01:10 00.0 12.0 00.60 02.0 20.7 00:04 SSE 07 74.6 078.8 00:03 69.6 12:50 00.0 09.7 00.87 01.9 19.6 10:07 SSW 08 78.9 085.9 19:12 72.4 02:58 00.0 13.9 00.01 02.5 19.6 14:42 S 09 82.3 091.1 17:18 76.0 06:37 00.0 17.4 00.00 02.8 14.9 18:08 SSW 10 82.9 090.7 15:56 77.2 07:53 00.0 18.0 00.00 02.9 17.3 10:10 S 11 83.7 091.7 16:49 77.6 07:18 00.0 18.8 00.00 03.7 20.7 17:40 S 12 80.1 088.2 16:28 70.0 08:23 00.0 15.1 00.40 01.0 24.1 06:42 ENE 13 86.0 096.6 15:41 75.1 07:14 00.0 21.1 00.00 00.7 09.2 11:46 SSE 14 87.7 096.5 15:05 80.0 07:08 00.0 22.7 00.00 01.6 11.5 17:36 E 15 84.8 094.9 16:42 74.4 06:11 00.0 19.9 00.00 01.1 11.5 12:33 ENE 16 85.0 095.8 17:30 73.1 07:17 00.0 20.0 00.00 00.7 11.5 17:45 SE 17 86.5 097.4 15:42 75.3 07:03 00.0 21.6 00.00 01.0 09.2 16:37 SSE 18 85.0 093.5 15:43 77.1 07:07 00.0 20.1 00.00 02.2 14.9 17:23 SSE 19 83.0 093.4 16:02 70.5 07:02 00.0 18.1 00.00 01.8 12.7 13:07 S 20 85.2 094.8 17:10 76.7 07:14 00.0 20.3 00.00 04.1 19.6 12:35 SSW 21 80.4 091.6 13:26 69.2 00:00 00.0 15.5 00.05 04.5 27.6 13:44 E 22 76.5 085.5 16:13 67.2 07:02 00.0 11.5 00.00 03.0 14.9 12:23 E 23 83.0 094.2 17:11 74.9 07:13 00.0 18.1 00.00 02.6 16.1 17:07 S 24 86.3 094.6 16:46 78.1 07:22 00.0 21.3 00.00 04.5 19.6 16:01 S 25 86.2 093.8 16:08 79.3 07:15 00.0 21.2 00.00 05.1 21.9 10:46 S 26 85.3 093.7 15:42 77.6 07:03 00.0 20.3 00.00 04.6 19.6 11:27 S 27 83.7 092.3 15:44 78.0 07:36 00.0 18.7 00.00 02.9 18.4 17:42 S 28 78.0 087.3 14:12 74.5 07:05 00.0 13.1 00.27 01.4 19.6 14:33 ESE 29 80.2 089.7 16:43 74.0 06:45 00.0 15.3 00.24 02.7 14.9 18:41 SE 30 82.6 092.0 16:42 74.6 06:02 00.0 17.6 00.00 01.1 10.3 15:35 S -------------------------------------------------------------------------------------------------------- 80.9 (81.3) 97.4 day 17 60.2 day 02 000.0 479.2 03.49 02.4 27.6 day 21 SSE Max > 86: 22 Min < 86: 30 Max Rain: 1.06 ON 5-06-21 Days of Rain: 8 (> .008in) 6 (> .08in) 2 (> 0.8in)