NOAA-Style Climate Reports
Select a Year or Month report
2024: Jan Feb Mar Apr May Jun Jul Aug Sep Oct Nov Dec
2023: Jan Feb Mar Apr May Jun Jul Aug Sep Oct Nov Dec
2022: Jan Feb Mar Apr May Jun Jul Aug Sep Oct Nov Dec
2021: Jan Feb Mar Apr May Jun Jul Aug Sep Oct Nov Dec
2020: Jan Feb Mar Apr May Jun Jul Aug Sep Oct Nov Dec
2019: Jan Feb Mar Apr May Jun Jul Aug Sep Oct Nov Dec
2018: Jan Feb Mar Apr May Jun Jul Aug Sep Oct Nov Dec
2017: Jan Feb Mar Apr May Jun Jul Aug Sep Oct Nov Dec
2016: Jan Feb Mar Apr May Jun Jul Aug Sep Oct Nov Dec
2015: Jan Feb Mar Apr May Jun Jul Aug Sep Oct Nov Dec
2014: Jan Feb Mar Apr May Jun Jul Aug Sep Oct Nov Dec
2013: Jan Feb Mar Apr May Jun Jul Aug Sep Oct Nov Dec
2012: Jan Feb Mar Apr May Jun Jul Aug Sep Oct Nov Dec
2011: Jan Feb Mar Apr May Jun Jul Aug Sep Oct Nov Dec
2010: Jan Feb Mar Apr May Jun Jul Aug Sep Oct Nov Dec
2009: Jan Feb Mar Apr May Jun Jul Aug Sep Oct Nov Dec
2008: Jan Feb Mar Apr May Jun Jul Aug Sep Oct Nov Dec
2007: Jan Feb Mar Apr May Jun Jul Aug Sep Oct Nov Dec
2006: Jan Feb Mar Apr May Jun Jul Aug Sep Oct Nov Dec
2005: Jan Feb Mar Apr May Jun Jul Aug Sep Oct Nov Dec
2024: Jan Feb Mar Apr May Jun Jul Aug Sep Oct Nov Dec
2023: Jan Feb Mar Apr May Jun Jul Aug Sep Oct Nov Dec
2022: Jan Feb Mar Apr May Jun Jul Aug Sep Oct Nov Dec
2021: Jan Feb Mar Apr May Jun Jul Aug Sep Oct Nov Dec
2020: Jan Feb Mar Apr May Jun Jul Aug Sep Oct Nov Dec
2019: Jan Feb Mar Apr May Jun Jul Aug Sep Oct Nov Dec
2018: Jan Feb Mar Apr May Jun Jul Aug Sep Oct Nov Dec
2017: Jan Feb Mar Apr May Jun Jul Aug Sep Oct Nov Dec
2016: Jan Feb Mar Apr May Jun Jul Aug Sep Oct Nov Dec
2015: Jan Feb Mar Apr May Jun Jul Aug Sep Oct Nov Dec
2014: Jan Feb Mar Apr May Jun Jul Aug Sep Oct Nov Dec
2013: Jan Feb Mar Apr May Jun Jul Aug Sep Oct Nov Dec
2012: Jan Feb Mar Apr May Jun Jul Aug Sep Oct Nov Dec
2011: Jan Feb Mar Apr May Jun Jul Aug Sep Oct Nov Dec
2010: Jan Feb Mar Apr May Jun Jul Aug Sep Oct Nov Dec
2009: Jan Feb Mar Apr May Jun Jul Aug Sep Oct Nov Dec
2008: Jan Feb Mar Apr May Jun Jul Aug Sep Oct Nov Dec
2007: Jan Feb Mar Apr May Jun Jul Aug Sep Oct Nov Dec
2006: Jan Feb Mar Apr May Jun Jul Aug Sep Oct Nov Dec
2005: Jan Feb Mar Apr May Jun Jul Aug Sep Oct Nov Dec
Report for 2021 August
Daily noaa report MONTHLY CLIMATOLOGICAL SUMMARY for AUG. 2021 NAME: Woodbridge CITY: Sachse STATE: Texas ELEV: 502 LAT: 032:60:00 LONG: 0096:57:00 TEMPERATURE ( °F), RAIN (in.), WIND SPEED (mph) HEAT COOL AVG MEAN DEG DEG WIND DOM DAY TEMP HIGH TIME LOW TIME DAYS DAYS RAIN SPEED HIGH TIME DIR -------------------------------------------------------------------------------------------------------- 01 84.4 096.2 14:34 78.8 00:00 00.0 19.4 00.00 00.0 04.6 17:21 SE 02 80.0 089.1 15:07 74.7 09:51 00.0 15.1 00.36 00.0 05.8 16:12 NNE 03 81.6 090.2 17:33 72.8 07:15 00.0 16.6 00.00 00.0 03.5 14:47 E 04 82.0 090.7 18:27 73.6 07:41 00.0 17.1 00.00 00.1 05.8 13:22 ESE 05 81.2 090.7 16:04 73.0 07:11 00.0 16.3 00.00 00.4 10.3 12:12 SE 06 82.5 092.6 16:03 72.1 07:30 00.0 17.6 00.00 00.8 11.5 11:35 SSE 07 83.9 093.5 16:25 75.1 06:42 00.0 18.9 00.00 02.0 11.5 17:20 SSE 08 86.0 095.8 15:18 78.0 06:30 00.0 21.1 00.00 04.1 16.1 09:42 SSE 09 86.6 096.0 15:32 78.8 06:45 00.0 21.7 00.00 04.9 17.3 18:15 SSE 10 86.6 095.8 15:12 78.3 07:23 00.0 21.6 00.00 03.9 14.9 11:36 SSE 11 86.7 096.4 16:25 77.3 07:09 00.0 21.7 00.00 02.8 13.8 16:27 SSE 12 86.9 096.4 14:43 78.1 07:27 00.0 22.0 00.00 01.8 11.5 12:42 SSE 13 85.4 095.6 14:40 76.8 07:33 00.0 20.5 00.00 00.7 09.2 18:31 SSE 14 79.2 089.1 12:03 74.5 14:26 00.0 14.3 00.58 01.3 26.4 12:39 ENE 15 80.2 089.0 16:20 75.8 03:22 00.0 15.3 00.00 01.0 11.5 16:30 SE 16 82.0 092.3 15:33 74.6 07:34 00.0 17.1 00.00 01.8 17.3 16:32 E 17 79.4 088.8 12:36 73.0 17:16 00.0 14.5 00.85 03.0 19.6 15:18 ESE 18 75.3 081.0 18:16 72.7 09:25 00.0 10.4 01.03 02.7 19.6 18:27 SE 19 83.8 092.0 16:05 75.0 00:02 00.0 18.8 00.12 04.9 19.6 10:26 SSE 20 85.2 093.4 16:36 77.4 07:12 00.0 20.2 00.00 06.3 19.6 16:42 S 21 85.3 094.1 16:18 77.1 07:11 00.0 20.3 00.00 04.5 16.1 10:16 S 22 85.8 094.4 15:46 77.7 07:12 00.0 20.8 00.00 03.3 14.9 16:12 SSE 23 84.8 094.4 17:02 75.5 07:15 00.0 19.9 00.00 03.0 12.7 17:44 S 24 85.2 094.9 16:14 74.9 07:18 00.0 20.2 00.00 03.2 14.9 14:31 SSE 25 86.2 095.3 17:34 77.5 04:23 00.0 21.3 00.00 01.6 11.5 13:26 S 26 86.6 095.6 15:34 77.9 06:02 00.0 21.6 00.00 02.2 13.8 14:42 ESE 27 84.3 091.0 15:46 76.0 07:26 00.0 19.4 00.00 04.4 14.9 18:48 SE 28 83.0 091.3 16:38 74.3 07:09 00.0 18.1 00.00 03.6 16.1 13:57 ESE 29 80.5 088.6 15:05 75.5 08:01 00.0 15.6 00.07 01.6 11.5 15:20 ESE 30 83.8 093.8 17:07 75.1 07:17 00.0 18.8 00.00 01.6 11.5 15:03 NNE 31 85.6 096.6 16:07 74.2 07:20 00.0 20.6 00.00 01.2 11.5 16:04 ESE -------------------------------------------------------------------------------------------------------- 83.6 (84.2) 96.6 day 31 72.1 day 06 000.0 576.9 02.98 02.3 26.5 day 14 SSE Max > 86: 30 Min < 86: 31 Max Rain: 1.03 ON 18-08-21 Days of Rain: 6 (> .008in) 5 (> .08in) 2 (> 0.8in)