NOAA-Style Climate Reports
Select a Year or Month report
2024: Jan Feb Mar Apr May Jun Jul Aug Sep Oct Nov Dec
2023: Jan Feb Mar Apr May Jun Jul Aug Sep Oct Nov Dec
2022: Jan Feb Mar Apr May Jun Jul Aug Sep Oct Nov Dec
2021: Jan Feb Mar Apr May Jun Jul Aug Sep Oct Nov Dec
2020: Jan Feb Mar Apr May Jun Jul Aug Sep Oct Nov Dec
2019: Jan Feb Mar Apr May Jun Jul Aug Sep Oct Nov Dec
2018: Jan Feb Mar Apr May Jun Jul Aug Sep Oct Nov Dec
2017: Jan Feb Mar Apr May Jun Jul Aug Sep Oct Nov Dec
2016: Jan Feb Mar Apr May Jun Jul Aug Sep Oct Nov Dec
2015: Jan Feb Mar Apr May Jun Jul Aug Sep Oct Nov Dec
2014: Jan Feb Mar Apr May Jun Jul Aug Sep Oct Nov Dec
2013: Jan Feb Mar Apr May Jun Jul Aug Sep Oct Nov Dec
2012: Jan Feb Mar Apr May Jun Jul Aug Sep Oct Nov Dec
2011: Jan Feb Mar Apr May Jun Jul Aug Sep Oct Nov Dec
2010: Jan Feb Mar Apr May Jun Jul Aug Sep Oct Nov Dec
2009: Jan Feb Mar Apr May Jun Jul Aug Sep Oct Nov Dec
2008: Jan Feb Mar Apr May Jun Jul Aug Sep Oct Nov Dec
2007: Jan Feb Mar Apr May Jun Jul Aug Sep Oct Nov Dec
2006: Jan Feb Mar Apr May Jun Jul Aug Sep Oct Nov Dec
2005: Jan Feb Mar Apr May Jun Jul Aug Sep Oct Nov Dec
2024: Jan Feb Mar Apr May Jun Jul Aug Sep Oct Nov Dec
2023: Jan Feb Mar Apr May Jun Jul Aug Sep Oct Nov Dec
2022: Jan Feb Mar Apr May Jun Jul Aug Sep Oct Nov Dec
2021: Jan Feb Mar Apr May Jun Jul Aug Sep Oct Nov Dec
2020: Jan Feb Mar Apr May Jun Jul Aug Sep Oct Nov Dec
2019: Jan Feb Mar Apr May Jun Jul Aug Sep Oct Nov Dec
2018: Jan Feb Mar Apr May Jun Jul Aug Sep Oct Nov Dec
2017: Jan Feb Mar Apr May Jun Jul Aug Sep Oct Nov Dec
2016: Jan Feb Mar Apr May Jun Jul Aug Sep Oct Nov Dec
2015: Jan Feb Mar Apr May Jun Jul Aug Sep Oct Nov Dec
2014: Jan Feb Mar Apr May Jun Jul Aug Sep Oct Nov Dec
2013: Jan Feb Mar Apr May Jun Jul Aug Sep Oct Nov Dec
2012: Jan Feb Mar Apr May Jun Jul Aug Sep Oct Nov Dec
2011: Jan Feb Mar Apr May Jun Jul Aug Sep Oct Nov Dec
2010: Jan Feb Mar Apr May Jun Jul Aug Sep Oct Nov Dec
2009: Jan Feb Mar Apr May Jun Jul Aug Sep Oct Nov Dec
2008: Jan Feb Mar Apr May Jun Jul Aug Sep Oct Nov Dec
2007: Jan Feb Mar Apr May Jun Jul Aug Sep Oct Nov Dec
2006: Jan Feb Mar Apr May Jun Jul Aug Sep Oct Nov Dec
2005: Jan Feb Mar Apr May Jun Jul Aug Sep Oct Nov Dec
Report for 2021 September
Daily noaa report MONTHLY CLIMATOLOGICAL SUMMARY for SEP. 2021 NAME: Woodbridge CITY: Sachse STATE: Texas ELEV: 502 LAT: 032:60:00 LONG: 0096:57:00 TEMPERATURE ( °F), RAIN (in.), WIND SPEED (mph) HEAT COOL AVG MEAN DEG DEG WIND DOM DAY TEMP HIGH TIME LOW TIME DAYS DAYS RAIN SPEED HIGH TIME DIR -------------------------------------------------------------------------------------------------------- 01 87.0 096.7 16:34 78.8 07:38 00.0 22.1 00.00 02.3 12.7 17:47 S 02 86.0 094.5 16:28 76.8 07:35 00.0 21.1 00.00 03.2 14.9 13:55 SSE 03 85.6 094.0 16:23 77.3 07:27 00.0 20.7 00.00 03.9 16.1 13:05 SSE 04 85.8 095.9 15:43 76.1 07:17 00.0 20.8 00.00 03.0 11.5 16:25 S 05 83.6 090.7 17:40 76.9 07:39 00.0 18.7 00.04 01.5 11.5 19:18 NE 06 83.0 093.4 15:51 74.6 00:00 00.0 18.0 00.00 01.9 12.7 12:08 E 07 79.9 093.1 16:22 66.4 07:37 00.0 15.0 00.00 01.7 12.7 14:14 SE 08 77.9 091.3 16:30 66.4 06:20 00.0 13.0 00.23 02.2 26.4 07:44 NNE 09 78.2 090.8 16:15 64.1 07:27 00.0 13.2 00.00 01.9 14.9 13:15 ESE 10 77.3 090.4 16:39 62.7 07:31 00.0 12.4 00.00 02.5 14.9 11:37 S 11 76.9 088.7 16:40 62.8 07:52 00.0 12.0 00.00 02.1 12.7 13:43 SSE 12 77.7 089.2 16:42 67.9 07:57 00.0 12.8 00.00 02.4 11.5 19:45 SSE 13 79.5 087.5 17:07 72.4 00:41 00.0 14.5 00.00 03.4 14.9 15:23 SSE 14 77.6 085.2 14:52 70.7 07:29 00.0 12.6 00.00 04.0 19.6 13:01 ESE 15 77.7 089.6 16:22 68.0 07:02 00.0 12.8 00.00 01.9 13.8 17:01 NE 16 79.0 090.3 15:07 68.2 07:14 00.0 14.1 00.00 01.7 13.8 13:44 ENE 17 82.0 090.4 16:46 74.1 08:38 00.0 17.1 00.00 02.6 11.5 16:03 E 18 82.2 093.3 15:22 70.9 06:22 00.0 17.2 00.00 01.4 14.9 15:42 NE 19 81.3 092.4 16:16 71.6 07:45 00.0 16.3 00.00 01.4 11.5 20:03 ESE 20 85.1 098.6 16:24 75.0 07:38 00.0 20.1 00.00 05.0 17.3 15:41 S 21 79.6 086.0 14:47 71.1 00:00 00.0 14.7 00.00 06.5 23.0 13:20 N 22 70.4 081.6 16:27 58.2 07:29 00.0 05.5 00.00 03.5 19.6 16:09 N 23 65.4 082.7 17:19 52.9 05:43 00.0 00.5 00.00 00.5 11.5 11:11 ESE 24 68.7 085.4 16:22 51.4 07:26 00.0 03.8 00.00 01.6 12.7 13:48 SSE 25 72.0 088.5 15:49 55.2 07:40 00.0 07.1 00.00 01.2 11.5 14:52 S 26 75.2 088.8 16:05 59.8 04:27 00.0 10.2 00.00 02.9 19.6 13:59 S 27 74.0 085.4 14:48 62.2 07:52 00.0 09.1 00.00 02.9 12.7 12:08 SSE 28 77.1 091.2 15:41 64.2 02:50 00.0 12.1 00.00 03.1 17.3 15:25 SSE 29 79.0 089.6 16:52 70.7 07:56 00.0 14.0 00.00 04.4 16.1 01:27 SSE 30 75.3 087.0 17:28 69.2 04:27 00.0 10.3 00.00 04.6 25.3 18:44 ESE -------------------------------------------------------------------------------------------------------- 78.7 (79.0) 98.6 day 20 51.4 day 24 000.0 411.8 00.27 02.7 26.5 day 30 SE Max > 86: 25 Min < 86: 30 Max Rain: 0.23 ON 8-09-21 Days of Rain: 2 (> .008in) 1 (> .08in) 0 (> 0.8in)