NOAA-Style Climate Reports
Select a Year or Month report
2024: Jan Feb Mar Apr May Jun Jul Aug Sep Oct Nov Dec
2023: Jan Feb Mar Apr May Jun Jul Aug Sep Oct Nov Dec
2022: Jan Feb Mar Apr May Jun Jul Aug Sep Oct Nov Dec
2021: Jan Feb Mar Apr May Jun Jul Aug Sep Oct Nov Dec
2020: Jan Feb Mar Apr May Jun Jul Aug Sep Oct Nov Dec
2019: Jan Feb Mar Apr May Jun Jul Aug Sep Oct Nov Dec
2018: Jan Feb Mar Apr May Jun Jul Aug Sep Oct Nov Dec
2017: Jan Feb Mar Apr May Jun Jul Aug Sep Oct Nov Dec
2016: Jan Feb Mar Apr May Jun Jul Aug Sep Oct Nov Dec
2015: Jan Feb Mar Apr May Jun Jul Aug Sep Oct Nov Dec
2014: Jan Feb Mar Apr May Jun Jul Aug Sep Oct Nov Dec
2013: Jan Feb Mar Apr May Jun Jul Aug Sep Oct Nov Dec
2012: Jan Feb Mar Apr May Jun Jul Aug Sep Oct Nov Dec
2011: Jan Feb Mar Apr May Jun Jul Aug Sep Oct Nov Dec
2010: Jan Feb Mar Apr May Jun Jul Aug Sep Oct Nov Dec
2009: Jan Feb Mar Apr May Jun Jul Aug Sep Oct Nov Dec
2008: Jan Feb Mar Apr May Jun Jul Aug Sep Oct Nov Dec
2007: Jan Feb Mar Apr May Jun Jul Aug Sep Oct Nov Dec
2006: Jan Feb Mar Apr May Jun Jul Aug Sep Oct Nov Dec
2005: Jan Feb Mar Apr May Jun Jul Aug Sep Oct Nov Dec
2024: Jan Feb Mar Apr May Jun Jul Aug Sep Oct Nov Dec
2023: Jan Feb Mar Apr May Jun Jul Aug Sep Oct Nov Dec
2022: Jan Feb Mar Apr May Jun Jul Aug Sep Oct Nov Dec
2021: Jan Feb Mar Apr May Jun Jul Aug Sep Oct Nov Dec
2020: Jan Feb Mar Apr May Jun Jul Aug Sep Oct Nov Dec
2019: Jan Feb Mar Apr May Jun Jul Aug Sep Oct Nov Dec
2018: Jan Feb Mar Apr May Jun Jul Aug Sep Oct Nov Dec
2017: Jan Feb Mar Apr May Jun Jul Aug Sep Oct Nov Dec
2016: Jan Feb Mar Apr May Jun Jul Aug Sep Oct Nov Dec
2015: Jan Feb Mar Apr May Jun Jul Aug Sep Oct Nov Dec
2014: Jan Feb Mar Apr May Jun Jul Aug Sep Oct Nov Dec
2013: Jan Feb Mar Apr May Jun Jul Aug Sep Oct Nov Dec
2012: Jan Feb Mar Apr May Jun Jul Aug Sep Oct Nov Dec
2011: Jan Feb Mar Apr May Jun Jul Aug Sep Oct Nov Dec
2010: Jan Feb Mar Apr May Jun Jul Aug Sep Oct Nov Dec
2009: Jan Feb Mar Apr May Jun Jul Aug Sep Oct Nov Dec
2008: Jan Feb Mar Apr May Jun Jul Aug Sep Oct Nov Dec
2007: Jan Feb Mar Apr May Jun Jul Aug Sep Oct Nov Dec
2006: Jan Feb Mar Apr May Jun Jul Aug Sep Oct Nov Dec
2005: Jan Feb Mar Apr May Jun Jul Aug Sep Oct Nov Dec
Report for 2021 December
Daily noaa report MONTHLY CLIMATOLOGICAL SUMMARY for DEC. 2021 NAME: Woodbridge CITY: Sachse STATE: Texas ELEV: 502 LAT: 032:60:00 LONG: 0096:57:00 TEMPERATURE ( °F), RAIN (in.), WIND SPEED (mph) HEAT COOL AVG MEAN DEG DEG WIND DOM DAY TEMP HIGH TIME LOW TIME DAYS DAYS RAIN SPEED HIGH TIME DIR -------------------------------------------------------------------------------------------------------- 01 59.7 074.1 15:06 47.9 23:21 05.2 00.0 00.00 02.7 12.7 09:45 SW 02 59.2 077.4 14:16 42.0 06:00 05.8 00.0 00.00 02.5 12.7 14:11 S 03 65.8 073.9 15:17 59.3 03:00 00.0 00.9 00.00 05.1 23.0 16:21 S 04 65.7 072.6 16:11 60.0 00:00 00.0 00.8 00.00 03.1 11.5 10:15 S 05 66.9 075.8 15:22 57.7 02:18 00.0 02.0 00.00 05.0 23.0 15:05 SSW 06 53.1 067.9 00:31 40.2 00:00 11.9 00.0 00.00 08.7 29.9 07:03 NNE 07 45.6 057.8 14:43 32.1 06:42 19.3 00.0 00.00 02.5 13.8 10:22 ESE 08 49.8 059.5 15:29 41.3 04:05 15.1 00.0 00.00 03.4 12.7 22:01 ESE 09 67.7 079.6 15:37 55.3 00:28 00.0 02.7 00.00 06.3 24.1 11:13 SSW 10 73.3 081.0 15:44 64.1 01:47 00.0 08.3 00.00 06.3 23.0 03:24 SSW 11 46.5 074.1 00:10 32.1 00:00 18.4 00.0 00.00 07.4 32.2 01:13 NNW 12 42.9 056.7 15:28 27.6 07:14 22.1 00.0 00.00 04.1 19.6 11:17 SSE 13 52.8 064.6 14:35 36.6 07:04 12.2 00.0 00.04 05.1 19.6 13:25 SSE 14 61.9 068.9 16:43 54.6 02:13 03.1 00.0 00.04 04.2 12.7 21:42 S 15 72.2 078.2 15:00 67.0 07:25 00.0 07.3 00.00 10.2 31.1 12:04 S 16 68.2 078.2 12:03 60.5 22:44 00.0 03.3 00.00 05.6 19.6 00:31 SSE 17 69.3 077.6 15:18 59.7 04:13 00.0 04.4 00.04 05.8 25.3 11:07 S 18 52.2 070.6 00:15 39.5 00:00 12.8 00.0 00.56 10.0 28.8 11:31 N 19 39.1 046.3 15:47 33.0 08:02 25.8 00.0 00.00 04.7 20.7 00:17 N 20 43.4 049.3 16:37 38.0 02:05 21.6 00.0 00.05 02.0 11.5 09:39 ESE 21 44.8 058.4 15:15 30.4 07:27 20.2 00.0 00.00 02.0 12.7 14:11 S 22 53.7 067.1 15:07 41.8 00:46 11.3 00.0 00.00 03.8 18.4 13:18 SSE 23 62.7 073.1 14:28 54.0 01:09 02.3 00.0 00.00 08.3 26.4 23:23 S 24 68.5 076.2 15:31 62.0 03:36 00.0 03.5 00.00 10.4 29.9 16:18 SSW 25 69.6 080.8 15:28 62.2 00:00 00.0 04.7 00.00 03.3 18.4 00:23 SSW 26 66.5 076.3 16:07 59.5 04:06 00.0 01.6 00.00 06.4 21.9 15:32 S 27 69.2 078.1 14:32 63.2 22:44 00.0 04.3 00.00 05.4 17.3 01:12 SSW 28 68.9 079.7 14:26 55.1 23:14 00.0 03.9 00.00 05.6 19.6 14:07 SW 29 61.9 073.2 15:29 52.8 23:45 03.0 00.0 00.10 02.2 14.9 11:06 WSW 30 59.0 074.8 14:12 44.2 07:40 05.9 00.0 00.00 01.3 11.5 12:23 W 31 63.3 069.0 15:45 51.9 05:15 01.7 00.0 00.00 03.0 14.9 10:29 S -------------------------------------------------------------------------------------------------------- 59.5 (59.9) 81.0 day 10 27.6 day 12 217.5 047.7 00.83 05.0 32.2 day 11 S Min < 86: 31 Max Rain: 0.56 ON 18-12-22 Days of Rain: 6 (> .008in) 2 (> .08in) 0 (> 0.8in)