NOAA-Style Climate Reports
Select a Year or Month report
2024: Jan Feb Mar Apr May Jun Jul Aug Sep Oct Nov Dec
2023: Jan Feb Mar Apr May Jun Jul Aug Sep Oct Nov Dec
2022: Jan Feb Mar Apr May Jun Jul Aug Sep Oct Nov Dec
2021: Jan Feb Mar Apr May Jun Jul Aug Sep Oct Nov Dec
2020: Jan Feb Mar Apr May Jun Jul Aug Sep Oct Nov Dec
2019: Jan Feb Mar Apr May Jun Jul Aug Sep Oct Nov Dec
2018: Jan Feb Mar Apr May Jun Jul Aug Sep Oct Nov Dec
2017: Jan Feb Mar Apr May Jun Jul Aug Sep Oct Nov Dec
2016: Jan Feb Mar Apr May Jun Jul Aug Sep Oct Nov Dec
2015: Jan Feb Mar Apr May Jun Jul Aug Sep Oct Nov Dec
2014: Jan Feb Mar Apr May Jun Jul Aug Sep Oct Nov Dec
2013: Jan Feb Mar Apr May Jun Jul Aug Sep Oct Nov Dec
2012: Jan Feb Mar Apr May Jun Jul Aug Sep Oct Nov Dec
2011: Jan Feb Mar Apr May Jun Jul Aug Sep Oct Nov Dec
2010: Jan Feb Mar Apr May Jun Jul Aug Sep Oct Nov Dec
2009: Jan Feb Mar Apr May Jun Jul Aug Sep Oct Nov Dec
2008: Jan Feb Mar Apr May Jun Jul Aug Sep Oct Nov Dec
2007: Jan Feb Mar Apr May Jun Jul Aug Sep Oct Nov Dec
2006: Jan Feb Mar Apr May Jun Jul Aug Sep Oct Nov Dec
2005: Jan Feb Mar Apr May Jun Jul Aug Sep Oct Nov Dec
2024: Jan Feb Mar Apr May Jun Jul Aug Sep Oct Nov Dec
2023: Jan Feb Mar Apr May Jun Jul Aug Sep Oct Nov Dec
2022: Jan Feb Mar Apr May Jun Jul Aug Sep Oct Nov Dec
2021: Jan Feb Mar Apr May Jun Jul Aug Sep Oct Nov Dec
2020: Jan Feb Mar Apr May Jun Jul Aug Sep Oct Nov Dec
2019: Jan Feb Mar Apr May Jun Jul Aug Sep Oct Nov Dec
2018: Jan Feb Mar Apr May Jun Jul Aug Sep Oct Nov Dec
2017: Jan Feb Mar Apr May Jun Jul Aug Sep Oct Nov Dec
2016: Jan Feb Mar Apr May Jun Jul Aug Sep Oct Nov Dec
2015: Jan Feb Mar Apr May Jun Jul Aug Sep Oct Nov Dec
2014: Jan Feb Mar Apr May Jun Jul Aug Sep Oct Nov Dec
2013: Jan Feb Mar Apr May Jun Jul Aug Sep Oct Nov Dec
2012: Jan Feb Mar Apr May Jun Jul Aug Sep Oct Nov Dec
2011: Jan Feb Mar Apr May Jun Jul Aug Sep Oct Nov Dec
2010: Jan Feb Mar Apr May Jun Jul Aug Sep Oct Nov Dec
2009: Jan Feb Mar Apr May Jun Jul Aug Sep Oct Nov Dec
2008: Jan Feb Mar Apr May Jun Jul Aug Sep Oct Nov Dec
2007: Jan Feb Mar Apr May Jun Jul Aug Sep Oct Nov Dec
2006: Jan Feb Mar Apr May Jun Jul Aug Sep Oct Nov Dec
2005: Jan Feb Mar Apr May Jun Jul Aug Sep Oct Nov Dec
Report for 2022 August
Daily noaa report MONTHLY CLIMATOLOGICAL SUMMARY for AUG. 2022 NAME: Woodbridge CITY: Sachse STATE: Texas ELEV: 502 LAT: 032:60:00 LONG: 0096:57:00 TEMPERATURE ( °F), RAIN (in.), WIND SPEED (mph) HEAT COOL AVG MEAN DEG DEG WIND DOM DAY TEMP HIGH TIME LOW TIME DAYS DAYS RAIN SPEED HIGH TIME DIR -------------------------------------------------------------------------------------------------------- 01 89.5 099.1 16:10 81.1 07:32 00.0 24.6 00.00 05.0 16.1 03:14 S 02 90.6 100.7 15:37 81.9 07:43 00.0 25.7 00.00 06.0 20.7 14:43 S 03 90.8 101.8 17:03 80.7 07:22 00.0 25.8 00.00 06.3 19.6 15:37 S 04 89.3 099.4 17:37 80.1 07:19 00.0 24.3 00.00 05.2 16.1 13:28 S 05 90.6 102.0 16:23 80.1 06:38 00.0 25.6 00.00 05.5 24.1 20:24 S 06 86.5 097.7 17:07 76.8 07:10 00.0 21.5 00.00 06.4 17.3 19:00 SSE 07 88.1 098.8 17:12 78.3 07:13 00.0 23.1 00.00 06.0 19.6 11:48 S 08 90.0 100.7 17:02 79.9 07:10 00.0 25.0 00.00 04.4 14.9 14:24 S 09 86.0 099.6 14:07 79.8 00:00 00.0 21.1 00.00 04.2 21.9 14:18 SSE 10 81.5 099.2 15:23 73.6 19:04 00.0 16.5 00.55 02.4 19.6 18:32 SSE 11 83.9 096.6 17:23 72.0 06:38 00.0 19.0 00.00 02.8 16.1 17:29 ENE 12 86.2 096.1 17:39 75.5 07:08 00.0 21.3 00.00 04.1 14.9 16:10 E 13 86.8 098.3 17:00 76.6 07:08 00.0 21.8 00.00 03.3 16.1 15:50 E 14 86.8 097.9 15:19 73.7 06:29 00.0 21.8 00.00 03.6 16.1 16:35 SSE 15 88.6 098.6 15:29 78.4 07:08 00.0 23.6 00.00 03.5 14.9 15:32 S 16 88.7 099.7 16:54 77.8 06:54 00.0 23.7 00.00 03.1 17.3 13:58 SSW 17 89.2 102.7 15:43 74.9 23:32 00.0 24.2 00.00 03.8 21.9 22:27 N 18 77.1 082.2 17:07 73.6 00:00 00.0 12.2 00.04 02.4 11.5 17:17 ENE 19 80.8 092.7 16:58 71.2 03:50 00.0 15.8 00.00 02.4 17.3 22:07 E 20 83.0 093.8 15:30 75.1 04:04 00.0 18.1 00.00 05.1 21.9 21:20 S 21 78.3 086.2 12:25 74.1 23:20 00.0 13.4 01.46 04.2 16.1 22:13 SE 22 75.0 080.1 18:02 73.7 12:36 00.0 10.1 01.72 02.8 11.5 23:16 NNE 23 76.9 085.7 17:48 72.8 04:05 00.0 11.9 00.06 04.2 19.6 19:05 NNE 24 78.7 088.4 16:39 72.4 07:07 00.0 13.8 00.00 03.0 18.4 16:39 NE 25 80.4 091.8 17:18 71.2 06:45 00.0 15.5 00.00 03.1 14.9 13:39 NE 26 81.4 092.5 16:03 72.8 05:44 00.0 16.4 00.02 02.3 12.7 15:10 ENE 27 82.8 094.6 15:13 74.9 07:05 00.0 17.9 00.00 03.7 14.9 18:28 SE 28 85.3 093.7 16:24 76.9 06:35 00.0 20.4 00.00 06.4 18.4 12:21 SSE 29 84.3 092.6 16:24 76.8 07:13 00.0 19.3 00.00 05.8 16.1 19:49 SSE 30 80.0 089.4 15:28 76.3 06:58 00.0 15.0 00.06 03.7 19.6 16:09 SSE 31 80.3 089.6 15:57 72.3 06:52 00.0 15.3 00.00 02.9 13.8 13:23 S -------------------------------------------------------------------------------------------------------- 84.4 (85.4) 102.7 day 17 71.2 day 25 000.0 603.9 03.87 04.1 24.2 day 05 SSE Max > 86: 28 Min < 86: 31 Max Rain: 1.72 ON 22-08-22 Days of Rain: 7 (> .008in) 3 (> .08in) 2 (> 0.8in)