NOAA-Style Climate Reports
Select a Year or Month report
2024: Jan Feb Mar Apr May Jun Jul Aug Sep Oct Nov Dec
2023: Jan Feb Mar Apr May Jun Jul Aug Sep Oct Nov Dec
2022: Jan Feb Mar Apr May Jun Jul Aug Sep Oct Nov Dec
2021: Jan Feb Mar Apr May Jun Jul Aug Sep Oct Nov Dec
2020: Jan Feb Mar Apr May Jun Jul Aug Sep Oct Nov Dec
2019: Jan Feb Mar Apr May Jun Jul Aug Sep Oct Nov Dec
2018: Jan Feb Mar Apr May Jun Jul Aug Sep Oct Nov Dec
2017: Jan Feb Mar Apr May Jun Jul Aug Sep Oct Nov Dec
2016: Jan Feb Mar Apr May Jun Jul Aug Sep Oct Nov Dec
2015: Jan Feb Mar Apr May Jun Jul Aug Sep Oct Nov Dec
2014: Jan Feb Mar Apr May Jun Jul Aug Sep Oct Nov Dec
2013: Jan Feb Mar Apr May Jun Jul Aug Sep Oct Nov Dec
2012: Jan Feb Mar Apr May Jun Jul Aug Sep Oct Nov Dec
2011: Jan Feb Mar Apr May Jun Jul Aug Sep Oct Nov Dec
2010: Jan Feb Mar Apr May Jun Jul Aug Sep Oct Nov Dec
2009: Jan Feb Mar Apr May Jun Jul Aug Sep Oct Nov Dec
2008: Jan Feb Mar Apr May Jun Jul Aug Sep Oct Nov Dec
2007: Jan Feb Mar Apr May Jun Jul Aug Sep Oct Nov Dec
2006: Jan Feb Mar Apr May Jun Jul Aug Sep Oct Nov Dec
2005: Jan Feb Mar Apr May Jun Jul Aug Sep Oct Nov Dec
2024: Jan Feb Mar Apr May Jun Jul Aug Sep Oct Nov Dec
2023: Jan Feb Mar Apr May Jun Jul Aug Sep Oct Nov Dec
2022: Jan Feb Mar Apr May Jun Jul Aug Sep Oct Nov Dec
2021: Jan Feb Mar Apr May Jun Jul Aug Sep Oct Nov Dec
2020: Jan Feb Mar Apr May Jun Jul Aug Sep Oct Nov Dec
2019: Jan Feb Mar Apr May Jun Jul Aug Sep Oct Nov Dec
2018: Jan Feb Mar Apr May Jun Jul Aug Sep Oct Nov Dec
2017: Jan Feb Mar Apr May Jun Jul Aug Sep Oct Nov Dec
2016: Jan Feb Mar Apr May Jun Jul Aug Sep Oct Nov Dec
2015: Jan Feb Mar Apr May Jun Jul Aug Sep Oct Nov Dec
2014: Jan Feb Mar Apr May Jun Jul Aug Sep Oct Nov Dec
2013: Jan Feb Mar Apr May Jun Jul Aug Sep Oct Nov Dec
2012: Jan Feb Mar Apr May Jun Jul Aug Sep Oct Nov Dec
2011: Jan Feb Mar Apr May Jun Jul Aug Sep Oct Nov Dec
2010: Jan Feb Mar Apr May Jun Jul Aug Sep Oct Nov Dec
2009: Jan Feb Mar Apr May Jun Jul Aug Sep Oct Nov Dec
2008: Jan Feb Mar Apr May Jun Jul Aug Sep Oct Nov Dec
2007: Jan Feb Mar Apr May Jun Jul Aug Sep Oct Nov Dec
2006: Jan Feb Mar Apr May Jun Jul Aug Sep Oct Nov Dec
2005: Jan Feb Mar Apr May Jun Jul Aug Sep Oct Nov Dec
Report for 2022 November
Daily noaa report MONTHLY CLIMATOLOGICAL SUMMARY for NOV. 2022 NAME: Woodbridge CITY: Sachse STATE: Texas ELEV: 502 LAT: 032:60:00 LONG: 0096:57:00 TEMPERATURE ( °F), RAIN (in.), WIND SPEED (mph) HEAT COOL AVG MEAN DEG DEG WIND DOM DAY TEMP HIGH TIME LOW TIME DAYS DAYS RAIN SPEED HIGH TIME DIR -------------------------------------------------------------------------------------------------------- 01 62.7 075.9 16:52 51.4 08:12 02.2 00.0 00.00 01.9 16.1 15:40 SSE 02 63.5 073.7 17:02 56.0 04:02 01.5 00.0 00.00 03.8 14.9 15:39 SSE 03 70.2 078.0 16:37 63.7 02:12 00.0 05.2 00.00 05.5 19.6 23:38 SSE 04 67.3 075.1 16:05 49.9 00:00 00.0 02.4 01.79 07.0 28.8 17:55 SSW 05 53.1 062.7 16:42 42.5 08:15 11.9 00.0 00.00 03.9 14.9 16:07 S 06 65.2 079.5 15:18 52.7 07:03 00.0 00.3 00.00 04.9 19.6 12:55 S 07 70.2 078.5 13:24 63.8 02:10 00.0 05.2 00.49 01.9 13.8 22:43 ESE 08 72.2 080.6 15:15 68.6 00:00 00.0 07.3 00.00 03.9 11.5 23:10 ESE 09 72.8 081.0 14:34 68.2 01:22 00.0 07.9 00.00 05.4 19.6 15:38 SSE 10 68.7 073.0 14:59 63.8 07:15 00.0 03.8 00.00 04.0 18.4 09:25 SSE 11 49.8 067.2 00:02 40.3 00:00 15.1 00.0 00.78 08.2 26.4 18:47 NNW 12 41.5 050.7 15:08 34.1 07:14 23.5 00.0 00.00 05.3 18.4 14:05 NNW 13 42.0 052.4 14:19 29.9 07:20 23.0 00.0 00.00 03.4 18.4 21:54 ESE 14 41.5 043.7 01:25 39.4 23:12 23.5 00.0 00.37 05.8 19.6 02:15 ENE 15 39.6 042.3 16:15 37.9 21:04 25.4 00.0 00.00 04.8 17.3 12:03 NNW 16 42.9 053.8 16:34 33.8 04:22 22.1 00.0 00.00 01.8 11.5 13:34 NW 17 44.5 058.2 15:41 29.9 07:08 20.5 00.0 00.00 01.7 11.5 14:15 S 18 42.0 046.7 13:02 36.6 00:00 23.0 00.0 00.00 05.1 16.1 21:50 NNE 19 36.4 043.2 16:05 29.7 00:00 28.6 00.0 00.00 03.8 14.9 01:30 NNW 20 39.6 050.5 14:08 26.6 06:59 25.4 00.0 00.00 01.3 11.5 11:44 SE 21 46.2 052.6 16:15 42.1 05:10 18.7 00.0 00.00 01.8 10.3 13:57 S 22 49.1 059.8 15:43 41.8 02:05 15.9 00.0 00.00 01.7 11.5 14:57 S 23 51.4 054.9 16:27 42.7 00:39 13.5 00.0 00.66 02.7 11.5 16:18 SE 24 54.6 056.6 11:58 52.5 02:02 10.4 00.0 01.85 03.8 18.4 15:03 NNE 25 54.3 057.4 14:55 50.8 09:08 10.7 00.0 00.01 05.6 19.6 09:32 NNE 26 52.4 055.5 00:07 48.8 00:00 12.6 00.0 01.22 04.6 21.9 14:42 WSW 27 52.6 062.7 15:15 45.4 00:00 12.3 00.0 00.00 03.2 13.8 10:39 WNW 28 51.9 066.2 15:57 37.0 07:37 13.0 00.0 00.00 03.9 18.4 14:43 S 29 65.4 079.3 14:23 42.9 00:00 00.0 00.5 00.00 06.9 31.1 22:24 WSW 30 40.9 049.8 15:35 33.9 07:30 24.0 00.0 00.00 05.9 24.1 01:15 N -------------------------------------------------------------------------------------------------------- 53.5 (53.6) 81.0 day 09 26.6 day 20 376.5 032.5 07.11 04.1 31.1 day 29 ESE Min < 86: 30 Max Rain: 1.85 ON 24-11-22 Days of Rain: 8 (> .008in) 7 (> .08in) 3 (> 0.8in)