NOAA-Style Climate Reports
Select a Year or Month report
2024: Jan Feb Mar Apr May Jun Jul Aug Sep Oct Nov Dec
2023: Jan Feb Mar Apr May Jun Jul Aug Sep Oct Nov Dec
2022: Jan Feb Mar Apr May Jun Jul Aug Sep Oct Nov Dec
2021: Jan Feb Mar Apr May Jun Jul Aug Sep Oct Nov Dec
2020: Jan Feb Mar Apr May Jun Jul Aug Sep Oct Nov Dec
2019: Jan Feb Mar Apr May Jun Jul Aug Sep Oct Nov Dec
2018: Jan Feb Mar Apr May Jun Jul Aug Sep Oct Nov Dec
2017: Jan Feb Mar Apr May Jun Jul Aug Sep Oct Nov Dec
2016: Jan Feb Mar Apr May Jun Jul Aug Sep Oct Nov Dec
2015: Jan Feb Mar Apr May Jun Jul Aug Sep Oct Nov Dec
2014: Jan Feb Mar Apr May Jun Jul Aug Sep Oct Nov Dec
2013: Jan Feb Mar Apr May Jun Jul Aug Sep Oct Nov Dec
2012: Jan Feb Mar Apr May Jun Jul Aug Sep Oct Nov Dec
2011: Jan Feb Mar Apr May Jun Jul Aug Sep Oct Nov Dec
2010: Jan Feb Mar Apr May Jun Jul Aug Sep Oct Nov Dec
2009: Jan Feb Mar Apr May Jun Jul Aug Sep Oct Nov Dec
2008: Jan Feb Mar Apr May Jun Jul Aug Sep Oct Nov Dec
2007: Jan Feb Mar Apr May Jun Jul Aug Sep Oct Nov Dec
2006: Jan Feb Mar Apr May Jun Jul Aug Sep Oct Nov Dec
2005: Jan Feb Mar Apr May Jun Jul Aug Sep Oct Nov Dec
2024: Jan Feb Mar Apr May Jun Jul Aug Sep Oct Nov Dec
2023: Jan Feb Mar Apr May Jun Jul Aug Sep Oct Nov Dec
2022: Jan Feb Mar Apr May Jun Jul Aug Sep Oct Nov Dec
2021: Jan Feb Mar Apr May Jun Jul Aug Sep Oct Nov Dec
2020: Jan Feb Mar Apr May Jun Jul Aug Sep Oct Nov Dec
2019: Jan Feb Mar Apr May Jun Jul Aug Sep Oct Nov Dec
2018: Jan Feb Mar Apr May Jun Jul Aug Sep Oct Nov Dec
2017: Jan Feb Mar Apr May Jun Jul Aug Sep Oct Nov Dec
2016: Jan Feb Mar Apr May Jun Jul Aug Sep Oct Nov Dec
2015: Jan Feb Mar Apr May Jun Jul Aug Sep Oct Nov Dec
2014: Jan Feb Mar Apr May Jun Jul Aug Sep Oct Nov Dec
2013: Jan Feb Mar Apr May Jun Jul Aug Sep Oct Nov Dec
2012: Jan Feb Mar Apr May Jun Jul Aug Sep Oct Nov Dec
2011: Jan Feb Mar Apr May Jun Jul Aug Sep Oct Nov Dec
2010: Jan Feb Mar Apr May Jun Jul Aug Sep Oct Nov Dec
2009: Jan Feb Mar Apr May Jun Jul Aug Sep Oct Nov Dec
2008: Jan Feb Mar Apr May Jun Jul Aug Sep Oct Nov Dec
2007: Jan Feb Mar Apr May Jun Jul Aug Sep Oct Nov Dec
2006: Jan Feb Mar Apr May Jun Jul Aug Sep Oct Nov Dec
2005: Jan Feb Mar Apr May Jun Jul Aug Sep Oct Nov Dec
Report for 2023 January
Daily noaa report MONTHLY CLIMATOLOGICAL SUMMARY for JAN. 2023 NAME: Woodbridge CITY: Sachse STATE: Texas ELEV: 502 LAT: 032:60:00 LONG: 0096:57:00 TEMPERATURE ( °F), RAIN (in.), WIND SPEED (mph) HEAT COOL AVG MEAN DEG DEG WIND DOM DAY TEMP HIGH TIME LOW TIME DAYS DAYS RAIN SPEED HIGH TIME DIR -------------------------------------------------------------------------------------------------------- 01 61.7 074.3 14:33 51.8 05:35 03.3 00.0 00.00 05.1 17.3 14:39 S 02 68.6 076.2 16:11 60.5 00:02 00.0 03.6 00.05 05.6 19.6 14:28 S 03 60.6 068.7 14:35 45.9 23:47 04.3 00.0 00.00 03.2 19.6 15:28 W 04 45.9 058.0 14:13 36.3 07:31 19.0 00.0 00.00 01.9 13.8 09:00 NW 05 45.3 061.0 15:37 33.7 06:42 19.6 00.0 00.00 01.4 11.5 14:02 NW 06 54.7 071.6 15:22 37.2 05:20 10.2 00.0 00.00 04.8 24.1 16:00 S 07 57.2 062.7 15:08 49.2 00:00 07.7 00.0 00.00 05.4 18.4 15:15 NW 08 48.2 060.2 16:21 37.2 00:00 16.8 00.0 00.00 03.2 13.8 09:47 N 09 49.9 067.1 16:22 33.6 07:06 15.0 00.0 00.00 03.4 19.6 13:45 S 10 62.1 079.7 15:40 47.9 05:38 02.9 00.0 00.00 05.2 18.4 15:10 S 11 66.0 082.2 13:36 50.3 07:22 00.0 01.1 00.00 05.2 28.8 21:18 SSW 12 51.3 068.4 00:05 42.9 23:38 13.6 00.0 00.00 10.4 32.2 02:10 NW 13 44.2 057.0 15:34 33.2 07:38 20.7 00.0 00.00 03.4 13.8 14:23 NNW 14 46.2 060.3 15:16 32.1 01:45 18.7 00.0 00.00 04.8 21.9 15:37 SSE 15 57.8 069.2 14:25 45.4 07:23 07.2 00.0 00.00 09.1 29.9 14:07 S 16 66.3 075.3 15:21 55.3 00:00 00.0 01.4 00.00 06.2 25.3 00:11 SSW 17 62.4 079.3 15:30 47.0 07:42 02.6 00.0 00.00 02.7 13.8 15:40 S 18 62.7 070.6 15:45 54.4 21:49 02.2 00.0 00.03 04.5 29.9 07:54 WSW 19 50.9 058.6 15:17 42.9 07:30 14.0 00.0 00.00 05.1 21.9 02:33 WNW 20 49.6 061.1 15:27 35.5 07:53 15.4 00.0 00.00 03.1 13.8 16:49 ESE 21 48.6 054.6 16:20 42.6 00:00 16.3 00.0 00.00 04.6 14.9 13:59 SSE 22 44.2 052.5 15:15 34.8 00:00 20.8 00.0 00.00 06.1 20.7 15:59 NW 23 42.0 053.2 15:28 30.5 02:37 22.9 00.0 00.00 02.5 13.8 14:32 ENE 24 41.3 046.6 00:06 33.8 21:12 23.6 00.0 01.14 06.9 21.9 15:05 NNE 25 38.3 043.5 10:29 33.7 23:08 26.7 00.0 00.00 05.3 19.6 01:42 WNW 26 41.1 053.3 15:26 30.5 07:52 23.9 00.0 00.00 02.5 16.1 15:38 W 27 46.0 060.7 15:29 31.0 02:34 19.0 00.0 00.00 04.9 21.9 12:44 SSW 28 53.2 064.5 16:40 41.5 04:04 11.7 00.0 00.00 05.6 18.4 17:06 S 29 45.1 064.1 03:24 29.8 00:00 19.9 00.0 00.00 07.4 20.7 16:26 NNW 30 27.8 029.8 00:04 25.3 00:00 37.1 00.0 00.00 08.2 19.6 06:19 NNW 31 25.9 027.2 09:33 24.6 03:47 39.1 00.0 00.00 07.0 16.1 11:54 N -------------------------------------------------------------------------------------------------------- 50.5 (50.7) 82.2 day 11 24.6 day 31 454.1 006.1 01.21 05.0 32.2 day 12 WSW Max < 32: 2 Min < 86: 31 Max Rain: 1.14 ON 24-01-23 Days of Rain: 3 (> .008in) 1 (> .08in) 1 (> 0.8in)