NOAA-Style Climate Reports
Select a Year or Month report
2024: Jan Feb Mar Apr May Jun Jul Aug Sep Oct Nov Dec
2023: Jan Feb Mar Apr May Jun Jul Aug Sep Oct Nov Dec
2022: Jan Feb Mar Apr May Jun Jul Aug Sep Oct Nov Dec
2021: Jan Feb Mar Apr May Jun Jul Aug Sep Oct Nov Dec
2020: Jan Feb Mar Apr May Jun Jul Aug Sep Oct Nov Dec
2019: Jan Feb Mar Apr May Jun Jul Aug Sep Oct Nov Dec
2018: Jan Feb Mar Apr May Jun Jul Aug Sep Oct Nov Dec
2017: Jan Feb Mar Apr May Jun Jul Aug Sep Oct Nov Dec
2016: Jan Feb Mar Apr May Jun Jul Aug Sep Oct Nov Dec
2015: Jan Feb Mar Apr May Jun Jul Aug Sep Oct Nov Dec
2014: Jan Feb Mar Apr May Jun Jul Aug Sep Oct Nov Dec
2013: Jan Feb Mar Apr May Jun Jul Aug Sep Oct Nov Dec
2012: Jan Feb Mar Apr May Jun Jul Aug Sep Oct Nov Dec
2011: Jan Feb Mar Apr May Jun Jul Aug Sep Oct Nov Dec
2010: Jan Feb Mar Apr May Jun Jul Aug Sep Oct Nov Dec
2009: Jan Feb Mar Apr May Jun Jul Aug Sep Oct Nov Dec
2008: Jan Feb Mar Apr May Jun Jul Aug Sep Oct Nov Dec
2007: Jan Feb Mar Apr May Jun Jul Aug Sep Oct Nov Dec
2006: Jan Feb Mar Apr May Jun Jul Aug Sep Oct Nov Dec
2005: Jan Feb Mar Apr May Jun Jul Aug Sep Oct Nov Dec
2024: Jan Feb Mar Apr May Jun Jul Aug Sep Oct Nov Dec
2023: Jan Feb Mar Apr May Jun Jul Aug Sep Oct Nov Dec
2022: Jan Feb Mar Apr May Jun Jul Aug Sep Oct Nov Dec
2021: Jan Feb Mar Apr May Jun Jul Aug Sep Oct Nov Dec
2020: Jan Feb Mar Apr May Jun Jul Aug Sep Oct Nov Dec
2019: Jan Feb Mar Apr May Jun Jul Aug Sep Oct Nov Dec
2018: Jan Feb Mar Apr May Jun Jul Aug Sep Oct Nov Dec
2017: Jan Feb Mar Apr May Jun Jul Aug Sep Oct Nov Dec
2016: Jan Feb Mar Apr May Jun Jul Aug Sep Oct Nov Dec
2015: Jan Feb Mar Apr May Jun Jul Aug Sep Oct Nov Dec
2014: Jan Feb Mar Apr May Jun Jul Aug Sep Oct Nov Dec
2013: Jan Feb Mar Apr May Jun Jul Aug Sep Oct Nov Dec
2012: Jan Feb Mar Apr May Jun Jul Aug Sep Oct Nov Dec
2011: Jan Feb Mar Apr May Jun Jul Aug Sep Oct Nov Dec
2010: Jan Feb Mar Apr May Jun Jul Aug Sep Oct Nov Dec
2009: Jan Feb Mar Apr May Jun Jul Aug Sep Oct Nov Dec
2008: Jan Feb Mar Apr May Jun Jul Aug Sep Oct Nov Dec
2007: Jan Feb Mar Apr May Jun Jul Aug Sep Oct Nov Dec
2006: Jan Feb Mar Apr May Jun Jul Aug Sep Oct Nov Dec
2005: Jan Feb Mar Apr May Jun Jul Aug Sep Oct Nov Dec
Report for 2023 February
Daily noaa report MONTHLY CLIMATOLOGICAL SUMMARY for FEB. 2023 NAME: Woodbridge CITY: Sachse STATE: Texas ELEV: 502 LAT: 032:60:00 LONG: 0096:57:00 TEMPERATURE ( °F), RAIN (in.), WIND SPEED (mph) HEAT COOL AVG MEAN DEG DEG WIND DOM DAY TEMP HIGH TIME LOW TIME DAYS DAYS RAIN SPEED HIGH TIME DIR -------------------------------------------------------------------------------------------------------- 01 28.5 031.5 00:00 26.4 08:38 36.5 00.0 00.00 04.4 11.5 17:17 N 02 32.7 034.4 22:42 31.4 03:07 32.3 00.0 00.25 02.2 11.5 16:46 NNW 03 38.8 052.1 16:29 31.6 07:44 26.1 00.0 00.69 02.4 09.2 09:34 N 04 42.4 056.9 16:01 29.0 05:14 22.6 00.0 00.00 03.4 23.0 13:14 S 05 53.3 067.3 16:16 41.5 07:32 11.6 00.0 00.00 03.3 12.7 16:00 S 06 60.8 072.1 15:05 53.2 05:32 04.2 00.0 00.00 06.7 27.6 16:09 S 07 55.0 061.8 10:22 47.8 21:07 09.9 00.0 00.83 05.9 17.3 18:16 NE 08 46.1 050.1 01:24 37.9 00:00 18.8 00.0 00.73 05.3 21.9 17:46 WNW 09 47.6 061.7 16:08 34.6 06:02 17.4 00.0 00.00 02.7 12.7 23:07 SE 10 42.6 049.6 00:19 35.8 22:27 22.4 00.0 00.00 09.0 24.1 10:08 NNW 11 42.3 054.1 16:32 34.9 01:26 22.7 00.0 00.00 04.8 14.9 04:13 NNW 12 48.5 065.7 15:09 31.0 05:32 16.4 00.0 00.00 03.3 16.1 16:00 SSW 13 54.6 065.0 14:14 41.6 06:17 10.3 00.0 00.00 04.2 26.4 23:49 S 14 60.9 070.2 15:37 51.8 06:44 04.0 00.0 00.68 08.0 41.4 13:42 SSW 15 60.8 075.2 15:37 44.7 06:13 04.1 00.0 00.00 05.1 24.1 11:17 SSE 16 43.5 069.3 00:02 35.2 00:00 21.4 00.0 00.00 11.6 26.4 13:27 NW 17 38.6 049.8 16:20 30.0 07:19 26.3 00.0 00.00 04.8 20.7 01:08 NNW 18 42.9 052.7 14:06 29.7 06:18 22.1 00.0 00.00 04.6 19.6 16:49 S 19 56.5 070.1 16:28 44.6 07:09 08.5 00.0 00.00 05.9 18.4 12:50 SSW 20 66.5 078.2 14:03 55.9 07:01 00.0 01.5 00.00 04.7 21.9 14:53 SSW 21 72.0 086.9 14:21 58.3 07:00 00.0 07.1 00.00 06.6 25.3 23:48 S 22 68.9 078.3 16:05 58.4 23:40 00.0 04.0 00.50 07.3 31.1 06:45 SSW 23 51.8 061.6 02:34 43.9 08:53 13.1 00.0 00.00 07.5 21.9 08:16 N 24 44.9 048.7 12:42 40.9 00:00 20.1 00.0 00.00 06.7 16.1 10:36 N 25 43.2 047.4 22:21 38.9 08:08 21.7 00.0 00.06 03.6 12.7 01:23 N 26 60.0 076.6 17:07 46.7 00:05 04.9 00.0 00.01 06.2 32.2 22:43 S 27 63.0 074.6 15:31 52.0 23:44 01.9 00.0 00.06 04.9 28.8 00:23 WSW 28 64.5 083.9 16:21 42.6 07:08 00.4 00.0 00.00 02.5 12.7 15:43 SSW -------------------------------------------------------------------------------------------------------- 51.1 (51.7) 86.9 day 21 26.4 day 01 399.8 012.6 03.78 05.3 41.4 day 26 WSW Max > 86: 1 Max < 32: 1 Min < 86: 28 Max Rain: 0.83 ON 7-02-23 Days of Rain: 9 (> .008in) 6 (> .08in) 1 (> 0.8in)