NOAA-Style Climate Reports
Select a Year or Month report
2024: Jan Feb Mar Apr May Jun Jul Aug Sep Oct Nov Dec
2023: Jan Feb Mar Apr May Jun Jul Aug Sep Oct Nov Dec
2022: Jan Feb Mar Apr May Jun Jul Aug Sep Oct Nov Dec
2021: Jan Feb Mar Apr May Jun Jul Aug Sep Oct Nov Dec
2020: Jan Feb Mar Apr May Jun Jul Aug Sep Oct Nov Dec
2019: Jan Feb Mar Apr May Jun Jul Aug Sep Oct Nov Dec
2018: Jan Feb Mar Apr May Jun Jul Aug Sep Oct Nov Dec
2017: Jan Feb Mar Apr May Jun Jul Aug Sep Oct Nov Dec
2016: Jan Feb Mar Apr May Jun Jul Aug Sep Oct Nov Dec
2015: Jan Feb Mar Apr May Jun Jul Aug Sep Oct Nov Dec
2014: Jan Feb Mar Apr May Jun Jul Aug Sep Oct Nov Dec
2013: Jan Feb Mar Apr May Jun Jul Aug Sep Oct Nov Dec
2012: Jan Feb Mar Apr May Jun Jul Aug Sep Oct Nov Dec
2011: Jan Feb Mar Apr May Jun Jul Aug Sep Oct Nov Dec
2010: Jan Feb Mar Apr May Jun Jul Aug Sep Oct Nov Dec
2009: Jan Feb Mar Apr May Jun Jul Aug Sep Oct Nov Dec
2008: Jan Feb Mar Apr May Jun Jul Aug Sep Oct Nov Dec
2007: Jan Feb Mar Apr May Jun Jul Aug Sep Oct Nov Dec
2006: Jan Feb Mar Apr May Jun Jul Aug Sep Oct Nov Dec
2005: Jan Feb Mar Apr May Jun Jul Aug Sep Oct Nov Dec
2024: Jan Feb Mar Apr May Jun Jul Aug Sep Oct Nov Dec
2023: Jan Feb Mar Apr May Jun Jul Aug Sep Oct Nov Dec
2022: Jan Feb Mar Apr May Jun Jul Aug Sep Oct Nov Dec
2021: Jan Feb Mar Apr May Jun Jul Aug Sep Oct Nov Dec
2020: Jan Feb Mar Apr May Jun Jul Aug Sep Oct Nov Dec
2019: Jan Feb Mar Apr May Jun Jul Aug Sep Oct Nov Dec
2018: Jan Feb Mar Apr May Jun Jul Aug Sep Oct Nov Dec
2017: Jan Feb Mar Apr May Jun Jul Aug Sep Oct Nov Dec
2016: Jan Feb Mar Apr May Jun Jul Aug Sep Oct Nov Dec
2015: Jan Feb Mar Apr May Jun Jul Aug Sep Oct Nov Dec
2014: Jan Feb Mar Apr May Jun Jul Aug Sep Oct Nov Dec
2013: Jan Feb Mar Apr May Jun Jul Aug Sep Oct Nov Dec
2012: Jan Feb Mar Apr May Jun Jul Aug Sep Oct Nov Dec
2011: Jan Feb Mar Apr May Jun Jul Aug Sep Oct Nov Dec
2010: Jan Feb Mar Apr May Jun Jul Aug Sep Oct Nov Dec
2009: Jan Feb Mar Apr May Jun Jul Aug Sep Oct Nov Dec
2008: Jan Feb Mar Apr May Jun Jul Aug Sep Oct Nov Dec
2007: Jan Feb Mar Apr May Jun Jul Aug Sep Oct Nov Dec
2006: Jan Feb Mar Apr May Jun Jul Aug Sep Oct Nov Dec
2005: Jan Feb Mar Apr May Jun Jul Aug Sep Oct Nov Dec
Report for 2023 April
Daily noaa report MONTHLY CLIMATOLOGICAL SUMMARY for APR. 2023 NAME: Woodbridge CITY: Sachse STATE: Texas ELEV: 502 LAT: 032:60:00 LONG: 0096:57:00 TEMPERATURE ( °F), RAIN (in.), WIND SPEED (mph) HEAT COOL AVG MEAN DEG DEG WIND DOM DAY TEMP HIGH TIME LOW TIME DAYS DAYS RAIN SPEED HIGH TIME DIR -------------------------------------------------------------------------------------------------------- 01 65.0 073.6 17:02 53.8 23:47 00.0 00.1 00.00 04.2 17.3 11:39 N 02 64.7 076.9 15:28 52.5 01:04 00.2 00.0 00.04 04.5 19.6 15:28 SSE 03 75.8 089.8 16:21 62.5 03:42 00.0 10.9 00.00 07.3 23.0 16:44 S 04 75.4 080.3 17:10 71.0 06:37 00.0 10.5 00.00 08.5 24.1 23:14 S 05 63.5 076.6 00:10 51.9 10:33 01.4 00.0 00.06 07.6 23.0 08:08 NW 06 53.8 056.8 19:10 49.6 07:20 11.1 00.0 00.00 06.7 19.6 13:03 NNE 07 55.7 060.3 17:10 51.4 09:05 09.2 00.0 00.00 04.8 16.1 03:13 NE 08 61.0 072.1 17:09 54.1 07:17 03.9 00.0 00.00 02.2 13.8 16:28 NE 09 62.6 074.1 17:31 50.6 06:39 02.4 00.0 00.00 02.6 14.9 22:40 E 10 63.1 072.4 17:21 53.7 07:12 01.9 00.0 00.00 02.5 12.7 16:32 E 11 63.4 075.4 15:40 49.6 06:32 01.6 00.0 00.00 02.2 14.9 13:36 ESE 12 63.7 077.3 16:12 49.6 06:38 01.3 00.0 00.00 03.1 16.1 15:45 SSE 13 67.0 077.7 16:39 56.3 07:18 00.0 02.0 00.00 04.3 17.3 15:07 SSE 14 69.0 078.9 14:27 58.6 07:05 00.0 04.1 00.00 07.5 23.0 17:44 S 15 72.2 082.4 12:17 59.5 00:00 00.0 07.2 00.00 08.5 26.4 16:23 W 16 59.7 071.2 17:02 46.6 07:07 05.3 00.0 00.00 04.3 19.6 17:02 NNW 17 62.8 077.9 16:20 43.5 06:29 02.1 00.0 00.00 04.7 21.9 15:44 S 18 66.2 074.6 13:49 58.8 07:03 00.0 01.3 00.00 08.2 25.3 16:50 SSE 19 71.2 080.4 15:11 63.2 04:49 00.0 06.3 00.00 09.1 25.3 14:24 S 20 71.9 082.1 13:15 62.0 00:00 00.0 07.0 00.47 06.6 20.7 03:26 S 21 64.9 074.0 17:21 54.2 23:41 00.0 00.0 00.01 04.6 21.9 11:50 NNE 22 60.7 073.1 13:08 51.1 07:34 04.3 00.0 00.00 05.3 23.0 16:33 NE 23 50.9 056.0 18:31 47.9 05:15 14.0 00.0 00.05 05.4 20.7 00:08 NE 24 57.4 069.2 15:52 44.8 05:43 07.6 00.0 00.00 04.8 19.6 11:52 ESE 25 62.3 070.6 17:46 57.8 06:37 02.6 00.0 00.00 05.3 18.4 17:17 ESE 26 57.5 060.1 00:10 53.8 06:30 07.4 00.0 00.79 05.2 26.4 07:24 ENE 27 61.4 067.9 16:53 52.8 00:00 03.5 00.0 00.02 03.9 19.6 14:17 NW 28 59.5 073.0 14:17 48.4 05:46 05.4 00.0 00.37 04.6 20.7 23:42 N 29 60.1 070.4 16:37 53.3 23:46 04.9 00.0 00.00 08.7 25.3 14:51 NW 30 65.1 079.3 15:52 48.2 06:58 00.0 00.2 00.00 03.3 14.9 23:27 NNE -------------------------------------------------------------------------------------------------------- 63.6 (63.6) 89.8 day 03 43.5 day 17 090.2 049.6 01.80 05.3 26.5 day 26 ESE Max > 86: 1 Min < 86: 30 Max Rain: 0.79 ON 26-04-23 Days of Rain: 8 (> .008in) 3 (> .08in) 0 (> 0.8in)