NOAA-Style Climate Reports
Select a Year or Month report
2024: Jan Feb Mar Apr May Jun Jul Aug Sep Oct Nov Dec
2023: Jan Feb Mar Apr May Jun Jul Aug Sep Oct Nov Dec
2022: Jan Feb Mar Apr May Jun Jul Aug Sep Oct Nov Dec
2021: Jan Feb Mar Apr May Jun Jul Aug Sep Oct Nov Dec
2020: Jan Feb Mar Apr May Jun Jul Aug Sep Oct Nov Dec
2019: Jan Feb Mar Apr May Jun Jul Aug Sep Oct Nov Dec
2018: Jan Feb Mar Apr May Jun Jul Aug Sep Oct Nov Dec
2017: Jan Feb Mar Apr May Jun Jul Aug Sep Oct Nov Dec
2016: Jan Feb Mar Apr May Jun Jul Aug Sep Oct Nov Dec
2015: Jan Feb Mar Apr May Jun Jul Aug Sep Oct Nov Dec
2014: Jan Feb Mar Apr May Jun Jul Aug Sep Oct Nov Dec
2013: Jan Feb Mar Apr May Jun Jul Aug Sep Oct Nov Dec
2012: Jan Feb Mar Apr May Jun Jul Aug Sep Oct Nov Dec
2011: Jan Feb Mar Apr May Jun Jul Aug Sep Oct Nov Dec
2010: Jan Feb Mar Apr May Jun Jul Aug Sep Oct Nov Dec
2009: Jan Feb Mar Apr May Jun Jul Aug Sep Oct Nov Dec
2008: Jan Feb Mar Apr May Jun Jul Aug Sep Oct Nov Dec
2007: Jan Feb Mar Apr May Jun Jul Aug Sep Oct Nov Dec
2006: Jan Feb Mar Apr May Jun Jul Aug Sep Oct Nov Dec
2005: Jan Feb Mar Apr May Jun Jul Aug Sep Oct Nov Dec
2024: Jan Feb Mar Apr May Jun Jul Aug Sep Oct Nov Dec
2023: Jan Feb Mar Apr May Jun Jul Aug Sep Oct Nov Dec
2022: Jan Feb Mar Apr May Jun Jul Aug Sep Oct Nov Dec
2021: Jan Feb Mar Apr May Jun Jul Aug Sep Oct Nov Dec
2020: Jan Feb Mar Apr May Jun Jul Aug Sep Oct Nov Dec
2019: Jan Feb Mar Apr May Jun Jul Aug Sep Oct Nov Dec
2018: Jan Feb Mar Apr May Jun Jul Aug Sep Oct Nov Dec
2017: Jan Feb Mar Apr May Jun Jul Aug Sep Oct Nov Dec
2016: Jan Feb Mar Apr May Jun Jul Aug Sep Oct Nov Dec
2015: Jan Feb Mar Apr May Jun Jul Aug Sep Oct Nov Dec
2014: Jan Feb Mar Apr May Jun Jul Aug Sep Oct Nov Dec
2013: Jan Feb Mar Apr May Jun Jul Aug Sep Oct Nov Dec
2012: Jan Feb Mar Apr May Jun Jul Aug Sep Oct Nov Dec
2011: Jan Feb Mar Apr May Jun Jul Aug Sep Oct Nov Dec
2010: Jan Feb Mar Apr May Jun Jul Aug Sep Oct Nov Dec
2009: Jan Feb Mar Apr May Jun Jul Aug Sep Oct Nov Dec
2008: Jan Feb Mar Apr May Jun Jul Aug Sep Oct Nov Dec
2007: Jan Feb Mar Apr May Jun Jul Aug Sep Oct Nov Dec
2006: Jan Feb Mar Apr May Jun Jul Aug Sep Oct Nov Dec
2005: Jan Feb Mar Apr May Jun Jul Aug Sep Oct Nov Dec
Report for 2023 June
Daily noaa report MONTHLY CLIMATOLOGICAL SUMMARY for JUN. 2023 NAME: Woodbridge CITY: Sachse STATE: Texas ELEV: 502 LAT: 032:60:00 LONG: 0096:57:00 TEMPERATURE ( °F), RAIN (in.), WIND SPEED (mph) HEAT COOL AVG MEAN DEG DEG WIND DOM DAY TEMP HIGH TIME LOW TIME DAYS DAYS RAIN SPEED HIGH TIME DIR -------------------------------------------------------------------------------------------------------- 16 79.4 080.8 20:00 78.1 00:00 00.0 14.5 00.00 02.5 08.1 20:07 NE 17 82.9 095.0 17:27 73.2 05:19 00.0 18.0 00.00 03.7 14.9 08:47 SE 18 80.6 089.2 17:38 71.9 07:12 00.0 15.6 00.00 04.1 19.6 03:14 NE 19 84.2 096.8 16:26 70.3 03:18 00.0 19.3 00.00 04.5 17.3 15:36 SE 20 87.6 096.2 16:38 80.5 06:48 00.0 22.6 00.00 05.9 17.3 11:28 SE 21 84.1 092.8 14:30 78.1 23:06 00.0 19.2 00.01 05.9 21.9 16:26 E 22 83.3 091.3 16:46 76.4 06:22 00.0 18.4 00.00 04.7 18.4 09:23 E 23 81.7 091.4 16:22 75.1 21:36 00.0 16.7 00.00 04.6 27.6 17:22 SE 24 85.5 096.8 16:41 74.4 00:52 00.0 20.5 00.00 06.9 21.9 14:09 S 25 88.1 097.1 15:23 79.2 06:57 00.0 23.1 00.00 06.3 17.3 18:44 S 26 87.7 097.0 14:47 79.8 07:03 00.0 22.7 00.00 05.7 18.4 18:30 SSE 27 88.4 098.9 15:45 79.6 06:52 00.0 23.4 00.00 06.1 19.6 10:29 S 28 87.1 096.7 16:25 78.0 06:44 00.0 22.2 00.00 06.7 20.7 14:41 SSE 29 88.3 097.5 16:17 78.9 06:32 00.0 23.4 00.00 06.0 17.3 11:38 S 30 87.4 095.9 15:27 79.9 06:48 00.0 22.4 00.00 05.6 17.3 14:34 S -------------------------------------------------------------------------------------------------------- 85.1 (85.6) 98.9 day 27 70.3 day 19 000.0 302.1 00.63 05.3 27.6 day 23 SSE Max > 86: 14 Min < 86: 15 Max Rain: 0.01 ON 21-06-23 Days of Rain: 1 (> .008in) 0 (> .08in) 0 (> 0.8in)