NOAA-Style Climate Reports
Select a Year or Month report
2024: Jan Feb Mar Apr May Jun Jul Aug Sep Oct Nov Dec
2023: Jan Feb Mar Apr May Jun Jul Aug Sep Oct Nov Dec
2022: Jan Feb Mar Apr May Jun Jul Aug Sep Oct Nov Dec
2021: Jan Feb Mar Apr May Jun Jul Aug Sep Oct Nov Dec
2020: Jan Feb Mar Apr May Jun Jul Aug Sep Oct Nov Dec
2019: Jan Feb Mar Apr May Jun Jul Aug Sep Oct Nov Dec
2018: Jan Feb Mar Apr May Jun Jul Aug Sep Oct Nov Dec
2017: Jan Feb Mar Apr May Jun Jul Aug Sep Oct Nov Dec
2016: Jan Feb Mar Apr May Jun Jul Aug Sep Oct Nov Dec
2015: Jan Feb Mar Apr May Jun Jul Aug Sep Oct Nov Dec
2014: Jan Feb Mar Apr May Jun Jul Aug Sep Oct Nov Dec
2013: Jan Feb Mar Apr May Jun Jul Aug Sep Oct Nov Dec
2012: Jan Feb Mar Apr May Jun Jul Aug Sep Oct Nov Dec
2011: Jan Feb Mar Apr May Jun Jul Aug Sep Oct Nov Dec
2010: Jan Feb Mar Apr May Jun Jul Aug Sep Oct Nov Dec
2009: Jan Feb Mar Apr May Jun Jul Aug Sep Oct Nov Dec
2008: Jan Feb Mar Apr May Jun Jul Aug Sep Oct Nov Dec
2007: Jan Feb Mar Apr May Jun Jul Aug Sep Oct Nov Dec
2006: Jan Feb Mar Apr May Jun Jul Aug Sep Oct Nov Dec
2005: Jan Feb Mar Apr May Jun Jul Aug Sep Oct Nov Dec
2024: Jan Feb Mar Apr May Jun Jul Aug Sep Oct Nov Dec
2023: Jan Feb Mar Apr May Jun Jul Aug Sep Oct Nov Dec
2022: Jan Feb Mar Apr May Jun Jul Aug Sep Oct Nov Dec
2021: Jan Feb Mar Apr May Jun Jul Aug Sep Oct Nov Dec
2020: Jan Feb Mar Apr May Jun Jul Aug Sep Oct Nov Dec
2019: Jan Feb Mar Apr May Jun Jul Aug Sep Oct Nov Dec
2018: Jan Feb Mar Apr May Jun Jul Aug Sep Oct Nov Dec
2017: Jan Feb Mar Apr May Jun Jul Aug Sep Oct Nov Dec
2016: Jan Feb Mar Apr May Jun Jul Aug Sep Oct Nov Dec
2015: Jan Feb Mar Apr May Jun Jul Aug Sep Oct Nov Dec
2014: Jan Feb Mar Apr May Jun Jul Aug Sep Oct Nov Dec
2013: Jan Feb Mar Apr May Jun Jul Aug Sep Oct Nov Dec
2012: Jan Feb Mar Apr May Jun Jul Aug Sep Oct Nov Dec
2011: Jan Feb Mar Apr May Jun Jul Aug Sep Oct Nov Dec
2010: Jan Feb Mar Apr May Jun Jul Aug Sep Oct Nov Dec
2009: Jan Feb Mar Apr May Jun Jul Aug Sep Oct Nov Dec
2008: Jan Feb Mar Apr May Jun Jul Aug Sep Oct Nov Dec
2007: Jan Feb Mar Apr May Jun Jul Aug Sep Oct Nov Dec
2006: Jan Feb Mar Apr May Jun Jul Aug Sep Oct Nov Dec
2005: Jan Feb Mar Apr May Jun Jul Aug Sep Oct Nov Dec
Report for 2023 August
Daily noaa report MONTHLY CLIMATOLOGICAL SUMMARY for AUG. 2023 NAME: Woodbridge CITY: Sachse STATE: Texas ELEV: 502 LAT: 032:60:00 LONG: 0096:57:00 TEMPERATURE ( °F), RAIN (in.), WIND SPEED (mph) HEAT COOL AVG MEAN DEG DEG WIND DOM DAY TEMP HIGH TIME LOW TIME DAYS DAYS RAIN SPEED HIGH TIME DIR -------------------------------------------------------------------------------------------------------- 01 92.1 105.3 17:14 80.7 07:08 00.0 27.2 00.00 04.1 14.9 22:25 ESE 02 92.8 103.9 16:27 79.7 07:06 00.0 27.8 00.00 04.7 19.6 14:35 SSE 03 92.3 102.4 16:32 81.8 06:36 00.0 27.3 00.00 05.0 19.6 12:23 S 04 92.7 102.1 17:03 83.3 07:08 00.0 27.8 00.00 05.0 19.6 03:39 S 05 93.1 104.4 16:33 81.9 06:53 00.0 28.1 00.00 04.8 16.1 14:29 S 06 90.7 101.2 17:34 80.1 06:17 00.0 25.7 00.00 04.7 18.4 15:33 SSE 07 91.9 101.2 17:55 83.8 07:21 00.0 26.9 00.00 04.7 14.9 11:48 SSE 08 91.0 098.0 16:45 85.2 07:44 00.0 26.1 00.00 06.0 20.7 11:17 SSE 09 92.2 104.3 16:16 81.4 07:04 00.0 27.3 00.00 08.1 26.4 15:16 SSW 10 93.4 104.3 17:04 83.3 07:08 00.0 28.5 00.00 05.7 23.0 03:28 S 11 93.1 104.5 16:42 83.1 08:20 00.0 28.1 00.00 07.1 20.7 17:29 S 12 92.5 103.7 16:30 81.1 07:36 00.0 27.6 00.00 06.7 20.7 09:19 S 13 92.2 103.9 16:35 81.5 07:18 00.0 27.2 00.00 05.8 19.6 16:18 S 14 89.6 099.0 13:22 79.4 23:40 00.0 24.6 00.00 05.6 19.6 18:30 N 15 83.1 092.6 16:44 75.1 04:54 00.0 18.1 00.00 05.0 18.4 16:55 NNE 16 80.7 093.9 17:48 65.7 06:29 00.0 15.8 00.00 02.2 11.5 16:39 NE 17 88.9 106.6 17:22 71.5 06:57 00.0 23.9 00.00 04.4 16.1 14:07 SSE 18 93.0 108.0 15:17 78.3 07:23 00.0 28.0 00.00 03.6 16.1 16:28 S 19 94.0 105.2 15:51 78.1 07:22 00.0 29.0 00.00 02.7 11.5 17:17 SSW 20 93.9 107.5 16:24 79.5 07:10 00.0 29.0 00.00 02.9 18.4 15:04 NE 21 91.8 104.9 16:15 79.5 07:14 00.0 26.8 00.00 03.7 18.4 17:39 E 22 91.7 101.9 15:17 81.7 06:39 00.0 26.7 00.00 03.8 18.4 15:04 ESE 23 91.8 102.2 17:41 79.6 06:27 00.0 26.9 00.00 02.8 13.8 02:31 SSE 24 93.5 105.2 15:38 81.1 07:15 00.0 28.6 00.00 02.3 17.3 17:48 SE 25 93.4 107.2 15:53 79.0 07:08 00.0 28.5 00.00 02.2 12.7 15:52 SE 26 93.8 107.0 16:29 81.4 07:03 00.0 28.9 00.00 02.5 14.9 16:28 SSE 27 89.9 099.2 17:05 80.7 23:58 00.0 25.0 00.00 05.4 19.6 17:39 N 28 85.0 094.0 15:37 76.7 07:24 00.0 20.1 00.00 05.9 18.4 16:26 N 29 84.5 096.3 16:08 71.6 07:18 00.0 19.6 00.00 03.0 16.1 15:17 NNE 30 85.7 096.3 15:21 74.9 07:13 00.0 20.8 00.00 03.7 18.4 14:21 NNE 31 84.2 096.5 17:01 69.5 06:45 00.0 19.2 00.00 03.1 14.9 23:12 SE -------------------------------------------------------------------------------------------------------- 90.6 (90.5) 108.0 day 18 65.7 day 16 000.0 795.2 00.00 04.4 26.5 day 09 SSE Max > 86: 31 Min < 86: 31 Max Rain: 0.00 ON 0-08-23 Days of Rain: 0 (> .008in) 0 (> .08in) 0 (> 0.8in)