NOAA-Style Climate Reports
Select a Year or Month report
2024: Jan Feb Mar Apr May Jun Jul Aug Sep Oct Nov Dec
2023: Jan Feb Mar Apr May Jun Jul Aug Sep Oct Nov Dec
2022: Jan Feb Mar Apr May Jun Jul Aug Sep Oct Nov Dec
2021: Jan Feb Mar Apr May Jun Jul Aug Sep Oct Nov Dec
2020: Jan Feb Mar Apr May Jun Jul Aug Sep Oct Nov Dec
2019: Jan Feb Mar Apr May Jun Jul Aug Sep Oct Nov Dec
2018: Jan Feb Mar Apr May Jun Jul Aug Sep Oct Nov Dec
2017: Jan Feb Mar Apr May Jun Jul Aug Sep Oct Nov Dec
2016: Jan Feb Mar Apr May Jun Jul Aug Sep Oct Nov Dec
2015: Jan Feb Mar Apr May Jun Jul Aug Sep Oct Nov Dec
2014: Jan Feb Mar Apr May Jun Jul Aug Sep Oct Nov Dec
2013: Jan Feb Mar Apr May Jun Jul Aug Sep Oct Nov Dec
2012: Jan Feb Mar Apr May Jun Jul Aug Sep Oct Nov Dec
2011: Jan Feb Mar Apr May Jun Jul Aug Sep Oct Nov Dec
2010: Jan Feb Mar Apr May Jun Jul Aug Sep Oct Nov Dec
2009: Jan Feb Mar Apr May Jun Jul Aug Sep Oct Nov Dec
2008: Jan Feb Mar Apr May Jun Jul Aug Sep Oct Nov Dec
2007: Jan Feb Mar Apr May Jun Jul Aug Sep Oct Nov Dec
2006: Jan Feb Mar Apr May Jun Jul Aug Sep Oct Nov Dec
2005: Jan Feb Mar Apr May Jun Jul Aug Sep Oct Nov Dec
2024: Jan Feb Mar Apr May Jun Jul Aug Sep Oct Nov Dec
2023: Jan Feb Mar Apr May Jun Jul Aug Sep Oct Nov Dec
2022: Jan Feb Mar Apr May Jun Jul Aug Sep Oct Nov Dec
2021: Jan Feb Mar Apr May Jun Jul Aug Sep Oct Nov Dec
2020: Jan Feb Mar Apr May Jun Jul Aug Sep Oct Nov Dec
2019: Jan Feb Mar Apr May Jun Jul Aug Sep Oct Nov Dec
2018: Jan Feb Mar Apr May Jun Jul Aug Sep Oct Nov Dec
2017: Jan Feb Mar Apr May Jun Jul Aug Sep Oct Nov Dec
2016: Jan Feb Mar Apr May Jun Jul Aug Sep Oct Nov Dec
2015: Jan Feb Mar Apr May Jun Jul Aug Sep Oct Nov Dec
2014: Jan Feb Mar Apr May Jun Jul Aug Sep Oct Nov Dec
2013: Jan Feb Mar Apr May Jun Jul Aug Sep Oct Nov Dec
2012: Jan Feb Mar Apr May Jun Jul Aug Sep Oct Nov Dec
2011: Jan Feb Mar Apr May Jun Jul Aug Sep Oct Nov Dec
2010: Jan Feb Mar Apr May Jun Jul Aug Sep Oct Nov Dec
2009: Jan Feb Mar Apr May Jun Jul Aug Sep Oct Nov Dec
2008: Jan Feb Mar Apr May Jun Jul Aug Sep Oct Nov Dec
2007: Jan Feb Mar Apr May Jun Jul Aug Sep Oct Nov Dec
2006: Jan Feb Mar Apr May Jun Jul Aug Sep Oct Nov Dec
2005: Jan Feb Mar Apr May Jun Jul Aug Sep Oct Nov Dec
Report for 2023 December
Daily noaa report MONTHLY CLIMATOLOGICAL SUMMARY for DEC. 2023 NAME: Woodbridge CITY: Sachse STATE: Texas ELEV: 502 LAT: 032:60:00 LONG: 0096:57:00 TEMPERATURE ( °F), RAIN (in.), WIND SPEED (mph) HEAT COOL AVG MEAN DEG DEG WIND DOM DAY TEMP HIGH TIME LOW TIME DAYS DAYS RAIN SPEED HIGH TIME DIR -------------------------------------------------------------------------------------------------------- 01 50.5 059.3 00:06 42.7 00:00 14.4 00.0 00.00 03.2 13.8 09:03 NW 02 49.4 063.4 13:56 38.4 07:36 15.5 00.0 00.00 01.5 11.5 15:09 SSE 03 54.2 071.2 15:22 35.9 07:45 10.7 00.0 00.00 03.2 20.7 16:03 SW 04 51.1 062.4 15:15 38.7 07:00 13.9 00.0 00.00 02.4 11.5 11:16 NNW 05 51.6 069.4 13:36 36.1 07:44 13.3 00.0 00.00 01.5 12.7 14:12 NW 06 50.0 062.3 16:06 39.6 03:25 15.0 00.0 00.00 02.4 11.5 15:22 SSE 07 57.2 069.8 14:10 44.7 06:03 07.8 00.0 00.00 06.9 25.3 15:10 S 08 68.3 077.6 14:19 59.0 00:02 00.0 03.3 00.00 07.6 24.1 12:38 SSW 09 57.8 065.2 14:23 46.0 00:00 07.1 00.0 00.00 07.4 24.1 18:13 NNW 10 43.0 052.9 14:09 34.1 23:17 21.9 00.0 00.00 04.2 17.3 02:24 NW 11 48.3 062.9 15:23 35.6 06:11 16.6 00.0 00.00 02.9 12.7 09:20 S 12 50.9 064.0 15:03 37.0 07:48 14.0 00.0 00.00 02.8 14.9 15:12 SSE 13 51.4 061.5 14:25 44.8 05:50 13.5 00.0 00.00 03.4 18.4 14:44 E 14 52.7 063.2 16:23 43.3 07:39 12.2 00.0 00.00 04.2 16.1 21:47 E 15 52.4 057.7 00:33 45.3 00:00 12.5 00.0 00.66 03.8 18.4 02:25 SE 16 47.0 058.2 14:24 37.8 00:00 18.0 00.0 00.00 03.6 18.4 14:44 NW 17 48.1 068.0 16:04 32.9 06:27 16.9 00.0 00.00 01.4 13.8 12:33 SSW 18 50.9 060.9 15:01 38.4 00:00 14.0 00.0 00.00 04.5 18.4 12:36 N 19 45.8 057.3 15:36 33.3 03:09 19.2 00.0 00.00 04.2 14.9 14:33 SE 20 54.8 065.5 15:31 45.2 00:45 10.1 00.0 00.00 05.0 16.1 13:08 SSE 21 56.7 059.0 12:14 55.0 23:18 08.3 00.0 00.47 02.9 11.5 11:20 SSE 22 59.6 068.1 16:09 55.1 00:01 05.3 00.0 00.37 02.9 11.5 23:34 SSE 23 60.7 064.3 16:34 58.5 07:06 04.3 00.0 00.34 04.5 19.6 23:48 SE 24 59.4 065.3 16:27 46.9 23:53 05.5 00.0 02.10 06.0 26.4 23:07 SSW 25 43.7 049.8 15:16 37.5 00:00 21.3 00.0 00.00 06.1 24.1 01:47 WNW 26 42.3 053.9 15:39 28.6 07:29 22.6 00.0 00.00 03.2 19.6 14:50 SSW 27 43.0 049.9 14:46 36.5 05:26 21.9 00.0 00.00 04.5 20.7 15:22 NW 28 40.4 046.8 14:44 34.7 03:14 24.6 00.0 00.00 05.2 19.6 11:07 NNW 29 42.7 055.1 15:04 32.2 07:30 22.3 00.0 00.00 03.9 19.6 14:22 WNW 30 46.3 062.9 15:28 29.5 06:29 18.7 00.0 00.00 01.6 11.5 15:02 SW 31 48.8 066.0 15:01 37.1 01:50 16.1 00.0 00.00 02.9 18.4 22:36 NNE -------------------------------------------------------------------------------------------------------- 50.9 (51.2) 77.6 day 08 28.6 day 26 437.5 003.3 03.94 03.9 26.5 day 24 SW Min < 86: 31 Max Rain: 2.10 ON 24-12-24 Days of Rain: 5 (> .008in) 5 (> .08in) 1 (> 0.8in)