NOAA-Style Climate Reports
Select a Year or Month report
2024: Jan Feb Mar Apr May Jun Jul Aug Sep Oct Nov Dec
2023: Jan Feb Mar Apr May Jun Jul Aug Sep Oct Nov Dec
2022: Jan Feb Mar Apr May Jun Jul Aug Sep Oct Nov Dec
2021: Jan Feb Mar Apr May Jun Jul Aug Sep Oct Nov Dec
2020: Jan Feb Mar Apr May Jun Jul Aug Sep Oct Nov Dec
2019: Jan Feb Mar Apr May Jun Jul Aug Sep Oct Nov Dec
2018: Jan Feb Mar Apr May Jun Jul Aug Sep Oct Nov Dec
2017: Jan Feb Mar Apr May Jun Jul Aug Sep Oct Nov Dec
2016: Jan Feb Mar Apr May Jun Jul Aug Sep Oct Nov Dec
2015: Jan Feb Mar Apr May Jun Jul Aug Sep Oct Nov Dec
2014: Jan Feb Mar Apr May Jun Jul Aug Sep Oct Nov Dec
2013: Jan Feb Mar Apr May Jun Jul Aug Sep Oct Nov Dec
2012: Jan Feb Mar Apr May Jun Jul Aug Sep Oct Nov Dec
2011: Jan Feb Mar Apr May Jun Jul Aug Sep Oct Nov Dec
2010: Jan Feb Mar Apr May Jun Jul Aug Sep Oct Nov Dec
2009: Jan Feb Mar Apr May Jun Jul Aug Sep Oct Nov Dec
2008: Jan Feb Mar Apr May Jun Jul Aug Sep Oct Nov Dec
2007: Jan Feb Mar Apr May Jun Jul Aug Sep Oct Nov Dec
2006: Jan Feb Mar Apr May Jun Jul Aug Sep Oct Nov Dec
2005: Jan Feb Mar Apr May Jun Jul Aug Sep Oct Nov Dec
2024: Jan Feb Mar Apr May Jun Jul Aug Sep Oct Nov Dec
2023: Jan Feb Mar Apr May Jun Jul Aug Sep Oct Nov Dec
2022: Jan Feb Mar Apr May Jun Jul Aug Sep Oct Nov Dec
2021: Jan Feb Mar Apr May Jun Jul Aug Sep Oct Nov Dec
2020: Jan Feb Mar Apr May Jun Jul Aug Sep Oct Nov Dec
2019: Jan Feb Mar Apr May Jun Jul Aug Sep Oct Nov Dec
2018: Jan Feb Mar Apr May Jun Jul Aug Sep Oct Nov Dec
2017: Jan Feb Mar Apr May Jun Jul Aug Sep Oct Nov Dec
2016: Jan Feb Mar Apr May Jun Jul Aug Sep Oct Nov Dec
2015: Jan Feb Mar Apr May Jun Jul Aug Sep Oct Nov Dec
2014: Jan Feb Mar Apr May Jun Jul Aug Sep Oct Nov Dec
2013: Jan Feb Mar Apr May Jun Jul Aug Sep Oct Nov Dec
2012: Jan Feb Mar Apr May Jun Jul Aug Sep Oct Nov Dec
2011: Jan Feb Mar Apr May Jun Jul Aug Sep Oct Nov Dec
2010: Jan Feb Mar Apr May Jun Jul Aug Sep Oct Nov Dec
2009: Jan Feb Mar Apr May Jun Jul Aug Sep Oct Nov Dec
2008: Jan Feb Mar Apr May Jun Jul Aug Sep Oct Nov Dec
2007: Jan Feb Mar Apr May Jun Jul Aug Sep Oct Nov Dec
2006: Jan Feb Mar Apr May Jun Jul Aug Sep Oct Nov Dec
2005: Jan Feb Mar Apr May Jun Jul Aug Sep Oct Nov Dec
Report for 2024 March
Daily noaa report MONTHLY CLIMATOLOGICAL SUMMARY for MAR. 2024 NAME: Woodbridge CITY: Sachse STATE: Texas ELEV: 502 LAT: 032:60:00 LONG: 0096:57:00 TEMPERATURE ( °F), RAIN (in.), WIND SPEED (mph) HEAT COOL AVG MEAN DEG DEG WIND DOM DAY TEMP HIGH TIME LOW TIME DAYS DAYS RAIN SPEED HIGH TIME DIR -------------------------------------------------------------------------------------------------------- 01 52.4 064.8 16:29 41.9 05:47 12.6 00.0 00.00 04.5 13.8 15:25 SSE 02 64.0 081.5 15:23 51.2 07:03 00.9 00.0 00.00 07.0 24.1 15:33 S 03 69.0 078.7 15:48 61.6 07:16 00.0 04.0 00.00 08.4 21.9 13:13 S 04 71.9 082.0 14:54 64.7 03:29 00.0 07.0 00.00 05.6 20.7 12:51 S 05 68.4 079.5 15:41 60.0 05:14 00.0 03.4 00.00 02.8 18.4 17:37 E 06 64.2 074.5 17:04 52.1 07:05 00.8 00.0 00.06 04.6 36.8 22:31 SE 07 64.0 067.8 00:02 59.9 19:03 00.9 00.0 01.63 04.1 29.9 17:21 SE 08 59.1 070.7 14:41 43.8 00:00 05.8 00.0 00.38 06.6 25.3 19:39 N 09 49.2 058.7 16:34 42.6 07:08 15.7 00.0 00.00 08.3 25.3 04:39 NNW 10 51.2 062.5 17:31 37.6 08:04 13.7 00.0 00.00 01.5 11.5 16:45 ESE 11 55.4 068.6 16:38 43.1 05:33 09.5 00.0 00.06 03.5 16.1 17:11 SSE 12 63.6 073.9 17:12 53.0 06:03 01.3 00.0 00.00 06.6 26.4 15:16 S 13 69.9 078.7 15:16 62.5 03:18 00.0 05.0 00.00 07.8 24.1 17:04 S 14 72.3 079.0 17:28 67.7 00:00 00.0 07.4 00.00 05.4 18.4 16:00 S 15 60.5 067.9 01:38 56.0 09:20 04.5 00.0 00.37 06.5 24.1 15:16 N 16 58.7 062.4 13:42 55.5 03:29 06.2 00.0 01.21 03.1 19.6 13:19 NE 17 59.5 065.9 16:02 54.9 00:00 05.5 00.0 00.01 05.7 18.4 14:39 NNE 18 52.3 057.9 16:39 44.2 00:00 12.7 00.0 00.00 05.1 19.6 15:20 NNE 19 51.1 065.3 17:00 34.9 07:26 13.8 00.0 00.00 02.9 13.8 18:07 S 20 60.5 071.6 14:34 50.8 08:14 04.5 00.0 00.00 04.3 17.3 17:35 S 21 59.9 065.1 12:18 57.7 22:26 05.1 00.0 01.44 04.3 16.1 19:08 SSE 22 59.6 066.2 17:47 56.5 23:00 05.3 00.0 00.00 03.5 19.6 15:28 N 23 57.6 066.3 16:25 47.0 08:06 07.3 00.0 00.00 04.5 17.3 06:42 NNE 24 61.9 066.3 15:30 56.4 08:41 03.1 00.0 00.00 09.7 29.9 13:40 SSE 25 61.1 074.3 17:10 46.7 00:00 03.8 00.0 00.95 06.5 27.6 19:44 WSW 26 48.3 058.4 17:36 38.2 07:32 16.6 00.0 00.00 04.9 18.4 09:07 NW 27 52.6 064.0 17:34 41.9 06:46 12.4 00.0 00.00 02.5 12.7 11:17 ENE 28 58.0 072.0 17:05 41.8 07:57 07.0 00.0 00.00 03.4 17.3 18:30 SSE 29 65.9 076.1 16:43 57.1 06:32 00.0 01.0 00.00 09.2 32.2 13:15 S 30 68.6 075.5 16:45 62.8 08:34 00.0 03.7 00.00 07.7 20.7 15:45 S 31 70.4 076.8 17:11 65.1 08:13 00.0 05.4 00.00 06.4 19.6 15:57 S -------------------------------------------------------------------------------------------------------- 60.7 (61.0) 82.0 day 04 34.9 day 19 169.0 037.0 06.06 05.4 36.8 day 06 SSE Min < 86: 31 Max Rain: 1.63 ON 7-03-24 Days of Rain: 9 (> .008in) 6 (> .08in) 4 (> 0.8in)